{"id":32493,"date":"2025-10-16T11:16:58","date_gmt":"2025-10-16T09:16:58","guid":{"rendered":"https:\/\/www.eveline.hu\/2016\/?post_type=product&#038;p=32493"},"modified":"2026-02-03T11:58:10","modified_gmt":"2026-02-03T10:58:10","slug":"cica-skin-nyugtato-arctisztito-gel-olaj-145ml","status":"publish","type":"product","link":"https:\/\/www.eveline.hu\/2016\/eveline-kozmetikumok-szepsegapolas\/termekcsaladok\/cica-skin\/cica-skin-nyugtato-arctisztito-gel-olaj-145ml\/","title":{"rendered":"CICA SKIN Nyugtat\u00f3 Arctiszt\u00edt\u00f3 g\u00e9l-olaj 145ml"},"content":{"rendered":"<p>Alaposan elt\u00e1vol\u00edtja a szennyez\u0151d\u00e9seket,<\/p>\n<p>a felesleges faggy\u00fat \u00e9s a sminket, \u00edgy a b\u0151r<\/p>\n<p>ide\u00e1lisan sima \u00e9s nyugodt lesz. A formula<\/p>\n<p>gyeng\u00e9den tiszt\u00edtja a b\u0151rt, nem fosztva meg<\/p>\n<p>term\u00e9szetes v\u00e9d\u0151r\u00e9teg\u00e9t\u0151l. A 4 f\u00e9le CICA<\/p>\n<p>kombin\u00e1ci\u00f3j\u00e1nak (CICA exosomes, CICA bio<\/p>\n<p>ferment, CICA extract, madecassoside), az 5<\/p>\n<p>n\u00f6veked\u00e9si faktorral (EGF\/ IGF-1\/bFGF\/VEGF\/aFGF)<\/p>\n<p>\u00e9s NP ceramiddal d\u00fas\u00edtott \u00f6sszet\u00e9tel\u00e9nek k\u00f6sz\u00f6nhet\u0151en,<\/p>\n<p>intenz\u00edven regener\u00e1l, m\u00e9lyen hidrat\u00e1l \u00e9s megnyugtatja a b\u0151rp\u00edrt.<\/p>\n<p><strong>Alkalmaz\u00e1s<\/strong>: A term\u00e9ket az eg\u00e9sz arcra kenje fel, massz\u00edrozza be, majd<\/p>\n<p>meleg v\u00edzzel mossa le. A term\u00e9k ide\u00e1lis sminkelt\u00e1vol\u00edt\u00e1sra<\/p>\n","protected":false},"excerpt":{"rendered":"<p>Alaposan elt\u00e1vol\u00edtja a szennyez\u0151d\u00e9seket, a felesleges faggy\u00fat \u00e9s a sminket, \u00edgy a b\u0151r ide\u00e1lisan sima \u00e9s nyugodt lesz. A formula gyeng\u00e9den tiszt\u00edtja a b\u0151rt, nem fosztva meg term\u00e9szetes v\u00e9d\u0151r\u00e9teg\u00e9t\u0151l. A 4 f\u00e9le CICA kombin\u00e1ci\u00f3j\u00e1nak (CICA exosomes, CICA bio ferment, CICA [&hellip;]<\/p>\n","protected":false},"featured_media":32494,"comment_status":"open","ping_status":"closed","template":"","meta":[],"product_cat":[308,80],"product_tag":[],"yoast_head":"<!-- This site is optimized with the Yoast SEO plugin v22.2 - https:\/\/yoast.com\/wordpress\/plugins\/seo\/ -->\n<title>CICA SKIN Nyugtat\u00f3 Arctiszt\u00edt\u00f3 g\u00e9l-olaj 145ml - Eveline Cosmetics Magyarorsz\u00e1g<\/title>\n<meta name=\"robots\" content=\"index, follow, max-snippet:-1, max-image-preview:large, max-video-preview:-1\" \/>\n<link rel=\"canonical\" href=\"https:\/\/www.eveline.hu\/2016\/eveline-kozmetikumok-szepsegapolas\/termekcsaladok\/cica-skin\/cica-skin-nyugtato-arctisztito-gel-olaj-145ml\/\" \/>\n<meta property=\"og:locale\" content=\"hu_HU\" \/>\n<meta property=\"og:type\" content=\"article\" \/>\n<meta property=\"og:title\" content=\"CICA SKIN Nyugtat\u00f3 Arctiszt\u00edt\u00f3 g\u00e9l-olaj 145ml - Eveline Cosmetics Magyarorsz\u00e1g\" \/>\n<meta property=\"og:description\" content=\"Alaposan elt\u00e1vol\u00edtja a szennyez\u0151d\u00e9seket, a felesleges faggy\u00fat \u00e9s a sminket, \u00edgy a b\u0151r ide\u00e1lisan sima \u00e9s nyugodt lesz. A formula gyeng\u00e9den tiszt\u00edtja a b\u0151rt, nem fosztva meg term\u00e9szetes v\u00e9d\u0151r\u00e9teg\u00e9t\u0151l. A 4 f\u00e9le CICA kombin\u00e1ci\u00f3j\u00e1nak (CICA exosomes, CICA bio ferment, CICA [&hellip;]\" \/>\n<meta property=\"og:url\" content=\"https:\/\/www.eveline.hu\/2016\/eveline-kozmetikumok-szepsegapolas\/termekcsaladok\/cica-skin\/cica-skin-nyugtato-arctisztito-gel-olaj-145ml\/\" \/>\n<meta property=\"og:site_name\" content=\"Eveline Cosmetics Magyarorsz\u00e1g\" \/>\n<meta property=\"article:modified_time\" content=\"2026-02-03T10:58:10+00:00\" \/>\n<meta property=\"og:image\" content=\"https:\/\/www.eveline.hu\/2016\/wp-content\/uploads\/2025\/10\/5903416073888-CICA-SKIN-SOOTHING-FACE-CLEANSING-GEL-OIL-145ML-w.png\" \/>\n\t<meta property=\"og:image:width\" content=\"750\" \/>\n\t<meta property=\"og:image:height\" content=\"750\" \/>\n\t<meta property=\"og:image:type\" content=\"image\/png\" \/>\n<meta name=\"twitter:card\" content=\"summary_large_image\" \/>\n<meta name=\"twitter:label1\" content=\"Becs\u00fclt olvas\u00e1si id\u0151\" \/>\n\t<meta name=\"twitter:data1\" content=\"1 perc\" \/>\n<script type=\"application\/ld+json\" class=\"yoast-schema-graph\">{\"@context\":\"https:\/\/schema.org\",\"@graph\":[{\"@type\":\"WebPage\",\"@id\":\"https:\/\/www.eveline.hu\/2016\/eveline-kozmetikumok-szepsegapolas\/termekcsaladok\/cica-skin\/cica-skin-nyugtato-arctisztito-gel-olaj-145ml\/\",\"url\":\"https:\/\/www.eveline.hu\/2016\/eveline-kozmetikumok-szepsegapolas\/termekcsaladok\/cica-skin\/cica-skin-nyugtato-arctisztito-gel-olaj-145ml\/\",\"name\":\"CICA SKIN Nyugtat\u00f3 Arctiszt\u00edt\u00f3 g\u00e9l-olaj 145ml - Eveline Cosmetics Magyarorsz\u00e1g\",\"isPartOf\":{\"@id\":\"https:\/\/www.eveline.hu\/2016\/#website\"},\"primaryImageOfPage\":{\"@id\":\"https:\/\/www.eveline.hu\/2016\/eveline-kozmetikumok-szepsegapolas\/termekcsaladok\/cica-skin\/cica-skin-nyugtato-arctisztito-gel-olaj-145ml\/#primaryimage\"},\"image\":{\"@id\":\"https:\/\/www.eveline.hu\/2016\/eveline-kozmetikumok-szepsegapolas\/termekcsaladok\/cica-skin\/cica-skin-nyugtato-arctisztito-gel-olaj-145ml\/#primaryimage\"},\"thumbnailUrl\":\"https:\/\/www.eveline.hu\/2016\/wp-content\/uploads\/2025\/10\/5903416073888-CICA-SKIN-SOOTHING-FACE-CLEANSING-GEL-OIL-145ML-w.png\",\"datePublished\":\"2025-10-16T09:16:58+00:00\",\"dateModified\":\"2026-02-03T10:58:10+00:00\",\"breadcrumb\":{\"@id\":\"https:\/\/www.eveline.hu\/2016\/eveline-kozmetikumok-szepsegapolas\/termekcsaladok\/cica-skin\/cica-skin-nyugtato-arctisztito-gel-olaj-145ml\/#breadcrumb\"},\"inLanguage\":\"hu\",\"potentialAction\":[{\"@type\":\"ReadAction\",\"target\":[\"https:\/\/www.eveline.hu\/2016\/eveline-kozmetikumok-szepsegapolas\/termekcsaladok\/cica-skin\/cica-skin-nyugtato-arctisztito-gel-olaj-145ml\/\"]}]},{\"@type\":\"ImageObject\",\"inLanguage\":\"hu\",\"@id\":\"https:\/\/www.eveline.hu\/2016\/eveline-kozmetikumok-szepsegapolas\/termekcsaladok\/cica-skin\/cica-skin-nyugtato-arctisztito-gel-olaj-145ml\/#primaryimage\",\"url\":\"https:\/\/www.eveline.hu\/2016\/wp-content\/uploads\/2025\/10\/5903416073888-CICA-SKIN-SOOTHING-FACE-CLEANSING-GEL-OIL-145ML-w.png\",\"contentUrl\":\"https:\/\/www.eveline.hu\/2016\/wp-content\/uploads\/2025\/10\/5903416073888-CICA-SKIN-SOOTHING-FACE-CLEANSING-GEL-OIL-145ML-w.png\",\"width\":750,\"height\":750},{\"@type\":\"BreadcrumbList\",\"@id\":\"https:\/\/www.eveline.hu\/2016\/eveline-kozmetikumok-szepsegapolas\/termekcsaladok\/cica-skin\/cica-skin-nyugtato-arctisztito-gel-olaj-145ml\/#breadcrumb\",\"itemListElement\":[{\"@type\":\"ListItem\",\"position\":1,\"name\":\"Home\",\"item\":\"https:\/\/www.eveline.hu\/2016\/\"},{\"@type\":\"ListItem\",\"position\":2,\"name\":\"Term\u00e9kek\",\"item\":\"https:\/\/www.eveline.hu\/2016\/shop\/\"},{\"@type\":\"ListItem\",\"position\":3,\"name\":\"CICA SKIN Nyugtat\u00f3 Arctiszt\u00edt\u00f3 g\u00e9l-olaj 145ml\"}]},{\"@type\":\"WebSite\",\"@id\":\"https:\/\/www.eveline.hu\/2016\/#website\",\"url\":\"https:\/\/www.eveline.hu\/2016\/\",\"name\":\"Eveline Cosmetics Magyarorsz\u00e1g\",\"description\":\"Min\u0151s\u00e9gi kozmetikumok Lengyelorsz\u00e1gb\u00f3l\",\"potentialAction\":[{\"@type\":\"SearchAction\",\"target\":{\"@type\":\"EntryPoint\",\"urlTemplate\":\"https:\/\/www.eveline.hu\/2016\/?s={search_term_string}\"},\"query-input\":\"required name=search_term_string\"}],\"inLanguage\":\"hu\"}]}<\/script>\n<!-- \/ Yoast SEO plugin. -->","yoast_head_json":{"title":"CICA SKIN Nyugtat\u00f3 Arctiszt\u00edt\u00f3 g\u00e9l-olaj 145ml - Eveline Cosmetics Magyarorsz\u00e1g","robots":{"index":"index","follow":"follow","max-snippet":"max-snippet:-1","max-image-preview":"max-image-preview:large","max-video-preview":"max-video-preview:-1"},"canonical":"https:\/\/www.eveline.hu\/2016\/eveline-kozmetikumok-szepsegapolas\/termekcsaladok\/cica-skin\/cica-skin-nyugtato-arctisztito-gel-olaj-145ml\/","og_locale":"hu_HU","og_type":"article","og_title":"CICA SKIN Nyugtat\u00f3 Arctiszt\u00edt\u00f3 g\u00e9l-olaj 145ml - Eveline Cosmetics Magyarorsz\u00e1g","og_description":"Alaposan elt\u00e1vol\u00edtja a szennyez\u0151d\u00e9seket, a felesleges faggy\u00fat \u00e9s a sminket, \u00edgy a b\u0151r ide\u00e1lisan sima \u00e9s nyugodt lesz. A formula gyeng\u00e9den tiszt\u00edtja a b\u0151rt, nem fosztva meg term\u00e9szetes v\u00e9d\u0151r\u00e9teg\u00e9t\u0151l. A 4 f\u00e9le CICA kombin\u00e1ci\u00f3j\u00e1nak (CICA exosomes, CICA bio ferment, CICA [&hellip;]","og_url":"https:\/\/www.eveline.hu\/2016\/eveline-kozmetikumok-szepsegapolas\/termekcsaladok\/cica-skin\/cica-skin-nyugtato-arctisztito-gel-olaj-145ml\/","og_site_name":"Eveline Cosmetics Magyarorsz\u00e1g","article_modified_time":"2026-02-03T10:58:10+00:00","og_image":[{"width":750,"height":750,"url":"https:\/\/www.eveline.hu\/2016\/wp-content\/uploads\/2025\/10\/5903416073888-CICA-SKIN-SOOTHING-FACE-CLEANSING-GEL-OIL-145ML-w.png","type":"image\/png"}],"twitter_card":"summary_large_image","twitter_misc":{"Becs\u00fclt olvas\u00e1si id\u0151":"1 perc"},"schema":{"@context":"https:\/\/schema.org","@graph":[{"@type":"WebPage","@id":"https:\/\/www.eveline.hu\/2016\/eveline-kozmetikumok-szepsegapolas\/termekcsaladok\/cica-skin\/cica-skin-nyugtato-arctisztito-gel-olaj-145ml\/","url":"https:\/\/www.eveline.hu\/2016\/eveline-kozmetikumok-szepsegapolas\/termekcsaladok\/cica-skin\/cica-skin-nyugtato-arctisztito-gel-olaj-145ml\/","name":"CICA SKIN Nyugtat\u00f3 Arctiszt\u00edt\u00f3 g\u00e9l-olaj 145ml - Eveline Cosmetics Magyarorsz\u00e1g","isPartOf":{"@id":"https:\/\/www.eveline.hu\/2016\/#website"},"primaryImageOfPage":{"@id":"https:\/\/www.eveline.hu\/2016\/eveline-kozmetikumok-szepsegapolas\/termekcsaladok\/cica-skin\/cica-skin-nyugtato-arctisztito-gel-olaj-145ml\/#primaryimage"},"image":{"@id":"https:\/\/www.eveline.hu\/2016\/eveline-kozmetikumok-szepsegapolas\/termekcsaladok\/cica-skin\/cica-skin-nyugtato-arctisztito-gel-olaj-145ml\/#primaryimage"},"thumbnailUrl":"https:\/\/www.eveline.hu\/2016\/wp-content\/uploads\/2025\/10\/5903416073888-CICA-SKIN-SOOTHING-FACE-CLEANSING-GEL-OIL-145ML-w.png","datePublished":"2025-10-16T09:16:58+00:00","dateModified":"2026-02-03T10:58:10+00:00","breadcrumb":{"@id":"https:\/\/www.eveline.hu\/2016\/eveline-kozmetikumok-szepsegapolas\/termekcsaladok\/cica-skin\/cica-skin-nyugtato-arctisztito-gel-olaj-145ml\/#breadcrumb"},"inLanguage":"hu","potentialAction":[{"@type":"ReadAction","target":["https:\/\/www.eveline.hu\/2016\/eveline-kozmetikumok-szepsegapolas\/termekcsaladok\/cica-skin\/cica-skin-nyugtato-arctisztito-gel-olaj-145ml\/"]}]},{"@type":"ImageObject","inLanguage":"hu","@id":"https:\/\/www.eveline.hu\/2016\/eveline-kozmetikumok-szepsegapolas\/termekcsaladok\/cica-skin\/cica-skin-nyugtato-arctisztito-gel-olaj-145ml\/#primaryimage","url":"https:\/\/www.eveline.hu\/2016\/wp-content\/uploads\/2025\/10\/5903416073888-CICA-SKIN-SOOTHING-FACE-CLEANSING-GEL-OIL-145ML-w.png","contentUrl":"https:\/\/www.eveline.hu\/2016\/wp-content\/uploads\/2025\/10\/5903416073888-CICA-SKIN-SOOTHING-FACE-CLEANSING-GEL-OIL-145ML-w.png","width":750,"height":750},{"@type":"BreadcrumbList","@id":"https:\/\/www.eveline.hu\/2016\/eveline-kozmetikumok-szepsegapolas\/termekcsaladok\/cica-skin\/cica-skin-nyugtato-arctisztito-gel-olaj-145ml\/#breadcrumb","itemListElement":[{"@type":"ListItem","position":1,"name":"Home","item":"https:\/\/www.eveline.hu\/2016\/"},{"@type":"ListItem","position":2,"name":"Term\u00e9kek","item":"https:\/\/www.eveline.hu\/2016\/shop\/"},{"@type":"ListItem","position":3,"name":"CICA SKIN Nyugtat\u00f3 Arctiszt\u00edt\u00f3 g\u00e9l-olaj 145ml"}]},{"@type":"WebSite","@id":"https:\/\/www.eveline.hu\/2016\/#website","url":"https:\/\/www.eveline.hu\/2016\/","name":"Eveline Cosmetics Magyarorsz\u00e1g","description":"Min\u0151s\u00e9gi kozmetikumok Lengyelorsz\u00e1gb\u00f3l","potentialAction":[{"@type":"SearchAction","target":{"@type":"EntryPoint","urlTemplate":"https:\/\/www.eveline.hu\/2016\/?s={search_term_string}"},"query-input":"required name=search_term_string"}],"inLanguage":"hu"}]}},"_links":{"self":[{"href":"https:\/\/www.eveline.hu\/2016\/wp-json\/wp\/v2\/product\/32493"}],"collection":[{"href":"https:\/\/www.eveline.hu\/2016\/wp-json\/wp\/v2\/product"}],"about":[{"href":"https:\/\/www.eveline.hu\/2016\/wp-json\/wp\/v2\/types\/product"}],"replies":[{"embeddable":true,"href":"https:\/\/www.eveline.hu\/2016\/wp-json\/wp\/v2\/comments?post=32493"}],"wp:featuredmedia":[{"embeddable":true,"href":"https:\/\/www.eveline.hu\/2016\/wp-json\/wp\/v2\/media\/32494"}],"wp:attachment":[{"href":"https:\/\/www.eveline.hu\/2016\/wp-json\/wp\/v2\/media?parent=32493"}],"wp:term":[{"taxonomy":"product_cat","embeddable":true,"href":"https:\/\/www.eveline.hu\/2016\/wp-json\/wp\/v2\/product_cat?post=32493"},{"taxonomy":"product_tag","embeddable":true,"href":"https:\/\/www.eveline.hu\/2016\/wp-json\/wp\/v2\/product_tag?post=32493"}],"curies":[{"name":"wp","href":"https:\/\/api.w.org\/{rel}","templated":true}]}}