{"id":32369,"date":"2025-09-15T13:38:23","date_gmt":"2025-09-15T11:38:23","guid":{"rendered":"https:\/\/www.eveline.hu\/2016\/?post_type=product&#038;p=32369"},"modified":"2025-09-15T13:38:24","modified_gmt":"2025-09-15T11:38:24","slug":"face-therapy-enzimek-ampulla-peeling-8ml","status":"publish","type":"product","link":"https:\/\/www.eveline.hu\/2016\/eveline-kozmetikumok-szepsegapolas\/termekcsaladok\/arcmaszkok\/face-therapy-enzimek-ampulla-peeling-8ml\/","title":{"rendered":"FACE THERAPY Enzimek ampulla peeling 8ml"},"content":{"rendered":"<p>Professzion\u00e1lis, g\u00e9les enzimes peeling minden t\u00edpus\u00fa b\u0151r \u00e1pol\u00e1s\u00e1ra, \u00e9rz\u00e9kenyre is.<\/p>\n<p>Gyeng\u00e9den h\u00e1mlasztja az elhalt h\u00e1msejteket, m\u00e9lyen tiszt\u00edtja \u00e9s felszabad\u00edtja a p\u00f3rusokat.<\/p>\n<p>A b\u0151r kisimult, ragyog\u00f3 \u00e9s felfriss\u00fclt lesz.<\/p>\n<p>4 enzim hat\u00e9konys\u00e1ga: papain, bromelain, ficin, t\u00f6k.<\/p>\n<p>A n\u00f6v\u00e9nyi enzimek komplexe hat\u00e9konyan egys\u00e9ges\u00edti az arcsz\u00ednt \u00e9s nyugtatja a b\u0151rt, helyre\u00e1ll\u00edtva puhas\u00e1g\u00e1t \u00e9s rugalmass\u00e1g\u00e1t.<\/p>\n<p><strong>Alkalmaz\u00e1s<\/strong>: a peeling felhelyez\u00e9se el\u0151tt nedves\u00edtse be az arc\u00e1t v\u00edzzel, majd vigye fel a term\u00e9ket egyenletesen az arcb\u0151rre mint egy maszkot \u00e9s hagyja a b\u0151r\u00f6n 5-10 percig. Ezut\u00e1n langyos v\u00edzzel mossa le. Haszn\u00e1lja 1-2 alkalommal hetente.<\/p>\n","protected":false},"excerpt":{"rendered":"<p>Professzion\u00e1lis, g\u00e9les enzimes peeling minden t\u00edpus\u00fa b\u0151r \u00e1pol\u00e1s\u00e1ra, \u00e9rz\u00e9kenyre is. Gyeng\u00e9den h\u00e1mlasztja az elhalt h\u00e1msejteket, m\u00e9lyen tiszt\u00edtja \u00e9s felszabad\u00edtja a p\u00f3rusokat. A b\u0151r kisimult, ragyog\u00f3 \u00e9s felfriss\u00fclt lesz. 4 enzim hat\u00e9konys\u00e1ga: papain, bromelain, ficin, t\u00f6k. A n\u00f6v\u00e9nyi enzimek komplexe hat\u00e9konyan [&hellip;]<\/p>\n","protected":false},"featured_media":32370,"comment_status":"open","ping_status":"closed","template":"","meta":[],"product_cat":[80,87],"product_tag":[],"yoast_head":"<!-- This site is optimized with the Yoast SEO plugin v22.2 - https:\/\/yoast.com\/wordpress\/plugins\/seo\/ -->\n<title>FACE THERAPY Enzimek ampulla peeling 8ml - Eveline Cosmetics Magyarorsz\u00e1g<\/title>\n<meta name=\"robots\" content=\"index, follow, max-snippet:-1, max-image-preview:large, max-video-preview:-1\" \/>\n<link rel=\"canonical\" href=\"https:\/\/www.eveline.hu\/2016\/eveline-kozmetikumok-szepsegapolas\/termekcsaladok\/arcmaszkok\/face-therapy-enzimek-ampulla-peeling-8ml\/\" \/>\n<meta property=\"og:locale\" content=\"hu_HU\" \/>\n<meta property=\"og:type\" content=\"article\" \/>\n<meta property=\"og:title\" content=\"FACE THERAPY Enzimek ampulla peeling 8ml - Eveline Cosmetics Magyarorsz\u00e1g\" \/>\n<meta property=\"og:description\" content=\"Professzion\u00e1lis, g\u00e9les enzimes peeling minden t\u00edpus\u00fa b\u0151r \u00e1pol\u00e1s\u00e1ra, \u00e9rz\u00e9kenyre is. Gyeng\u00e9den h\u00e1mlasztja az elhalt h\u00e1msejteket, m\u00e9lyen tiszt\u00edtja \u00e9s felszabad\u00edtja a p\u00f3rusokat. A b\u0151r kisimult, ragyog\u00f3 \u00e9s felfriss\u00fclt lesz. 4 enzim hat\u00e9konys\u00e1ga: papain, bromelain, ficin, t\u00f6k. A n\u00f6v\u00e9nyi enzimek komplexe hat\u00e9konyan [&hellip;]\" \/>\n<meta property=\"og:url\" content=\"https:\/\/www.eveline.hu\/2016\/eveline-kozmetikumok-szepsegapolas\/termekcsaladok\/arcmaszkok\/face-therapy-enzimek-ampulla-peeling-8ml\/\" \/>\n<meta property=\"og:site_name\" content=\"Eveline Cosmetics Magyarorsz\u00e1g\" \/>\n<meta property=\"article:modified_time\" content=\"2025-09-15T11:38:24+00:00\" \/>\n<meta property=\"og:image\" content=\"https:\/\/www.eveline.hu\/2016\/wp-content\/uploads\/2025\/09\/5903416073772-FACE-THERAPY-ENZYMES-AMPOULE-PEELING-8ml-w.png\" \/>\n\t<meta property=\"og:image:width\" content=\"750\" \/>\n\t<meta property=\"og:image:height\" content=\"750\" \/>\n\t<meta property=\"og:image:type\" content=\"image\/png\" \/>\n<meta name=\"twitter:card\" content=\"summary_large_image\" \/>\n<meta name=\"twitter:label1\" content=\"Becs\u00fclt olvas\u00e1si id\u0151\" \/>\n\t<meta name=\"twitter:data1\" content=\"1 perc\" \/>\n<script type=\"application\/ld+json\" class=\"yoast-schema-graph\">{\"@context\":\"https:\/\/schema.org\",\"@graph\":[{\"@type\":\"WebPage\",\"@id\":\"https:\/\/www.eveline.hu\/2016\/eveline-kozmetikumok-szepsegapolas\/termekcsaladok\/arcmaszkok\/face-therapy-enzimek-ampulla-peeling-8ml\/\",\"url\":\"https:\/\/www.eveline.hu\/2016\/eveline-kozmetikumok-szepsegapolas\/termekcsaladok\/arcmaszkok\/face-therapy-enzimek-ampulla-peeling-8ml\/\",\"name\":\"FACE THERAPY Enzimek ampulla peeling 8ml - Eveline Cosmetics Magyarorsz\u00e1g\",\"isPartOf\":{\"@id\":\"https:\/\/www.eveline.hu\/2016\/#website\"},\"primaryImageOfPage\":{\"@id\":\"https:\/\/www.eveline.hu\/2016\/eveline-kozmetikumok-szepsegapolas\/termekcsaladok\/arcmaszkok\/face-therapy-enzimek-ampulla-peeling-8ml\/#primaryimage\"},\"image\":{\"@id\":\"https:\/\/www.eveline.hu\/2016\/eveline-kozmetikumok-szepsegapolas\/termekcsaladok\/arcmaszkok\/face-therapy-enzimek-ampulla-peeling-8ml\/#primaryimage\"},\"thumbnailUrl\":\"https:\/\/www.eveline.hu\/2016\/wp-content\/uploads\/2025\/09\/5903416073772-FACE-THERAPY-ENZYMES-AMPOULE-PEELING-8ml-w.png\",\"datePublished\":\"2025-09-15T11:38:23+00:00\",\"dateModified\":\"2025-09-15T11:38:24+00:00\",\"breadcrumb\":{\"@id\":\"https:\/\/www.eveline.hu\/2016\/eveline-kozmetikumok-szepsegapolas\/termekcsaladok\/arcmaszkok\/face-therapy-enzimek-ampulla-peeling-8ml\/#breadcrumb\"},\"inLanguage\":\"hu\",\"potentialAction\":[{\"@type\":\"ReadAction\",\"target\":[\"https:\/\/www.eveline.hu\/2016\/eveline-kozmetikumok-szepsegapolas\/termekcsaladok\/arcmaszkok\/face-therapy-enzimek-ampulla-peeling-8ml\/\"]}]},{\"@type\":\"ImageObject\",\"inLanguage\":\"hu\",\"@id\":\"https:\/\/www.eveline.hu\/2016\/eveline-kozmetikumok-szepsegapolas\/termekcsaladok\/arcmaszkok\/face-therapy-enzimek-ampulla-peeling-8ml\/#primaryimage\",\"url\":\"https:\/\/www.eveline.hu\/2016\/wp-content\/uploads\/2025\/09\/5903416073772-FACE-THERAPY-ENZYMES-AMPOULE-PEELING-8ml-w.png\",\"contentUrl\":\"https:\/\/www.eveline.hu\/2016\/wp-content\/uploads\/2025\/09\/5903416073772-FACE-THERAPY-ENZYMES-AMPOULE-PEELING-8ml-w.png\",\"width\":750,\"height\":750},{\"@type\":\"BreadcrumbList\",\"@id\":\"https:\/\/www.eveline.hu\/2016\/eveline-kozmetikumok-szepsegapolas\/termekcsaladok\/arcmaszkok\/face-therapy-enzimek-ampulla-peeling-8ml\/#breadcrumb\",\"itemListElement\":[{\"@type\":\"ListItem\",\"position\":1,\"name\":\"Home\",\"item\":\"https:\/\/www.eveline.hu\/2016\/\"},{\"@type\":\"ListItem\",\"position\":2,\"name\":\"Term\u00e9kek\",\"item\":\"https:\/\/www.eveline.hu\/2016\/shop\/\"},{\"@type\":\"ListItem\",\"position\":3,\"name\":\"FACE THERAPY Enzimek ampulla peeling 8ml\"}]},{\"@type\":\"WebSite\",\"@id\":\"https:\/\/www.eveline.hu\/2016\/#website\",\"url\":\"https:\/\/www.eveline.hu\/2016\/\",\"name\":\"Eveline Cosmetics Magyarorsz\u00e1g\",\"description\":\"Min\u0151s\u00e9gi kozmetikumok Lengyelorsz\u00e1gb\u00f3l\",\"potentialAction\":[{\"@type\":\"SearchAction\",\"target\":{\"@type\":\"EntryPoint\",\"urlTemplate\":\"https:\/\/www.eveline.hu\/2016\/?s={search_term_string}\"},\"query-input\":\"required name=search_term_string\"}],\"inLanguage\":\"hu\"}]}<\/script>\n<!-- \/ Yoast SEO plugin. -->","yoast_head_json":{"title":"FACE THERAPY Enzimek ampulla peeling 8ml - Eveline Cosmetics Magyarorsz\u00e1g","robots":{"index":"index","follow":"follow","max-snippet":"max-snippet:-1","max-image-preview":"max-image-preview:large","max-video-preview":"max-video-preview:-1"},"canonical":"https:\/\/www.eveline.hu\/2016\/eveline-kozmetikumok-szepsegapolas\/termekcsaladok\/arcmaszkok\/face-therapy-enzimek-ampulla-peeling-8ml\/","og_locale":"hu_HU","og_type":"article","og_title":"FACE THERAPY Enzimek ampulla peeling 8ml - Eveline Cosmetics Magyarorsz\u00e1g","og_description":"Professzion\u00e1lis, g\u00e9les enzimes peeling minden t\u00edpus\u00fa b\u0151r \u00e1pol\u00e1s\u00e1ra, \u00e9rz\u00e9kenyre is. Gyeng\u00e9den h\u00e1mlasztja az elhalt h\u00e1msejteket, m\u00e9lyen tiszt\u00edtja \u00e9s felszabad\u00edtja a p\u00f3rusokat. A b\u0151r kisimult, ragyog\u00f3 \u00e9s felfriss\u00fclt lesz. 4 enzim hat\u00e9konys\u00e1ga: papain, bromelain, ficin, t\u00f6k. A n\u00f6v\u00e9nyi enzimek komplexe hat\u00e9konyan [&hellip;]","og_url":"https:\/\/www.eveline.hu\/2016\/eveline-kozmetikumok-szepsegapolas\/termekcsaladok\/arcmaszkok\/face-therapy-enzimek-ampulla-peeling-8ml\/","og_site_name":"Eveline Cosmetics Magyarorsz\u00e1g","article_modified_time":"2025-09-15T11:38:24+00:00","og_image":[{"width":750,"height":750,"url":"https:\/\/www.eveline.hu\/2016\/wp-content\/uploads\/2025\/09\/5903416073772-FACE-THERAPY-ENZYMES-AMPOULE-PEELING-8ml-w.png","type":"image\/png"}],"twitter_card":"summary_large_image","twitter_misc":{"Becs\u00fclt olvas\u00e1si id\u0151":"1 perc"},"schema":{"@context":"https:\/\/schema.org","@graph":[{"@type":"WebPage","@id":"https:\/\/www.eveline.hu\/2016\/eveline-kozmetikumok-szepsegapolas\/termekcsaladok\/arcmaszkok\/face-therapy-enzimek-ampulla-peeling-8ml\/","url":"https:\/\/www.eveline.hu\/2016\/eveline-kozmetikumok-szepsegapolas\/termekcsaladok\/arcmaszkok\/face-therapy-enzimek-ampulla-peeling-8ml\/","name":"FACE THERAPY Enzimek ampulla peeling 8ml - Eveline Cosmetics Magyarorsz\u00e1g","isPartOf":{"@id":"https:\/\/www.eveline.hu\/2016\/#website"},"primaryImageOfPage":{"@id":"https:\/\/www.eveline.hu\/2016\/eveline-kozmetikumok-szepsegapolas\/termekcsaladok\/arcmaszkok\/face-therapy-enzimek-ampulla-peeling-8ml\/#primaryimage"},"image":{"@id":"https:\/\/www.eveline.hu\/2016\/eveline-kozmetikumok-szepsegapolas\/termekcsaladok\/arcmaszkok\/face-therapy-enzimek-ampulla-peeling-8ml\/#primaryimage"},"thumbnailUrl":"https:\/\/www.eveline.hu\/2016\/wp-content\/uploads\/2025\/09\/5903416073772-FACE-THERAPY-ENZYMES-AMPOULE-PEELING-8ml-w.png","datePublished":"2025-09-15T11:38:23+00:00","dateModified":"2025-09-15T11:38:24+00:00","breadcrumb":{"@id":"https:\/\/www.eveline.hu\/2016\/eveline-kozmetikumok-szepsegapolas\/termekcsaladok\/arcmaszkok\/face-therapy-enzimek-ampulla-peeling-8ml\/#breadcrumb"},"inLanguage":"hu","potentialAction":[{"@type":"ReadAction","target":["https:\/\/www.eveline.hu\/2016\/eveline-kozmetikumok-szepsegapolas\/termekcsaladok\/arcmaszkok\/face-therapy-enzimek-ampulla-peeling-8ml\/"]}]},{"@type":"ImageObject","inLanguage":"hu","@id":"https:\/\/www.eveline.hu\/2016\/eveline-kozmetikumok-szepsegapolas\/termekcsaladok\/arcmaszkok\/face-therapy-enzimek-ampulla-peeling-8ml\/#primaryimage","url":"https:\/\/www.eveline.hu\/2016\/wp-content\/uploads\/2025\/09\/5903416073772-FACE-THERAPY-ENZYMES-AMPOULE-PEELING-8ml-w.png","contentUrl":"https:\/\/www.eveline.hu\/2016\/wp-content\/uploads\/2025\/09\/5903416073772-FACE-THERAPY-ENZYMES-AMPOULE-PEELING-8ml-w.png","width":750,"height":750},{"@type":"BreadcrumbList","@id":"https:\/\/www.eveline.hu\/2016\/eveline-kozmetikumok-szepsegapolas\/termekcsaladok\/arcmaszkok\/face-therapy-enzimek-ampulla-peeling-8ml\/#breadcrumb","itemListElement":[{"@type":"ListItem","position":1,"name":"Home","item":"https:\/\/www.eveline.hu\/2016\/"},{"@type":"ListItem","position":2,"name":"Term\u00e9kek","item":"https:\/\/www.eveline.hu\/2016\/shop\/"},{"@type":"ListItem","position":3,"name":"FACE THERAPY Enzimek ampulla peeling 8ml"}]},{"@type":"WebSite","@id":"https:\/\/www.eveline.hu\/2016\/#website","url":"https:\/\/www.eveline.hu\/2016\/","name":"Eveline Cosmetics Magyarorsz\u00e1g","description":"Min\u0151s\u00e9gi kozmetikumok Lengyelorsz\u00e1gb\u00f3l","potentialAction":[{"@type":"SearchAction","target":{"@type":"EntryPoint","urlTemplate":"https:\/\/www.eveline.hu\/2016\/?s={search_term_string}"},"query-input":"required name=search_term_string"}],"inLanguage":"hu"}]}},"_links":{"self":[{"href":"https:\/\/www.eveline.hu\/2016\/wp-json\/wp\/v2\/product\/32369"}],"collection":[{"href":"https:\/\/www.eveline.hu\/2016\/wp-json\/wp\/v2\/product"}],"about":[{"href":"https:\/\/www.eveline.hu\/2016\/wp-json\/wp\/v2\/types\/product"}],"replies":[{"embeddable":true,"href":"https:\/\/www.eveline.hu\/2016\/wp-json\/wp\/v2\/comments?post=32369"}],"wp:featuredmedia":[{"embeddable":true,"href":"https:\/\/www.eveline.hu\/2016\/wp-json\/wp\/v2\/media\/32370"}],"wp:attachment":[{"href":"https:\/\/www.eveline.hu\/2016\/wp-json\/wp\/v2\/media?parent=32369"}],"wp:term":[{"taxonomy":"product_cat","embeddable":true,"href":"https:\/\/www.eveline.hu\/2016\/wp-json\/wp\/v2\/product_cat?post=32369"},{"taxonomy":"product_tag","embeddable":true,"href":"https:\/\/www.eveline.hu\/2016\/wp-json\/wp\/v2\/product_tag?post=32369"}],"curies":[{"name":"wp","href":"https:\/\/api.w.org\/{rel}","templated":true}]}}