{"id":31995,"date":"2025-06-25T16:22:54","date_gmt":"2025-06-25T14:22:54","guid":{"rendered":"https:\/\/www.eveline.hu\/2016\/?post_type=product&#038;p=31995"},"modified":"2025-07-22T14:54:54","modified_gmt":"2025-07-22T12:54:54","slug":"wonder-match-arckontur-keszlet-02","status":"publish","type":"product","link":"https:\/\/www.eveline.hu\/2016\/eveline-kozmetikumok-szepsegapolas\/smink\/arc\/alapozok\/wonder-match-arckontur-keszlet-02\/","title":{"rendered":"WONDER MATCH ARCKONT\u00daR K\u00c9SZLET 02"},"content":{"rendered":"<p>A paletta egy piros\u00edt\u00f3b\u00f3l, bronzos\u00edt\u00f3b\u00f3l, highlighterb\u0151l \u00e9s p\u00faderb\u0151l \u00e1ll\u00f3 t\u00f6bbfunkci\u00f3s term\u00e9k, mely t\u00f6k\u00e9letesen megfelel arckont\u00far kozmetikumnak.<\/p>\n<p>Nappali \u00e9s esti sminkhez is t\u00f6k\u00e9letes, k\u00e9t \u00e1rnyalata &#8211; melegebb \u00e9s hidegebb &#8211; lehet\u0151v\u00e9 teszi, hogy a sz\u00edneket a b\u0151rt\u00f3nusodhoz igaz\u00edtsd.<\/p>\n<p>A piros\u00edt\u00f3, a highlighter \u00e9s a bronzos\u00edt\u00f3 megel\u00e9gedett arckont\u00fart hoz l\u00e9tre, a f\u00e9nyes\u00edt\u0151 hat\u00e1s\u00fa befejez\u0151 p\u00fader pedig t\u00f6k\u00e9letesen kieg\u00e9sz\u00edti a sminket.<\/p>\n<p>A csokol\u00e1d\u00e9 illat\u00fa veg\u00e1n formula mindenki ig\u00e9ny\u00e9nek megfelel!<\/p>\n<p>A k\u00e9p \u00e9s a term\u00e9k k\u00f6z\u00f6tt \u00e1rnyalatnyi elt\u00e9r\u00e9s lehet.<\/p>\n","protected":false},"excerpt":{"rendered":"<p>A paletta egy piros\u00edt\u00f3b\u00f3l, bronzos\u00edt\u00f3b\u00f3l, highlighterb\u0151l \u00e9s p\u00faderb\u0151l \u00e1ll\u00f3 t\u00f6bbfunkci\u00f3s term\u00e9k, mely t\u00f6k\u00e9letesen megfelel arckont\u00far kozmetikumnak. Nappali \u00e9s esti sminkhez is t\u00f6k\u00e9letes, k\u00e9t \u00e1rnyalata &#8211; melegebb \u00e9s hidegebb &#8211; lehet\u0151v\u00e9 teszi, hogy a sz\u00edneket a b\u0151rt\u00f3nusodhoz igaz\u00edtsd. A piros\u00edt\u00f3, a [&hellip;]<\/p>\n","protected":false},"featured_media":31996,"comment_status":"open","ping_status":"closed","template":"","meta":[],"product_cat":[130,131,140,144,143],"product_tag":[],"yoast_head":"<!-- This site is optimized with the Yoast SEO plugin v22.2 - https:\/\/yoast.com\/wordpress\/plugins\/seo\/ -->\n<title>WONDER MATCH ARCKONT\u00daR K\u00c9SZLET 02 - Eveline Cosmetics Magyarorsz\u00e1g<\/title>\n<meta name=\"robots\" content=\"index, follow, max-snippet:-1, max-image-preview:large, max-video-preview:-1\" \/>\n<link rel=\"canonical\" href=\"https:\/\/www.eveline.hu\/2016\/eveline-kozmetikumok-szepsegapolas\/smink\/arc\/alapozok\/wonder-match-arckontur-keszlet-02\/\" \/>\n<meta property=\"og:locale\" content=\"hu_HU\" \/>\n<meta property=\"og:type\" content=\"article\" \/>\n<meta property=\"og:title\" content=\"WONDER MATCH ARCKONT\u00daR K\u00c9SZLET 02 - Eveline Cosmetics Magyarorsz\u00e1g\" \/>\n<meta property=\"og:description\" content=\"A paletta egy piros\u00edt\u00f3b\u00f3l, bronzos\u00edt\u00f3b\u00f3l, highlighterb\u0151l \u00e9s p\u00faderb\u0151l \u00e1ll\u00f3 t\u00f6bbfunkci\u00f3s term\u00e9k, mely t\u00f6k\u00e9letesen megfelel arckont\u00far kozmetikumnak. Nappali \u00e9s esti sminkhez is t\u00f6k\u00e9letes, k\u00e9t \u00e1rnyalata &#8211; melegebb \u00e9s hidegebb &#8211; lehet\u0151v\u00e9 teszi, hogy a sz\u00edneket a b\u0151rt\u00f3nusodhoz igaz\u00edtsd. A piros\u00edt\u00f3, a [&hellip;]\" \/>\n<meta property=\"og:url\" content=\"https:\/\/www.eveline.hu\/2016\/eveline-kozmetikumok-szepsegapolas\/smink\/arc\/alapozok\/wonder-match-arckontur-keszlet-02\/\" \/>\n<meta property=\"og:site_name\" content=\"Eveline Cosmetics Magyarorsz\u00e1g\" \/>\n<meta property=\"article:modified_time\" content=\"2025-07-22T12:54:54+00:00\" \/>\n<meta property=\"og:image\" content=\"https:\/\/www.eveline.hu\/2016\/wp-content\/uploads\/2025\/06\/5903416058946-WONDER-MATCH-FACE-CONTOURING-PALETTE-02-w.png\" \/>\n\t<meta property=\"og:image:width\" content=\"750\" \/>\n\t<meta property=\"og:image:height\" content=\"750\" \/>\n\t<meta property=\"og:image:type\" content=\"image\/png\" \/>\n<meta name=\"twitter:card\" content=\"summary_large_image\" \/>\n<meta name=\"twitter:label1\" content=\"Becs\u00fclt olvas\u00e1si id\u0151\" \/>\n\t<meta name=\"twitter:data1\" content=\"1 perc\" \/>\n<script type=\"application\/ld+json\" class=\"yoast-schema-graph\">{\"@context\":\"https:\/\/schema.org\",\"@graph\":[{\"@type\":\"WebPage\",\"@id\":\"https:\/\/www.eveline.hu\/2016\/eveline-kozmetikumok-szepsegapolas\/smink\/arc\/alapozok\/wonder-match-arckontur-keszlet-02\/\",\"url\":\"https:\/\/www.eveline.hu\/2016\/eveline-kozmetikumok-szepsegapolas\/smink\/arc\/alapozok\/wonder-match-arckontur-keszlet-02\/\",\"name\":\"WONDER MATCH ARCKONT\u00daR K\u00c9SZLET 02 - Eveline Cosmetics Magyarorsz\u00e1g\",\"isPartOf\":{\"@id\":\"https:\/\/www.eveline.hu\/2016\/#website\"},\"primaryImageOfPage\":{\"@id\":\"https:\/\/www.eveline.hu\/2016\/eveline-kozmetikumok-szepsegapolas\/smink\/arc\/alapozok\/wonder-match-arckontur-keszlet-02\/#primaryimage\"},\"image\":{\"@id\":\"https:\/\/www.eveline.hu\/2016\/eveline-kozmetikumok-szepsegapolas\/smink\/arc\/alapozok\/wonder-match-arckontur-keszlet-02\/#primaryimage\"},\"thumbnailUrl\":\"https:\/\/www.eveline.hu\/2016\/wp-content\/uploads\/2025\/06\/5903416058946-WONDER-MATCH-FACE-CONTOURING-PALETTE-02-w.png\",\"datePublished\":\"2025-06-25T14:22:54+00:00\",\"dateModified\":\"2025-07-22T12:54:54+00:00\",\"breadcrumb\":{\"@id\":\"https:\/\/www.eveline.hu\/2016\/eveline-kozmetikumok-szepsegapolas\/smink\/arc\/alapozok\/wonder-match-arckontur-keszlet-02\/#breadcrumb\"},\"inLanguage\":\"hu\",\"potentialAction\":[{\"@type\":\"ReadAction\",\"target\":[\"https:\/\/www.eveline.hu\/2016\/eveline-kozmetikumok-szepsegapolas\/smink\/arc\/alapozok\/wonder-match-arckontur-keszlet-02\/\"]}]},{\"@type\":\"ImageObject\",\"inLanguage\":\"hu\",\"@id\":\"https:\/\/www.eveline.hu\/2016\/eveline-kozmetikumok-szepsegapolas\/smink\/arc\/alapozok\/wonder-match-arckontur-keszlet-02\/#primaryimage\",\"url\":\"https:\/\/www.eveline.hu\/2016\/wp-content\/uploads\/2025\/06\/5903416058946-WONDER-MATCH-FACE-CONTOURING-PALETTE-02-w.png\",\"contentUrl\":\"https:\/\/www.eveline.hu\/2016\/wp-content\/uploads\/2025\/06\/5903416058946-WONDER-MATCH-FACE-CONTOURING-PALETTE-02-w.png\",\"width\":750,\"height\":750},{\"@type\":\"BreadcrumbList\",\"@id\":\"https:\/\/www.eveline.hu\/2016\/eveline-kozmetikumok-szepsegapolas\/smink\/arc\/alapozok\/wonder-match-arckontur-keszlet-02\/#breadcrumb\",\"itemListElement\":[{\"@type\":\"ListItem\",\"position\":1,\"name\":\"Home\",\"item\":\"https:\/\/www.eveline.hu\/2016\/\"},{\"@type\":\"ListItem\",\"position\":2,\"name\":\"Term\u00e9kek\",\"item\":\"https:\/\/www.eveline.hu\/2016\/shop\/\"},{\"@type\":\"ListItem\",\"position\":3,\"name\":\"WONDER MATCH ARCKONT\u00daR K\u00c9SZLET 02\"}]},{\"@type\":\"WebSite\",\"@id\":\"https:\/\/www.eveline.hu\/2016\/#website\",\"url\":\"https:\/\/www.eveline.hu\/2016\/\",\"name\":\"Eveline Cosmetics Magyarorsz\u00e1g\",\"description\":\"Min\u0151s\u00e9gi kozmetikumok Lengyelorsz\u00e1gb\u00f3l\",\"potentialAction\":[{\"@type\":\"SearchAction\",\"target\":{\"@type\":\"EntryPoint\",\"urlTemplate\":\"https:\/\/www.eveline.hu\/2016\/?s={search_term_string}\"},\"query-input\":\"required name=search_term_string\"}],\"inLanguage\":\"hu\"}]}<\/script>\n<!-- \/ Yoast SEO plugin. -->","yoast_head_json":{"title":"WONDER MATCH ARCKONT\u00daR K\u00c9SZLET 02 - Eveline Cosmetics Magyarorsz\u00e1g","robots":{"index":"index","follow":"follow","max-snippet":"max-snippet:-1","max-image-preview":"max-image-preview:large","max-video-preview":"max-video-preview:-1"},"canonical":"https:\/\/www.eveline.hu\/2016\/eveline-kozmetikumok-szepsegapolas\/smink\/arc\/alapozok\/wonder-match-arckontur-keszlet-02\/","og_locale":"hu_HU","og_type":"article","og_title":"WONDER MATCH ARCKONT\u00daR K\u00c9SZLET 02 - Eveline Cosmetics Magyarorsz\u00e1g","og_description":"A paletta egy piros\u00edt\u00f3b\u00f3l, bronzos\u00edt\u00f3b\u00f3l, highlighterb\u0151l \u00e9s p\u00faderb\u0151l \u00e1ll\u00f3 t\u00f6bbfunkci\u00f3s term\u00e9k, mely t\u00f6k\u00e9letesen megfelel arckont\u00far kozmetikumnak. Nappali \u00e9s esti sminkhez is t\u00f6k\u00e9letes, k\u00e9t \u00e1rnyalata &#8211; melegebb \u00e9s hidegebb &#8211; lehet\u0151v\u00e9 teszi, hogy a sz\u00edneket a b\u0151rt\u00f3nusodhoz igaz\u00edtsd. A piros\u00edt\u00f3, a [&hellip;]","og_url":"https:\/\/www.eveline.hu\/2016\/eveline-kozmetikumok-szepsegapolas\/smink\/arc\/alapozok\/wonder-match-arckontur-keszlet-02\/","og_site_name":"Eveline Cosmetics Magyarorsz\u00e1g","article_modified_time":"2025-07-22T12:54:54+00:00","og_image":[{"width":750,"height":750,"url":"https:\/\/www.eveline.hu\/2016\/wp-content\/uploads\/2025\/06\/5903416058946-WONDER-MATCH-FACE-CONTOURING-PALETTE-02-w.png","type":"image\/png"}],"twitter_card":"summary_large_image","twitter_misc":{"Becs\u00fclt olvas\u00e1si id\u0151":"1 perc"},"schema":{"@context":"https:\/\/schema.org","@graph":[{"@type":"WebPage","@id":"https:\/\/www.eveline.hu\/2016\/eveline-kozmetikumok-szepsegapolas\/smink\/arc\/alapozok\/wonder-match-arckontur-keszlet-02\/","url":"https:\/\/www.eveline.hu\/2016\/eveline-kozmetikumok-szepsegapolas\/smink\/arc\/alapozok\/wonder-match-arckontur-keszlet-02\/","name":"WONDER MATCH ARCKONT\u00daR K\u00c9SZLET 02 - Eveline Cosmetics Magyarorsz\u00e1g","isPartOf":{"@id":"https:\/\/www.eveline.hu\/2016\/#website"},"primaryImageOfPage":{"@id":"https:\/\/www.eveline.hu\/2016\/eveline-kozmetikumok-szepsegapolas\/smink\/arc\/alapozok\/wonder-match-arckontur-keszlet-02\/#primaryimage"},"image":{"@id":"https:\/\/www.eveline.hu\/2016\/eveline-kozmetikumok-szepsegapolas\/smink\/arc\/alapozok\/wonder-match-arckontur-keszlet-02\/#primaryimage"},"thumbnailUrl":"https:\/\/www.eveline.hu\/2016\/wp-content\/uploads\/2025\/06\/5903416058946-WONDER-MATCH-FACE-CONTOURING-PALETTE-02-w.png","datePublished":"2025-06-25T14:22:54+00:00","dateModified":"2025-07-22T12:54:54+00:00","breadcrumb":{"@id":"https:\/\/www.eveline.hu\/2016\/eveline-kozmetikumok-szepsegapolas\/smink\/arc\/alapozok\/wonder-match-arckontur-keszlet-02\/#breadcrumb"},"inLanguage":"hu","potentialAction":[{"@type":"ReadAction","target":["https:\/\/www.eveline.hu\/2016\/eveline-kozmetikumok-szepsegapolas\/smink\/arc\/alapozok\/wonder-match-arckontur-keszlet-02\/"]}]},{"@type":"ImageObject","inLanguage":"hu","@id":"https:\/\/www.eveline.hu\/2016\/eveline-kozmetikumok-szepsegapolas\/smink\/arc\/alapozok\/wonder-match-arckontur-keszlet-02\/#primaryimage","url":"https:\/\/www.eveline.hu\/2016\/wp-content\/uploads\/2025\/06\/5903416058946-WONDER-MATCH-FACE-CONTOURING-PALETTE-02-w.png","contentUrl":"https:\/\/www.eveline.hu\/2016\/wp-content\/uploads\/2025\/06\/5903416058946-WONDER-MATCH-FACE-CONTOURING-PALETTE-02-w.png","width":750,"height":750},{"@type":"BreadcrumbList","@id":"https:\/\/www.eveline.hu\/2016\/eveline-kozmetikumok-szepsegapolas\/smink\/arc\/alapozok\/wonder-match-arckontur-keszlet-02\/#breadcrumb","itemListElement":[{"@type":"ListItem","position":1,"name":"Home","item":"https:\/\/www.eveline.hu\/2016\/"},{"@type":"ListItem","position":2,"name":"Term\u00e9kek","item":"https:\/\/www.eveline.hu\/2016\/shop\/"},{"@type":"ListItem","position":3,"name":"WONDER MATCH ARCKONT\u00daR K\u00c9SZLET 02"}]},{"@type":"WebSite","@id":"https:\/\/www.eveline.hu\/2016\/#website","url":"https:\/\/www.eveline.hu\/2016\/","name":"Eveline Cosmetics Magyarorsz\u00e1g","description":"Min\u0151s\u00e9gi kozmetikumok Lengyelorsz\u00e1gb\u00f3l","potentialAction":[{"@type":"SearchAction","target":{"@type":"EntryPoint","urlTemplate":"https:\/\/www.eveline.hu\/2016\/?s={search_term_string}"},"query-input":"required name=search_term_string"}],"inLanguage":"hu"}]}},"_links":{"self":[{"href":"https:\/\/www.eveline.hu\/2016\/wp-json\/wp\/v2\/product\/31995"}],"collection":[{"href":"https:\/\/www.eveline.hu\/2016\/wp-json\/wp\/v2\/product"}],"about":[{"href":"https:\/\/www.eveline.hu\/2016\/wp-json\/wp\/v2\/types\/product"}],"replies":[{"embeddable":true,"href":"https:\/\/www.eveline.hu\/2016\/wp-json\/wp\/v2\/comments?post=31995"}],"wp:featuredmedia":[{"embeddable":true,"href":"https:\/\/www.eveline.hu\/2016\/wp-json\/wp\/v2\/media\/31996"}],"wp:attachment":[{"href":"https:\/\/www.eveline.hu\/2016\/wp-json\/wp\/v2\/media?parent=31995"}],"wp:term":[{"taxonomy":"product_cat","embeddable":true,"href":"https:\/\/www.eveline.hu\/2016\/wp-json\/wp\/v2\/product_cat?post=31995"},{"taxonomy":"product_tag","embeddable":true,"href":"https:\/\/www.eveline.hu\/2016\/wp-json\/wp\/v2\/product_tag?post=31995"}],"curies":[{"name":"wp","href":"https:\/\/api.w.org\/{rel}","templated":true}]}}