{"id":31850,"date":"2025-05-21T17:05:17","date_gmt":"2025-05-21T15:05:17","guid":{"rendered":"https:\/\/www.eveline.hu\/2016\/?post_type=product&#038;p=31850"},"modified":"2025-07-22T14:56:07","modified_gmt":"2025-07-22T12:56:07","slug":"eveline-tus-es-pecset-csillag-alaku-1-db","status":"publish","type":"product","link":"https:\/\/www.eveline.hu\/2016\/eveline-kozmetikumok-szepsegapolas\/smink\/szem\/szemoldok-kihuzok\/eveline-tus-es-pecset-csillag-alaku-1-db\/","title":{"rendered":"Eveline tus \u00e9s pecs\u00e9t csillag alak\u00fa &#8211; 1 db"},"content":{"rendered":"<p>A fekete szemceruza csillag alak\u00fa pecs\u00e9ttel egy 2 az 1-ben term\u00e9k, amellyel t\u00f6k\u00e9letes vonalakat k\u00e9sz\u00edthetsz, \u00e9s var\u00e1zslatos csillagokkal dobhatod fel a sminkedet. T\u00f6k\u00e9letes a mindennapi \u00e9s a fesztiv\u00e1lsminkhez egyar\u00e1nt, az applik\u00e1tor egy filctoll form\u00e1j\u00fa, amivel prec\u00edz vonalakat festhetsz. A m\u00e1sik v\u00e9g\u00e9n l\u00e9v\u0151 pecs\u00e9ttel pillanatok alatt elk\u00e9sz\u00edtheted a csillagmint\u00e1t. A fekete, megszil\u00e1rdul\u00f3 formula nem folyik ki felvitel k\u00f6zben, \u00e9s hosszan tart\u00f3 hat\u00e1st biztos\u00edt, t\u00f6bb \u00f3r\u00e1n \u00e1t kitart a szemh\u00e9jon. A szemh\u00e9jtus pecs\u00e9ttel t\u00f6k\u00e9letes eszk\u00f6z mindazok sz\u00e1m\u00e1ra, akik szeretnek j\u00e1tszani a sminkkel, finom d\u00edsz\u00edt\u00e9seket \u00e9s hat\u00e1rozottabb elemeket egyar\u00e1nt l\u00e9trehozva. Lehet\u0151v\u00e9 teszi a k\u00f6nny\u0171 k\u00eds\u00e9rletez\u00e9st a k\u00fcl\u00f6nb\u00f6z\u0151 st\u00edlusokkal.<\/p>\n","protected":false},"excerpt":{"rendered":"<p>A fekete szemceruza csillag alak\u00fa pecs\u00e9ttel egy 2 az 1-ben term\u00e9k, amellyel t\u00f6k\u00e9letes vonalakat k\u00e9sz\u00edthetsz, \u00e9s var\u00e1zslatos csillagokkal dobhatod fel a sminkedet. T\u00f6k\u00e9letes a mindennapi \u00e9s a fesztiv\u00e1lsminkhez egyar\u00e1nt, az applik\u00e1tor egy filctoll form\u00e1j\u00fa, amivel prec\u00edz vonalakat festhetsz. A m\u00e1sik [&hellip;]<\/p>\n","protected":false},"featured_media":31851,"comment_status":"open","ping_status":"closed","template":"","meta":[],"product_cat":[302,132,151,142,149,80],"product_tag":[],"yoast_head":"<!-- This site is optimized with the Yoast SEO plugin v22.2 - https:\/\/yoast.com\/wordpress\/plugins\/seo\/ -->\n<title>Eveline tus \u00e9s pecs\u00e9t csillag alak\u00fa - 1 db - Eveline Cosmetics Magyarorsz\u00e1g<\/title>\n<meta name=\"robots\" content=\"index, follow, max-snippet:-1, max-image-preview:large, max-video-preview:-1\" \/>\n<link rel=\"canonical\" href=\"https:\/\/www.eveline.hu\/2016\/eveline-kozmetikumok-szepsegapolas\/smink\/szem\/szemoldok-kihuzok\/eveline-tus-es-pecset-csillag-alaku-1-db\/\" \/>\n<meta property=\"og:locale\" content=\"hu_HU\" \/>\n<meta property=\"og:type\" content=\"article\" \/>\n<meta property=\"og:title\" content=\"Eveline tus \u00e9s pecs\u00e9t csillag alak\u00fa - 1 db - Eveline Cosmetics Magyarorsz\u00e1g\" \/>\n<meta property=\"og:description\" content=\"A fekete szemceruza csillag alak\u00fa pecs\u00e9ttel egy 2 az 1-ben term\u00e9k, amellyel t\u00f6k\u00e9letes vonalakat k\u00e9sz\u00edthetsz, \u00e9s var\u00e1zslatos csillagokkal dobhatod fel a sminkedet. T\u00f6k\u00e9letes a mindennapi \u00e9s a fesztiv\u00e1lsminkhez egyar\u00e1nt, az applik\u00e1tor egy filctoll form\u00e1j\u00fa, amivel prec\u00edz vonalakat festhetsz. A m\u00e1sik [&hellip;]\" \/>\n<meta property=\"og:url\" content=\"https:\/\/www.eveline.hu\/2016\/eveline-kozmetikumok-szepsegapolas\/smink\/szem\/szemoldok-kihuzok\/eveline-tus-es-pecset-csillag-alaku-1-db\/\" \/>\n<meta property=\"og:site_name\" content=\"Eveline Cosmetics Magyarorsz\u00e1g\" \/>\n<meta property=\"article:modified_time\" content=\"2025-07-22T12:56:07+00:00\" \/>\n<meta property=\"og:image\" content=\"https:\/\/www.eveline.hu\/2016\/wp-content\/uploads\/2025\/05\/5903416067665-EYELINER-AND-STAR-STAMP-1-w.png\" \/>\n\t<meta property=\"og:image:width\" content=\"750\" \/>\n\t<meta property=\"og:image:height\" content=\"750\" \/>\n\t<meta property=\"og:image:type\" content=\"image\/png\" \/>\n<meta name=\"twitter:card\" content=\"summary_large_image\" \/>\n<meta name=\"twitter:label1\" content=\"Becs\u00fclt olvas\u00e1si id\u0151\" \/>\n\t<meta name=\"twitter:data1\" content=\"1 perc\" \/>\n<script type=\"application\/ld+json\" class=\"yoast-schema-graph\">{\"@context\":\"https:\/\/schema.org\",\"@graph\":[{\"@type\":\"WebPage\",\"@id\":\"https:\/\/www.eveline.hu\/2016\/eveline-kozmetikumok-szepsegapolas\/smink\/szem\/szemoldok-kihuzok\/eveline-tus-es-pecset-csillag-alaku-1-db\/\",\"url\":\"https:\/\/www.eveline.hu\/2016\/eveline-kozmetikumok-szepsegapolas\/smink\/szem\/szemoldok-kihuzok\/eveline-tus-es-pecset-csillag-alaku-1-db\/\",\"name\":\"Eveline tus \u00e9s pecs\u00e9t csillag alak\u00fa - 1 db - Eveline Cosmetics Magyarorsz\u00e1g\",\"isPartOf\":{\"@id\":\"https:\/\/www.eveline.hu\/2016\/#website\"},\"primaryImageOfPage\":{\"@id\":\"https:\/\/www.eveline.hu\/2016\/eveline-kozmetikumok-szepsegapolas\/smink\/szem\/szemoldok-kihuzok\/eveline-tus-es-pecset-csillag-alaku-1-db\/#primaryimage\"},\"image\":{\"@id\":\"https:\/\/www.eveline.hu\/2016\/eveline-kozmetikumok-szepsegapolas\/smink\/szem\/szemoldok-kihuzok\/eveline-tus-es-pecset-csillag-alaku-1-db\/#primaryimage\"},\"thumbnailUrl\":\"https:\/\/www.eveline.hu\/2016\/wp-content\/uploads\/2025\/05\/5903416067665-EYELINER-AND-STAR-STAMP-1-w.png\",\"datePublished\":\"2025-05-21T15:05:17+00:00\",\"dateModified\":\"2025-07-22T12:56:07+00:00\",\"breadcrumb\":{\"@id\":\"https:\/\/www.eveline.hu\/2016\/eveline-kozmetikumok-szepsegapolas\/smink\/szem\/szemoldok-kihuzok\/eveline-tus-es-pecset-csillag-alaku-1-db\/#breadcrumb\"},\"inLanguage\":\"hu\",\"potentialAction\":[{\"@type\":\"ReadAction\",\"target\":[\"https:\/\/www.eveline.hu\/2016\/eveline-kozmetikumok-szepsegapolas\/smink\/szem\/szemoldok-kihuzok\/eveline-tus-es-pecset-csillag-alaku-1-db\/\"]}]},{\"@type\":\"ImageObject\",\"inLanguage\":\"hu\",\"@id\":\"https:\/\/www.eveline.hu\/2016\/eveline-kozmetikumok-szepsegapolas\/smink\/szem\/szemoldok-kihuzok\/eveline-tus-es-pecset-csillag-alaku-1-db\/#primaryimage\",\"url\":\"https:\/\/www.eveline.hu\/2016\/wp-content\/uploads\/2025\/05\/5903416067665-EYELINER-AND-STAR-STAMP-1-w.png\",\"contentUrl\":\"https:\/\/www.eveline.hu\/2016\/wp-content\/uploads\/2025\/05\/5903416067665-EYELINER-AND-STAR-STAMP-1-w.png\",\"width\":750,\"height\":750},{\"@type\":\"BreadcrumbList\",\"@id\":\"https:\/\/www.eveline.hu\/2016\/eveline-kozmetikumok-szepsegapolas\/smink\/szem\/szemoldok-kihuzok\/eveline-tus-es-pecset-csillag-alaku-1-db\/#breadcrumb\",\"itemListElement\":[{\"@type\":\"ListItem\",\"position\":1,\"name\":\"Home\",\"item\":\"https:\/\/www.eveline.hu\/2016\/\"},{\"@type\":\"ListItem\",\"position\":2,\"name\":\"Term\u00e9kek\",\"item\":\"https:\/\/www.eveline.hu\/2016\/shop\/\"},{\"@type\":\"ListItem\",\"position\":3,\"name\":\"Eveline tus \u00e9s pecs\u00e9t csillag alak\u00fa &#8211; 1 db\"}]},{\"@type\":\"WebSite\",\"@id\":\"https:\/\/www.eveline.hu\/2016\/#website\",\"url\":\"https:\/\/www.eveline.hu\/2016\/\",\"name\":\"Eveline Cosmetics Magyarorsz\u00e1g\",\"description\":\"Min\u0151s\u00e9gi kozmetikumok Lengyelorsz\u00e1gb\u00f3l\",\"potentialAction\":[{\"@type\":\"SearchAction\",\"target\":{\"@type\":\"EntryPoint\",\"urlTemplate\":\"https:\/\/www.eveline.hu\/2016\/?s={search_term_string}\"},\"query-input\":\"required name=search_term_string\"}],\"inLanguage\":\"hu\"}]}<\/script>\n<!-- \/ Yoast SEO plugin. -->","yoast_head_json":{"title":"Eveline tus \u00e9s pecs\u00e9t csillag alak\u00fa - 1 db - Eveline Cosmetics Magyarorsz\u00e1g","robots":{"index":"index","follow":"follow","max-snippet":"max-snippet:-1","max-image-preview":"max-image-preview:large","max-video-preview":"max-video-preview:-1"},"canonical":"https:\/\/www.eveline.hu\/2016\/eveline-kozmetikumok-szepsegapolas\/smink\/szem\/szemoldok-kihuzok\/eveline-tus-es-pecset-csillag-alaku-1-db\/","og_locale":"hu_HU","og_type":"article","og_title":"Eveline tus \u00e9s pecs\u00e9t csillag alak\u00fa - 1 db - Eveline Cosmetics Magyarorsz\u00e1g","og_description":"A fekete szemceruza csillag alak\u00fa pecs\u00e9ttel egy 2 az 1-ben term\u00e9k, amellyel t\u00f6k\u00e9letes vonalakat k\u00e9sz\u00edthetsz, \u00e9s var\u00e1zslatos csillagokkal dobhatod fel a sminkedet. T\u00f6k\u00e9letes a mindennapi \u00e9s a fesztiv\u00e1lsminkhez egyar\u00e1nt, az applik\u00e1tor egy filctoll form\u00e1j\u00fa, amivel prec\u00edz vonalakat festhetsz. A m\u00e1sik [&hellip;]","og_url":"https:\/\/www.eveline.hu\/2016\/eveline-kozmetikumok-szepsegapolas\/smink\/szem\/szemoldok-kihuzok\/eveline-tus-es-pecset-csillag-alaku-1-db\/","og_site_name":"Eveline Cosmetics Magyarorsz\u00e1g","article_modified_time":"2025-07-22T12:56:07+00:00","og_image":[{"width":750,"height":750,"url":"https:\/\/www.eveline.hu\/2016\/wp-content\/uploads\/2025\/05\/5903416067665-EYELINER-AND-STAR-STAMP-1-w.png","type":"image\/png"}],"twitter_card":"summary_large_image","twitter_misc":{"Becs\u00fclt olvas\u00e1si id\u0151":"1 perc"},"schema":{"@context":"https:\/\/schema.org","@graph":[{"@type":"WebPage","@id":"https:\/\/www.eveline.hu\/2016\/eveline-kozmetikumok-szepsegapolas\/smink\/szem\/szemoldok-kihuzok\/eveline-tus-es-pecset-csillag-alaku-1-db\/","url":"https:\/\/www.eveline.hu\/2016\/eveline-kozmetikumok-szepsegapolas\/smink\/szem\/szemoldok-kihuzok\/eveline-tus-es-pecset-csillag-alaku-1-db\/","name":"Eveline tus \u00e9s pecs\u00e9t csillag alak\u00fa - 1 db - Eveline Cosmetics Magyarorsz\u00e1g","isPartOf":{"@id":"https:\/\/www.eveline.hu\/2016\/#website"},"primaryImageOfPage":{"@id":"https:\/\/www.eveline.hu\/2016\/eveline-kozmetikumok-szepsegapolas\/smink\/szem\/szemoldok-kihuzok\/eveline-tus-es-pecset-csillag-alaku-1-db\/#primaryimage"},"image":{"@id":"https:\/\/www.eveline.hu\/2016\/eveline-kozmetikumok-szepsegapolas\/smink\/szem\/szemoldok-kihuzok\/eveline-tus-es-pecset-csillag-alaku-1-db\/#primaryimage"},"thumbnailUrl":"https:\/\/www.eveline.hu\/2016\/wp-content\/uploads\/2025\/05\/5903416067665-EYELINER-AND-STAR-STAMP-1-w.png","datePublished":"2025-05-21T15:05:17+00:00","dateModified":"2025-07-22T12:56:07+00:00","breadcrumb":{"@id":"https:\/\/www.eveline.hu\/2016\/eveline-kozmetikumok-szepsegapolas\/smink\/szem\/szemoldok-kihuzok\/eveline-tus-es-pecset-csillag-alaku-1-db\/#breadcrumb"},"inLanguage":"hu","potentialAction":[{"@type":"ReadAction","target":["https:\/\/www.eveline.hu\/2016\/eveline-kozmetikumok-szepsegapolas\/smink\/szem\/szemoldok-kihuzok\/eveline-tus-es-pecset-csillag-alaku-1-db\/"]}]},{"@type":"ImageObject","inLanguage":"hu","@id":"https:\/\/www.eveline.hu\/2016\/eveline-kozmetikumok-szepsegapolas\/smink\/szem\/szemoldok-kihuzok\/eveline-tus-es-pecset-csillag-alaku-1-db\/#primaryimage","url":"https:\/\/www.eveline.hu\/2016\/wp-content\/uploads\/2025\/05\/5903416067665-EYELINER-AND-STAR-STAMP-1-w.png","contentUrl":"https:\/\/www.eveline.hu\/2016\/wp-content\/uploads\/2025\/05\/5903416067665-EYELINER-AND-STAR-STAMP-1-w.png","width":750,"height":750},{"@type":"BreadcrumbList","@id":"https:\/\/www.eveline.hu\/2016\/eveline-kozmetikumok-szepsegapolas\/smink\/szem\/szemoldok-kihuzok\/eveline-tus-es-pecset-csillag-alaku-1-db\/#breadcrumb","itemListElement":[{"@type":"ListItem","position":1,"name":"Home","item":"https:\/\/www.eveline.hu\/2016\/"},{"@type":"ListItem","position":2,"name":"Term\u00e9kek","item":"https:\/\/www.eveline.hu\/2016\/shop\/"},{"@type":"ListItem","position":3,"name":"Eveline tus \u00e9s pecs\u00e9t csillag alak\u00fa &#8211; 1 db"}]},{"@type":"WebSite","@id":"https:\/\/www.eveline.hu\/2016\/#website","url":"https:\/\/www.eveline.hu\/2016\/","name":"Eveline Cosmetics Magyarorsz\u00e1g","description":"Min\u0151s\u00e9gi kozmetikumok Lengyelorsz\u00e1gb\u00f3l","potentialAction":[{"@type":"SearchAction","target":{"@type":"EntryPoint","urlTemplate":"https:\/\/www.eveline.hu\/2016\/?s={search_term_string}"},"query-input":"required name=search_term_string"}],"inLanguage":"hu"}]}},"_links":{"self":[{"href":"https:\/\/www.eveline.hu\/2016\/wp-json\/wp\/v2\/product\/31850"}],"collection":[{"href":"https:\/\/www.eveline.hu\/2016\/wp-json\/wp\/v2\/product"}],"about":[{"href":"https:\/\/www.eveline.hu\/2016\/wp-json\/wp\/v2\/types\/product"}],"replies":[{"embeddable":true,"href":"https:\/\/www.eveline.hu\/2016\/wp-json\/wp\/v2\/comments?post=31850"}],"wp:featuredmedia":[{"embeddable":true,"href":"https:\/\/www.eveline.hu\/2016\/wp-json\/wp\/v2\/media\/31851"}],"wp:attachment":[{"href":"https:\/\/www.eveline.hu\/2016\/wp-json\/wp\/v2\/media?parent=31850"}],"wp:term":[{"taxonomy":"product_cat","embeddable":true,"href":"https:\/\/www.eveline.hu\/2016\/wp-json\/wp\/v2\/product_cat?post=31850"},{"taxonomy":"product_tag","embeddable":true,"href":"https:\/\/www.eveline.hu\/2016\/wp-json\/wp\/v2\/product_tag?post=31850"}],"curies":[{"name":"wp","href":"https:\/\/api.w.org\/{rel}","templated":true}]}}