{"id":31837,"date":"2025-05-20T11:45:47","date_gmt":"2025-05-20T09:45:47","guid":{"rendered":"https:\/\/www.eveline.hu\/2016\/?post_type=product&#038;p=31837"},"modified":"2025-05-20T11:45:48","modified_gmt":"2025-05-20T09:45:48","slug":"gel-koromlakk-8ml-285","status":"publish","type":"product","link":"https:\/\/www.eveline.hu\/2016\/eveline-kozmetikumok-szepsegapolas\/uncategorized\/gel-koromlakk-8ml-285\/","title":{"rendered":"G\u00e9l k\u00f6r\u00f6mlakk 8ml 285"},"content":{"rendered":"<p>Hosszan tart\u00f3 hat\u00e1s, gyorsan sz\u00e1rad\u00f3 g\u00e9l k\u00f6r\u00f6mlakk.<br \/>\nUV l\u00e1mpa n\u00e9lk\u00fcli haszn\u00e1latra.<\/p>\n<p>A k\u00e9p \u00e9s a term\u00e9k k\u00f6z\u00f6tt \u00e1rnyalatnyi elt\u00e9r\u00e9s lehet!<\/p>\n","protected":false},"excerpt":{"rendered":"<p>Hosszan tart\u00f3 hat\u00e1s, gyorsan sz\u00e1rad\u00f3 g\u00e9l k\u00f6r\u00f6mlakk. UV l\u00e1mpa n\u00e9lk\u00fcli haszn\u00e1latra. A k\u00e9p \u00e9s a term\u00e9k k\u00f6z\u00f6tt \u00e1rnyalatnyi elt\u00e9r\u00e9s lehet!<\/p>\n","protected":false},"featured_media":31838,"comment_status":"open","ping_status":"closed","template":"","meta":[],"product_cat":[286],"product_tag":[],"yoast_head":"<!-- This site is optimized with the Yoast SEO plugin v22.2 - https:\/\/yoast.com\/wordpress\/plugins\/seo\/ -->\n<title>G\u00e9l k\u00f6r\u00f6mlakk 8ml 285 - Eveline Cosmetics Magyarorsz\u00e1g<\/title>\n<meta name=\"robots\" content=\"index, follow, max-snippet:-1, max-image-preview:large, max-video-preview:-1\" \/>\n<link rel=\"canonical\" href=\"https:\/\/www.eveline.hu\/2016\/eveline-kozmetikumok-szepsegapolas\/uncategorized\/gel-koromlakk-8ml-285\/\" \/>\n<meta property=\"og:locale\" content=\"hu_HU\" \/>\n<meta property=\"og:type\" content=\"article\" \/>\n<meta property=\"og:title\" content=\"G\u00e9l k\u00f6r\u00f6mlakk 8ml 285 - Eveline Cosmetics Magyarorsz\u00e1g\" \/>\n<meta property=\"og:description\" content=\"Hosszan tart\u00f3 hat\u00e1s, gyorsan sz\u00e1rad\u00f3 g\u00e9l k\u00f6r\u00f6mlakk. UV l\u00e1mpa n\u00e9lk\u00fcli haszn\u00e1latra. A k\u00e9p \u00e9s a term\u00e9k k\u00f6z\u00f6tt \u00e1rnyalatnyi elt\u00e9r\u00e9s lehet!\" \/>\n<meta property=\"og:url\" content=\"https:\/\/www.eveline.hu\/2016\/eveline-kozmetikumok-szepsegapolas\/uncategorized\/gel-koromlakk-8ml-285\/\" \/>\n<meta property=\"og:site_name\" content=\"Eveline Cosmetics Magyarorsz\u00e1g\" \/>\n<meta property=\"article:modified_time\" content=\"2025-05-20T09:45:48+00:00\" \/>\n<meta property=\"og:image\" content=\"https:\/\/www.eveline.hu\/2016\/wp-content\/uploads\/2025\/05\/gel-285.png\" \/>\n\t<meta property=\"og:image:width\" content=\"750\" \/>\n\t<meta property=\"og:image:height\" content=\"750\" \/>\n\t<meta property=\"og:image:type\" content=\"image\/png\" \/>\n<meta name=\"twitter:card\" content=\"summary_large_image\" \/>\n<meta name=\"twitter:label1\" content=\"Becs\u00fclt olvas\u00e1si id\u0151\" \/>\n\t<meta name=\"twitter:data1\" content=\"1 perc\" \/>\n<script type=\"application\/ld+json\" class=\"yoast-schema-graph\">{\"@context\":\"https:\/\/schema.org\",\"@graph\":[{\"@type\":\"WebPage\",\"@id\":\"https:\/\/www.eveline.hu\/2016\/eveline-kozmetikumok-szepsegapolas\/uncategorized\/gel-koromlakk-8ml-285\/\",\"url\":\"https:\/\/www.eveline.hu\/2016\/eveline-kozmetikumok-szepsegapolas\/uncategorized\/gel-koromlakk-8ml-285\/\",\"name\":\"G\u00e9l k\u00f6r\u00f6mlakk 8ml 285 - Eveline Cosmetics Magyarorsz\u00e1g\",\"isPartOf\":{\"@id\":\"https:\/\/www.eveline.hu\/2016\/#website\"},\"primaryImageOfPage\":{\"@id\":\"https:\/\/www.eveline.hu\/2016\/eveline-kozmetikumok-szepsegapolas\/uncategorized\/gel-koromlakk-8ml-285\/#primaryimage\"},\"image\":{\"@id\":\"https:\/\/www.eveline.hu\/2016\/eveline-kozmetikumok-szepsegapolas\/uncategorized\/gel-koromlakk-8ml-285\/#primaryimage\"},\"thumbnailUrl\":\"https:\/\/www.eveline.hu\/2016\/wp-content\/uploads\/2025\/05\/gel-285.png\",\"datePublished\":\"2025-05-20T09:45:47+00:00\",\"dateModified\":\"2025-05-20T09:45:48+00:00\",\"breadcrumb\":{\"@id\":\"https:\/\/www.eveline.hu\/2016\/eveline-kozmetikumok-szepsegapolas\/uncategorized\/gel-koromlakk-8ml-285\/#breadcrumb\"},\"inLanguage\":\"hu\",\"potentialAction\":[{\"@type\":\"ReadAction\",\"target\":[\"https:\/\/www.eveline.hu\/2016\/eveline-kozmetikumok-szepsegapolas\/uncategorized\/gel-koromlakk-8ml-285\/\"]}]},{\"@type\":\"ImageObject\",\"inLanguage\":\"hu\",\"@id\":\"https:\/\/www.eveline.hu\/2016\/eveline-kozmetikumok-szepsegapolas\/uncategorized\/gel-koromlakk-8ml-285\/#primaryimage\",\"url\":\"https:\/\/www.eveline.hu\/2016\/wp-content\/uploads\/2025\/05\/gel-285.png\",\"contentUrl\":\"https:\/\/www.eveline.hu\/2016\/wp-content\/uploads\/2025\/05\/gel-285.png\",\"width\":750,\"height\":750},{\"@type\":\"BreadcrumbList\",\"@id\":\"https:\/\/www.eveline.hu\/2016\/eveline-kozmetikumok-szepsegapolas\/uncategorized\/gel-koromlakk-8ml-285\/#breadcrumb\",\"itemListElement\":[{\"@type\":\"ListItem\",\"position\":1,\"name\":\"Home\",\"item\":\"https:\/\/www.eveline.hu\/2016\/\"},{\"@type\":\"ListItem\",\"position\":2,\"name\":\"Term\u00e9kek\",\"item\":\"https:\/\/www.eveline.hu\/2016\/shop\/\"},{\"@type\":\"ListItem\",\"position\":3,\"name\":\"G\u00e9l k\u00f6r\u00f6mlakk 8ml 285\"}]},{\"@type\":\"WebSite\",\"@id\":\"https:\/\/www.eveline.hu\/2016\/#website\",\"url\":\"https:\/\/www.eveline.hu\/2016\/\",\"name\":\"Eveline Cosmetics Magyarorsz\u00e1g\",\"description\":\"Min\u0151s\u00e9gi kozmetikumok Lengyelorsz\u00e1gb\u00f3l\",\"potentialAction\":[{\"@type\":\"SearchAction\",\"target\":{\"@type\":\"EntryPoint\",\"urlTemplate\":\"https:\/\/www.eveline.hu\/2016\/?s={search_term_string}\"},\"query-input\":\"required name=search_term_string\"}],\"inLanguage\":\"hu\"}]}<\/script>\n<!-- \/ Yoast SEO plugin. -->","yoast_head_json":{"title":"G\u00e9l k\u00f6r\u00f6mlakk 8ml 285 - Eveline Cosmetics Magyarorsz\u00e1g","robots":{"index":"index","follow":"follow","max-snippet":"max-snippet:-1","max-image-preview":"max-image-preview:large","max-video-preview":"max-video-preview:-1"},"canonical":"https:\/\/www.eveline.hu\/2016\/eveline-kozmetikumok-szepsegapolas\/uncategorized\/gel-koromlakk-8ml-285\/","og_locale":"hu_HU","og_type":"article","og_title":"G\u00e9l k\u00f6r\u00f6mlakk 8ml 285 - Eveline Cosmetics Magyarorsz\u00e1g","og_description":"Hosszan tart\u00f3 hat\u00e1s, gyorsan sz\u00e1rad\u00f3 g\u00e9l k\u00f6r\u00f6mlakk. UV l\u00e1mpa n\u00e9lk\u00fcli haszn\u00e1latra. A k\u00e9p \u00e9s a term\u00e9k k\u00f6z\u00f6tt \u00e1rnyalatnyi elt\u00e9r\u00e9s lehet!","og_url":"https:\/\/www.eveline.hu\/2016\/eveline-kozmetikumok-szepsegapolas\/uncategorized\/gel-koromlakk-8ml-285\/","og_site_name":"Eveline Cosmetics Magyarorsz\u00e1g","article_modified_time":"2025-05-20T09:45:48+00:00","og_image":[{"width":750,"height":750,"url":"https:\/\/www.eveline.hu\/2016\/wp-content\/uploads\/2025\/05\/gel-285.png","type":"image\/png"}],"twitter_card":"summary_large_image","twitter_misc":{"Becs\u00fclt olvas\u00e1si id\u0151":"1 perc"},"schema":{"@context":"https:\/\/schema.org","@graph":[{"@type":"WebPage","@id":"https:\/\/www.eveline.hu\/2016\/eveline-kozmetikumok-szepsegapolas\/uncategorized\/gel-koromlakk-8ml-285\/","url":"https:\/\/www.eveline.hu\/2016\/eveline-kozmetikumok-szepsegapolas\/uncategorized\/gel-koromlakk-8ml-285\/","name":"G\u00e9l k\u00f6r\u00f6mlakk 8ml 285 - Eveline Cosmetics Magyarorsz\u00e1g","isPartOf":{"@id":"https:\/\/www.eveline.hu\/2016\/#website"},"primaryImageOfPage":{"@id":"https:\/\/www.eveline.hu\/2016\/eveline-kozmetikumok-szepsegapolas\/uncategorized\/gel-koromlakk-8ml-285\/#primaryimage"},"image":{"@id":"https:\/\/www.eveline.hu\/2016\/eveline-kozmetikumok-szepsegapolas\/uncategorized\/gel-koromlakk-8ml-285\/#primaryimage"},"thumbnailUrl":"https:\/\/www.eveline.hu\/2016\/wp-content\/uploads\/2025\/05\/gel-285.png","datePublished":"2025-05-20T09:45:47+00:00","dateModified":"2025-05-20T09:45:48+00:00","breadcrumb":{"@id":"https:\/\/www.eveline.hu\/2016\/eveline-kozmetikumok-szepsegapolas\/uncategorized\/gel-koromlakk-8ml-285\/#breadcrumb"},"inLanguage":"hu","potentialAction":[{"@type":"ReadAction","target":["https:\/\/www.eveline.hu\/2016\/eveline-kozmetikumok-szepsegapolas\/uncategorized\/gel-koromlakk-8ml-285\/"]}]},{"@type":"ImageObject","inLanguage":"hu","@id":"https:\/\/www.eveline.hu\/2016\/eveline-kozmetikumok-szepsegapolas\/uncategorized\/gel-koromlakk-8ml-285\/#primaryimage","url":"https:\/\/www.eveline.hu\/2016\/wp-content\/uploads\/2025\/05\/gel-285.png","contentUrl":"https:\/\/www.eveline.hu\/2016\/wp-content\/uploads\/2025\/05\/gel-285.png","width":750,"height":750},{"@type":"BreadcrumbList","@id":"https:\/\/www.eveline.hu\/2016\/eveline-kozmetikumok-szepsegapolas\/uncategorized\/gel-koromlakk-8ml-285\/#breadcrumb","itemListElement":[{"@type":"ListItem","position":1,"name":"Home","item":"https:\/\/www.eveline.hu\/2016\/"},{"@type":"ListItem","position":2,"name":"Term\u00e9kek","item":"https:\/\/www.eveline.hu\/2016\/shop\/"},{"@type":"ListItem","position":3,"name":"G\u00e9l k\u00f6r\u00f6mlakk 8ml 285"}]},{"@type":"WebSite","@id":"https:\/\/www.eveline.hu\/2016\/#website","url":"https:\/\/www.eveline.hu\/2016\/","name":"Eveline Cosmetics Magyarorsz\u00e1g","description":"Min\u0151s\u00e9gi kozmetikumok Lengyelorsz\u00e1gb\u00f3l","potentialAction":[{"@type":"SearchAction","target":{"@type":"EntryPoint","urlTemplate":"https:\/\/www.eveline.hu\/2016\/?s={search_term_string}"},"query-input":"required name=search_term_string"}],"inLanguage":"hu"}]}},"_links":{"self":[{"href":"https:\/\/www.eveline.hu\/2016\/wp-json\/wp\/v2\/product\/31837"}],"collection":[{"href":"https:\/\/www.eveline.hu\/2016\/wp-json\/wp\/v2\/product"}],"about":[{"href":"https:\/\/www.eveline.hu\/2016\/wp-json\/wp\/v2\/types\/product"}],"replies":[{"embeddable":true,"href":"https:\/\/www.eveline.hu\/2016\/wp-json\/wp\/v2\/comments?post=31837"}],"wp:featuredmedia":[{"embeddable":true,"href":"https:\/\/www.eveline.hu\/2016\/wp-json\/wp\/v2\/media\/31838"}],"wp:attachment":[{"href":"https:\/\/www.eveline.hu\/2016\/wp-json\/wp\/v2\/media?parent=31837"}],"wp:term":[{"taxonomy":"product_cat","embeddable":true,"href":"https:\/\/www.eveline.hu\/2016\/wp-json\/wp\/v2\/product_cat?post=31837"},{"taxonomy":"product_tag","embeddable":true,"href":"https:\/\/www.eveline.hu\/2016\/wp-json\/wp\/v2\/product_tag?post=31837"}],"curies":[{"name":"wp","href":"https:\/\/api.w.org\/{rel}","templated":true}]}}

Gél körömlakk 8ml 285

<p>Hosszan tartó hatás, gyorsan száradó gél körömlakk.<br />
UV lámpa nélküli használatra.</p>
<p>A kép és a termék között árnyalatnyi eltérés lehet!</p>

<p>Hosszan tartó hatás, gyorsan száradó gél körömlakk. UV lámpa nélküli használatra. A kép és a termék között árnyalatnyi eltérés lehet!</p>

<!-- This site is optimized with the Yoast SEO plugin v22.2 - https://yoast.com/wordpress/plugins/seo/ -->
<title>Gél körömlakk 8ml 285 - Eveline Cosmetics Magyarország</title>
<meta name="robots" content="index, follow, max-snippet:-1, max-image-preview:large, max-video-preview:-1" />
<link rel="canonical" href="https://www.eveline.hu/2016/eveline-kozmetikumok-szepsegapolas/uncategorized/gel-koromlakk-8ml-285/" />
<meta property="og:locale" content="hu_HU" />
<meta property="og:type" content="article" />
<meta property="og:title" content="Gél körömlakk 8ml 285 - Eveline Cosmetics Magyarország" />
<meta property="og:description" content="Hosszan tartó hatás, gyorsan száradó gél körömlakk. UV lámpa nélküli használatra. A kép és a termék között árnyalatnyi eltérés lehet!" />
<meta property="og:url" content="https://www.eveline.hu/2016/eveline-kozmetikumok-szepsegapolas/uncategorized/gel-koromlakk-8ml-285/" />
<meta property="og:site_name" content="Eveline Cosmetics Magyarország" />
<meta property="article:modified_time" content="2025-05-20T09:45:48+00:00" />
<meta property="og:image" content="https://www.eveline.hu/2016/wp-content/uploads/2025/05/gel-285.png" />
	<meta property="og:image:width" content="750" />
	<meta property="og:image:height" content="750" />
	<meta property="og:image:type" content="image/png" />
<meta name="twitter:card" content="summary_large_image" />
<meta name="twitter:label1" content="Becsült olvasási idő" />
	<meta name="twitter:data1" content="1 perc" />
<script type="application/ld+json" class="yoast-schema-graph">{"@context":"https://schema.org","@graph":[{"@type":"WebPage","@id":"https://www.eveline.hu/2016/eveline-kozmetikumok-szepsegapolas/uncategorized/gel-koromlakk-8ml-285/","url":"https://www.eveline.hu/2016/eveline-kozmetikumok-szepsegapolas/uncategorized/gel-koromlakk-8ml-285/","name":"Gél körömlakk 8ml 285 - Eveline Cosmetics Magyarország","isPartOf":{"@id":"https://www.eveline.hu/2016/#website"},"primaryImageOfPage":{"@id":"https://www.eveline.hu/2016/eveline-kozmetikumok-szepsegapolas/uncategorized/gel-koromlakk-8ml-285/#primaryimage"},"image":{"@id":"https://www.eveline.hu/2016/eveline-kozmetikumok-szepsegapolas/uncategorized/gel-koromlakk-8ml-285/#primaryimage"},"thumbnailUrl":"https://www.eveline.hu/2016/wp-content/uploads/2025/05/gel-285.png","datePublished":"2025-05-20T09:45:47+00:00","dateModified":"2025-05-20T09:45:48+00:00","breadcrumb":{"@id":"https://www.eveline.hu/2016/eveline-kozmetikumok-szepsegapolas/uncategorized/gel-koromlakk-8ml-285/#breadcrumb"},"inLanguage":"hu","potentialAction":[{"@type":"ReadAction","target":["https://www.eveline.hu/2016/eveline-kozmetikumok-szepsegapolas/uncategorized/gel-koromlakk-8ml-285/"]}]},{"@type":"ImageObject","inLanguage":"hu","@id":"https://www.eveline.hu/2016/eveline-kozmetikumok-szepsegapolas/uncategorized/gel-koromlakk-8ml-285/#primaryimage","url":"https://www.eveline.hu/2016/wp-content/uploads/2025/05/gel-285.png","contentUrl":"https://www.eveline.hu/2016/wp-content/uploads/2025/05/gel-285.png","width":750,"height":750},{"@type":"BreadcrumbList","@id":"https://www.eveline.hu/2016/eveline-kozmetikumok-szepsegapolas/uncategorized/gel-koromlakk-8ml-285/#breadcrumb","itemListElement":[{"@type":"ListItem","position":1,"name":"Home","item":"https://www.eveline.hu/2016/"},{"@type":"ListItem","position":2,"name":"Termékek","item":"https://www.eveline.hu/2016/shop/"},{"@type":"ListItem","position":3,"name":"Gél körömlakk 8ml 285"}]},{"@type":"WebSite","@id":"https://www.eveline.hu/2016/#website","url":"https://www.eveline.hu/2016/","name":"Eveline Cosmetics Magyarország","description":"Minőségi kozmetikumok Lengyelországból","potentialAction":[{"@type":"SearchAction","target":{"@type":"EntryPoint","urlTemplate":"https://www.eveline.hu/2016/?s={search_term_string}"},"query-input":"required name=search_term_string"}],"inLanguage":"hu"}]}</script>
<!-- / Yoast SEO plugin. -->

Gél körömlakk 8ml 285 - Eveline Cosmetics Magyarország

Hosszan tartó hatás, gyorsan száradó gél körömlakk. UV lámpa nélküli használatra. A kép és a termék között árnyalatnyi eltérés lehet!

Eveline Cosmetics Magyarország

Termékek

Minőségi kozmetikumok Lengyelországból
