{"id":30831,"date":"2024-06-06T14:31:34","date_gmt":"2024-06-06T12:31:34","guid":{"rendered":"https:\/\/www.eveline.hu\/2016\/?post_type=product&#038;p=30831"},"modified":"2024-12-02T11:26:43","modified_gmt":"2024-12-02T10:26:43","slug":"regeneralo-szerum-10-ahas-es-bha-komplex-18-ml","status":"publish","type":"product","link":"https:\/\/www.eveline.hu\/2016\/eveline-kozmetikumok-szepsegapolas\/termekcsaladok\/serum-shots\/regeneralo-szerum-10-ahas-es-bha-komplex-18-ml\/","title":{"rendered":"REGENER\u00c1L\u00d3 SZ\u00c9RUM 10% AHAs \u00e9s BHA KOMPLEX 18 ml"},"content":{"rendered":"<p>ARC-NYAK-DEKOLT\u00c1ZS<\/p>\n<p>Elt\u00e1vol\u00edtja az elhalt felh\u00e1mot \u00e9s \u00f6sszeh\u00fazza a p\u00f3rusokat.<\/p>\n<p>Seg\u00edti a b\u0151r meg\u00fajul\u00e1s\u00e1t. Jav\u00edtja a b\u0151rt\u00f3nust.<\/p>\n<p>Legjobb a b\u0151rnek:<\/p>\n<p>Egyenetlen t\u00f3nus\u00fa. Apr\u00f3 t\u00f6k\u00e9letlens\u00e9gekkel. Probl\u00e9m\u00e1s.<\/p>\n<p>Meg\u00fajul\u00e1sra szorul\u00f3.<\/p>\n<p>AHA savak: L\u00e1that\u00f3an kisim\u00edtj\u00e1k a b\u0151r szerkezet\u00e9t \u00e9s kiegyenl\u00edtik t\u00f3nus\u00e1t.<\/p>\n<p>BHA sav: Gyeng\u00e9den h\u00e1mlasztja az elhalt felh\u00e1mot, megel\u0151zve a t\u00f6k\u00e9letlens\u00e9gek kialakul\u00e1s\u00e1t.<\/p>\n<p><strong>ALKALMAZ\u00c1S:<\/strong><\/p>\n<p>1.Vigyen fel kis mennyis\u00e9g\u0171 sz\u00e9rumot a megtiszt\u00edtott b\u0151rre az arcon, nyakon \u00e9s dekolt\u00e1zson. 2. A sz\u00e9rum nagyon t\u00f6m\u00e9ny, \u00edgy 2-3 csepp el\u00e9g.<\/p>\n<ol start=\"3\">\n<li>V\u00e1rjon egy kicsit, am\u00edg a sz\u00e9rum felsz\u00edv\u00f3dik. 4. Vigye fel a kedvenc b\u0151r\u00e1pol\u00f3 kr\u00e9met.<\/li>\n<\/ol>\n","protected":false},"excerpt":{"rendered":"<p>ARC-NYAK-DEKOLT\u00c1ZS Elt\u00e1vol\u00edtja az elhalt felh\u00e1mot \u00e9s \u00f6sszeh\u00fazza a p\u00f3rusokat. Seg\u00edti a b\u0151r meg\u00fajul\u00e1s\u00e1t. Jav\u00edtja a b\u0151rt\u00f3nust. Legjobb a b\u0151rnek: Egyenetlen t\u00f3nus\u00fa. Apr\u00f3 t\u00f6k\u00e9letlens\u00e9gekkel. Probl\u00e9m\u00e1s. Meg\u00fajul\u00e1sra szorul\u00f3. AHA savak: L\u00e1that\u00f3an kisim\u00edtj\u00e1k a b\u0151r szerkezet\u00e9t \u00e9s kiegyenl\u00edtik t\u00f3nus\u00e1t. BHA sav: Gyeng\u00e9den h\u00e1mlasztja [&hellip;]<\/p>\n","protected":false},"featured_media":30832,"comment_status":"open","ping_status":"closed","template":"","meta":[],"product_cat":[302,301,80],"product_tag":[],"yoast_head":"<!-- This site is optimized with the Yoast SEO plugin v22.2 - https:\/\/yoast.com\/wordpress\/plugins\/seo\/ -->\n<title>REGENER\u00c1L\u00d3 SZ\u00c9RUM 10% AHAs \u00e9s BHA KOMPLEX 18 ml - Eveline Cosmetics Magyarorsz\u00e1g<\/title>\n<meta name=\"robots\" content=\"index, follow, max-snippet:-1, max-image-preview:large, max-video-preview:-1\" \/>\n<link rel=\"canonical\" href=\"https:\/\/www.eveline.hu\/2016\/eveline-kozmetikumok-szepsegapolas\/termekcsaladok\/serum-shots\/regeneralo-szerum-10-ahas-es-bha-komplex-18-ml\/\" \/>\n<meta property=\"og:locale\" content=\"hu_HU\" \/>\n<meta property=\"og:type\" content=\"article\" \/>\n<meta property=\"og:title\" content=\"REGENER\u00c1L\u00d3 SZ\u00c9RUM 10% AHAs \u00e9s BHA KOMPLEX 18 ml - Eveline Cosmetics Magyarorsz\u00e1g\" \/>\n<meta property=\"og:description\" content=\"ARC-NYAK-DEKOLT\u00c1ZS Elt\u00e1vol\u00edtja az elhalt felh\u00e1mot \u00e9s \u00f6sszeh\u00fazza a p\u00f3rusokat. Seg\u00edti a b\u0151r meg\u00fajul\u00e1s\u00e1t. Jav\u00edtja a b\u0151rt\u00f3nust. Legjobb a b\u0151rnek: Egyenetlen t\u00f3nus\u00fa. Apr\u00f3 t\u00f6k\u00e9letlens\u00e9gekkel. Probl\u00e9m\u00e1s. Meg\u00fajul\u00e1sra szorul\u00f3. AHA savak: L\u00e1that\u00f3an kisim\u00edtj\u00e1k a b\u0151r szerkezet\u00e9t \u00e9s kiegyenl\u00edtik t\u00f3nus\u00e1t. BHA sav: Gyeng\u00e9den h\u00e1mlasztja [&hellip;]\" \/>\n<meta property=\"og:url\" content=\"https:\/\/www.eveline.hu\/2016\/eveline-kozmetikumok-szepsegapolas\/termekcsaladok\/serum-shots\/regeneralo-szerum-10-ahas-es-bha-komplex-18-ml\/\" \/>\n<meta property=\"og:site_name\" content=\"Eveline Cosmetics Magyarorsz\u00e1g\" \/>\n<meta property=\"article:modified_time\" content=\"2024-12-02T10:26:43+00:00\" \/>\n<meta property=\"og:image\" content=\"https:\/\/www.eveline.hu\/2016\/wp-content\/uploads\/2024\/06\/5903416061212-CONCENTRATED-FORMULA-REGENERATING-SERUM-18-ML-w.png\" \/>\n\t<meta property=\"og:image:width\" content=\"750\" \/>\n\t<meta property=\"og:image:height\" content=\"750\" \/>\n\t<meta property=\"og:image:type\" content=\"image\/png\" \/>\n<meta name=\"twitter:card\" content=\"summary_large_image\" \/>\n<meta name=\"twitter:label1\" content=\"Becs\u00fclt olvas\u00e1si id\u0151\" \/>\n\t<meta name=\"twitter:data1\" content=\"1 perc\" \/>\n<script type=\"application\/ld+json\" class=\"yoast-schema-graph\">{\"@context\":\"https:\/\/schema.org\",\"@graph\":[{\"@type\":\"WebPage\",\"@id\":\"https:\/\/www.eveline.hu\/2016\/eveline-kozmetikumok-szepsegapolas\/termekcsaladok\/serum-shots\/regeneralo-szerum-10-ahas-es-bha-komplex-18-ml\/\",\"url\":\"https:\/\/www.eveline.hu\/2016\/eveline-kozmetikumok-szepsegapolas\/termekcsaladok\/serum-shots\/regeneralo-szerum-10-ahas-es-bha-komplex-18-ml\/\",\"name\":\"REGENER\u00c1L\u00d3 SZ\u00c9RUM 10% AHAs \u00e9s BHA KOMPLEX 18 ml - Eveline Cosmetics Magyarorsz\u00e1g\",\"isPartOf\":{\"@id\":\"https:\/\/www.eveline.hu\/2016\/#website\"},\"primaryImageOfPage\":{\"@id\":\"https:\/\/www.eveline.hu\/2016\/eveline-kozmetikumok-szepsegapolas\/termekcsaladok\/serum-shots\/regeneralo-szerum-10-ahas-es-bha-komplex-18-ml\/#primaryimage\"},\"image\":{\"@id\":\"https:\/\/www.eveline.hu\/2016\/eveline-kozmetikumok-szepsegapolas\/termekcsaladok\/serum-shots\/regeneralo-szerum-10-ahas-es-bha-komplex-18-ml\/#primaryimage\"},\"thumbnailUrl\":\"https:\/\/www.eveline.hu\/2016\/wp-content\/uploads\/2024\/06\/5903416061212-CONCENTRATED-FORMULA-REGENERATING-SERUM-18-ML-w.png\",\"datePublished\":\"2024-06-06T12:31:34+00:00\",\"dateModified\":\"2024-12-02T10:26:43+00:00\",\"breadcrumb\":{\"@id\":\"https:\/\/www.eveline.hu\/2016\/eveline-kozmetikumok-szepsegapolas\/termekcsaladok\/serum-shots\/regeneralo-szerum-10-ahas-es-bha-komplex-18-ml\/#breadcrumb\"},\"inLanguage\":\"hu\",\"potentialAction\":[{\"@type\":\"ReadAction\",\"target\":[\"https:\/\/www.eveline.hu\/2016\/eveline-kozmetikumok-szepsegapolas\/termekcsaladok\/serum-shots\/regeneralo-szerum-10-ahas-es-bha-komplex-18-ml\/\"]}]},{\"@type\":\"ImageObject\",\"inLanguage\":\"hu\",\"@id\":\"https:\/\/www.eveline.hu\/2016\/eveline-kozmetikumok-szepsegapolas\/termekcsaladok\/serum-shots\/regeneralo-szerum-10-ahas-es-bha-komplex-18-ml\/#primaryimage\",\"url\":\"https:\/\/www.eveline.hu\/2016\/wp-content\/uploads\/2024\/06\/5903416061212-CONCENTRATED-FORMULA-REGENERATING-SERUM-18-ML-w.png\",\"contentUrl\":\"https:\/\/www.eveline.hu\/2016\/wp-content\/uploads\/2024\/06\/5903416061212-CONCENTRATED-FORMULA-REGENERATING-SERUM-18-ML-w.png\",\"width\":750,\"height\":750},{\"@type\":\"BreadcrumbList\",\"@id\":\"https:\/\/www.eveline.hu\/2016\/eveline-kozmetikumok-szepsegapolas\/termekcsaladok\/serum-shots\/regeneralo-szerum-10-ahas-es-bha-komplex-18-ml\/#breadcrumb\",\"itemListElement\":[{\"@type\":\"ListItem\",\"position\":1,\"name\":\"Home\",\"item\":\"https:\/\/www.eveline.hu\/2016\/\"},{\"@type\":\"ListItem\",\"position\":2,\"name\":\"Term\u00e9kek\",\"item\":\"https:\/\/www.eveline.hu\/2016\/shop\/\"},{\"@type\":\"ListItem\",\"position\":3,\"name\":\"REGENER\u00c1L\u00d3 SZ\u00c9RUM 10% AHAs \u00e9s BHA KOMPLEX 18 ml\"}]},{\"@type\":\"WebSite\",\"@id\":\"https:\/\/www.eveline.hu\/2016\/#website\",\"url\":\"https:\/\/www.eveline.hu\/2016\/\",\"name\":\"Eveline Cosmetics Magyarorsz\u00e1g\",\"description\":\"Min\u0151s\u00e9gi kozmetikumok Lengyelorsz\u00e1gb\u00f3l\",\"potentialAction\":[{\"@type\":\"SearchAction\",\"target\":{\"@type\":\"EntryPoint\",\"urlTemplate\":\"https:\/\/www.eveline.hu\/2016\/?s={search_term_string}\"},\"query-input\":\"required name=search_term_string\"}],\"inLanguage\":\"hu\"}]}<\/script>\n<!-- \/ Yoast SEO plugin. -->","yoast_head_json":{"title":"REGENER\u00c1L\u00d3 SZ\u00c9RUM 10% AHAs \u00e9s BHA KOMPLEX 18 ml - Eveline Cosmetics Magyarorsz\u00e1g","robots":{"index":"index","follow":"follow","max-snippet":"max-snippet:-1","max-image-preview":"max-image-preview:large","max-video-preview":"max-video-preview:-1"},"canonical":"https:\/\/www.eveline.hu\/2016\/eveline-kozmetikumok-szepsegapolas\/termekcsaladok\/serum-shots\/regeneralo-szerum-10-ahas-es-bha-komplex-18-ml\/","og_locale":"hu_HU","og_type":"article","og_title":"REGENER\u00c1L\u00d3 SZ\u00c9RUM 10% AHAs \u00e9s BHA KOMPLEX 18 ml - Eveline Cosmetics Magyarorsz\u00e1g","og_description":"ARC-NYAK-DEKOLT\u00c1ZS Elt\u00e1vol\u00edtja az elhalt felh\u00e1mot \u00e9s \u00f6sszeh\u00fazza a p\u00f3rusokat. Seg\u00edti a b\u0151r meg\u00fajul\u00e1s\u00e1t. Jav\u00edtja a b\u0151rt\u00f3nust. Legjobb a b\u0151rnek: Egyenetlen t\u00f3nus\u00fa. Apr\u00f3 t\u00f6k\u00e9letlens\u00e9gekkel. Probl\u00e9m\u00e1s. Meg\u00fajul\u00e1sra szorul\u00f3. AHA savak: L\u00e1that\u00f3an kisim\u00edtj\u00e1k a b\u0151r szerkezet\u00e9t \u00e9s kiegyenl\u00edtik t\u00f3nus\u00e1t. BHA sav: Gyeng\u00e9den h\u00e1mlasztja [&hellip;]","og_url":"https:\/\/www.eveline.hu\/2016\/eveline-kozmetikumok-szepsegapolas\/termekcsaladok\/serum-shots\/regeneralo-szerum-10-ahas-es-bha-komplex-18-ml\/","og_site_name":"Eveline Cosmetics Magyarorsz\u00e1g","article_modified_time":"2024-12-02T10:26:43+00:00","og_image":[{"width":750,"height":750,"url":"https:\/\/www.eveline.hu\/2016\/wp-content\/uploads\/2024\/06\/5903416061212-CONCENTRATED-FORMULA-REGENERATING-SERUM-18-ML-w.png","type":"image\/png"}],"twitter_card":"summary_large_image","twitter_misc":{"Becs\u00fclt olvas\u00e1si id\u0151":"1 perc"},"schema":{"@context":"https:\/\/schema.org","@graph":[{"@type":"WebPage","@id":"https:\/\/www.eveline.hu\/2016\/eveline-kozmetikumok-szepsegapolas\/termekcsaladok\/serum-shots\/regeneralo-szerum-10-ahas-es-bha-komplex-18-ml\/","url":"https:\/\/www.eveline.hu\/2016\/eveline-kozmetikumok-szepsegapolas\/termekcsaladok\/serum-shots\/regeneralo-szerum-10-ahas-es-bha-komplex-18-ml\/","name":"REGENER\u00c1L\u00d3 SZ\u00c9RUM 10% AHAs \u00e9s BHA KOMPLEX 18 ml - Eveline Cosmetics Magyarorsz\u00e1g","isPartOf":{"@id":"https:\/\/www.eveline.hu\/2016\/#website"},"primaryImageOfPage":{"@id":"https:\/\/www.eveline.hu\/2016\/eveline-kozmetikumok-szepsegapolas\/termekcsaladok\/serum-shots\/regeneralo-szerum-10-ahas-es-bha-komplex-18-ml\/#primaryimage"},"image":{"@id":"https:\/\/www.eveline.hu\/2016\/eveline-kozmetikumok-szepsegapolas\/termekcsaladok\/serum-shots\/regeneralo-szerum-10-ahas-es-bha-komplex-18-ml\/#primaryimage"},"thumbnailUrl":"https:\/\/www.eveline.hu\/2016\/wp-content\/uploads\/2024\/06\/5903416061212-CONCENTRATED-FORMULA-REGENERATING-SERUM-18-ML-w.png","datePublished":"2024-06-06T12:31:34+00:00","dateModified":"2024-12-02T10:26:43+00:00","breadcrumb":{"@id":"https:\/\/www.eveline.hu\/2016\/eveline-kozmetikumok-szepsegapolas\/termekcsaladok\/serum-shots\/regeneralo-szerum-10-ahas-es-bha-komplex-18-ml\/#breadcrumb"},"inLanguage":"hu","potentialAction":[{"@type":"ReadAction","target":["https:\/\/www.eveline.hu\/2016\/eveline-kozmetikumok-szepsegapolas\/termekcsaladok\/serum-shots\/regeneralo-szerum-10-ahas-es-bha-komplex-18-ml\/"]}]},{"@type":"ImageObject","inLanguage":"hu","@id":"https:\/\/www.eveline.hu\/2016\/eveline-kozmetikumok-szepsegapolas\/termekcsaladok\/serum-shots\/regeneralo-szerum-10-ahas-es-bha-komplex-18-ml\/#primaryimage","url":"https:\/\/www.eveline.hu\/2016\/wp-content\/uploads\/2024\/06\/5903416061212-CONCENTRATED-FORMULA-REGENERATING-SERUM-18-ML-w.png","contentUrl":"https:\/\/www.eveline.hu\/2016\/wp-content\/uploads\/2024\/06\/5903416061212-CONCENTRATED-FORMULA-REGENERATING-SERUM-18-ML-w.png","width":750,"height":750},{"@type":"BreadcrumbList","@id":"https:\/\/www.eveline.hu\/2016\/eveline-kozmetikumok-szepsegapolas\/termekcsaladok\/serum-shots\/regeneralo-szerum-10-ahas-es-bha-komplex-18-ml\/#breadcrumb","itemListElement":[{"@type":"ListItem","position":1,"name":"Home","item":"https:\/\/www.eveline.hu\/2016\/"},{"@type":"ListItem","position":2,"name":"Term\u00e9kek","item":"https:\/\/www.eveline.hu\/2016\/shop\/"},{"@type":"ListItem","position":3,"name":"REGENER\u00c1L\u00d3 SZ\u00c9RUM 10% AHAs \u00e9s BHA KOMPLEX 18 ml"}]},{"@type":"WebSite","@id":"https:\/\/www.eveline.hu\/2016\/#website","url":"https:\/\/www.eveline.hu\/2016\/","name":"Eveline Cosmetics Magyarorsz\u00e1g","description":"Min\u0151s\u00e9gi kozmetikumok Lengyelorsz\u00e1gb\u00f3l","potentialAction":[{"@type":"SearchAction","target":{"@type":"EntryPoint","urlTemplate":"https:\/\/www.eveline.hu\/2016\/?s={search_term_string}"},"query-input":"required name=search_term_string"}],"inLanguage":"hu"}]}},"_links":{"self":[{"href":"https:\/\/www.eveline.hu\/2016\/wp-json\/wp\/v2\/product\/30831"}],"collection":[{"href":"https:\/\/www.eveline.hu\/2016\/wp-json\/wp\/v2\/product"}],"about":[{"href":"https:\/\/www.eveline.hu\/2016\/wp-json\/wp\/v2\/types\/product"}],"replies":[{"embeddable":true,"href":"https:\/\/www.eveline.hu\/2016\/wp-json\/wp\/v2\/comments?post=30831"}],"wp:featuredmedia":[{"embeddable":true,"href":"https:\/\/www.eveline.hu\/2016\/wp-json\/wp\/v2\/media\/30832"}],"wp:attachment":[{"href":"https:\/\/www.eveline.hu\/2016\/wp-json\/wp\/v2\/media?parent=30831"}],"wp:term":[{"taxonomy":"product_cat","embeddable":true,"href":"https:\/\/www.eveline.hu\/2016\/wp-json\/wp\/v2\/product_cat?post=30831"},{"taxonomy":"product_tag","embeddable":true,"href":"https:\/\/www.eveline.hu\/2016\/wp-json\/wp\/v2\/product_tag?post=30831"}],"curies":[{"name":"wp","href":"https:\/\/api.w.org\/{rel}","templated":true}]}}