{"id":30827,"date":"2024-06-06T14:23:03","date_gmt":"2024-06-06T12:23:03","guid":{"rendered":"https:\/\/www.eveline.hu\/2016\/?post_type=product&#038;p=30827"},"modified":"2024-08-22T08:06:01","modified_gmt":"2024-08-22T06:06:01","slug":"hidratalo-szerum-2-hialuronsav-es-b5-vitamin-komplex-18-ml","status":"publish","type":"product","link":"https:\/\/www.eveline.hu\/2016\/eveline-kozmetikumok-szepsegapolas\/termekcsaladok\/serum-shots\/hidratalo-szerum-2-hialuronsav-es-b5-vitamin-komplex-18-ml\/","title":{"rendered":"HIDRAT\u00c1L\u00d3 SZ\u00c9RUM 2% HIALURONSAV \u00e9s B5 VITAMIN KOMPLEX 18 ml"},"content":{"rendered":"<p>ARC-NYAK-DEKOLT\u00c1ZS<\/p>\n<p>M\u00e9lyen hidrat\u00e1l. Kisim\u00edtja a r\u00e1ncokat. Regener\u00e1l, t\u00e1pl\u00e1l \u00e9s feszes\u00edt.<\/p>\n<p>Legjobb a b\u0151rnek:<\/p>\n<p>Norm\u00e1l. Fak\u00f3. Dehidrat\u00e1lt. Sz\u00e1raz \u00e9s \u00e9rz\u00e9keny.<\/p>\n<p>HIALURONSAV: Megk\u00f6ti a vizet, \u00edgy hat\u00e9konyan hidrat\u00e1lja, feszes\u00edti \u00e9s kisim\u00edtja a b\u0151rt, megel\u0151zve a r\u00e1ncok kialakul\u00e1s\u00e1t.<\/p>\n<p>B5 VITAMIN: Felgyors\u00edtja az epidermisz regener\u00e1ci\u00f3s folyamatait, nyugtatja \u00e9s csillap\u00edtja a b\u0151rt.<\/p>\n<p><strong>ALKALMAZ\u00c1S:<\/strong><\/p>\n<p>1.Vigyen fel kis mennyis\u00e9g\u0171 sz\u00e9rumot a megtiszt\u00edtott b\u0151rre az arcon, nyakon \u00e9s dekolt\u00e1zson. 2. A sz\u00e9rum nagyon t\u00f6m\u00e9ny, \u00edgy 2-3 csepp el\u00e9g. V\u00e1rjon egy kicsit, am\u00edg a sz\u00e9rum felsz\u00edv\u00f3dik. 4. Vigye fel a kedvenc b\u0151r\u00e1pol\u00f3 kr\u00e9met.<\/p>\n","protected":false},"excerpt":{"rendered":"<p>ARC-NYAK-DEKOLT\u00c1ZS M\u00e9lyen hidrat\u00e1l. Kisim\u00edtja a r\u00e1ncokat. Regener\u00e1l, t\u00e1pl\u00e1l \u00e9s feszes\u00edt. Legjobb a b\u0151rnek: Norm\u00e1l. Fak\u00f3. Dehidrat\u00e1lt. Sz\u00e1raz \u00e9s \u00e9rz\u00e9keny. HIALURONSAV: Megk\u00f6ti a vizet, \u00edgy hat\u00e9konyan hidrat\u00e1lja, feszes\u00edti \u00e9s kisim\u00edtja a b\u0151rt, megel\u0151zve a r\u00e1ncok kialakul\u00e1s\u00e1t. B5 VITAMIN: Felgyors\u00edtja az epidermisz [&hellip;]<\/p>\n","protected":false},"featured_media":30829,"comment_status":"open","ping_status":"closed","template":"","meta":[],"product_cat":[286,301,80],"product_tag":[],"yoast_head":"<!-- This site is optimized with the Yoast SEO plugin v22.2 - https:\/\/yoast.com\/wordpress\/plugins\/seo\/ -->\n<title>HIDRAT\u00c1L\u00d3 SZ\u00c9RUM 2% HIALURONSAV \u00e9s B5 VITAMIN KOMPLEX 18 ml - Eveline Cosmetics Magyarorsz\u00e1g<\/title>\n<meta name=\"robots\" content=\"index, follow, max-snippet:-1, max-image-preview:large, max-video-preview:-1\" \/>\n<link rel=\"canonical\" href=\"https:\/\/www.eveline.hu\/2016\/eveline-kozmetikumok-szepsegapolas\/termekcsaladok\/serum-shots\/hidratalo-szerum-2-hialuronsav-es-b5-vitamin-komplex-18-ml\/\" \/>\n<meta property=\"og:locale\" content=\"hu_HU\" \/>\n<meta property=\"og:type\" content=\"article\" \/>\n<meta property=\"og:title\" content=\"HIDRAT\u00c1L\u00d3 SZ\u00c9RUM 2% HIALURONSAV \u00e9s B5 VITAMIN KOMPLEX 18 ml - Eveline Cosmetics Magyarorsz\u00e1g\" \/>\n<meta property=\"og:description\" content=\"ARC-NYAK-DEKOLT\u00c1ZS M\u00e9lyen hidrat\u00e1l. Kisim\u00edtja a r\u00e1ncokat. Regener\u00e1l, t\u00e1pl\u00e1l \u00e9s feszes\u00edt. Legjobb a b\u0151rnek: Norm\u00e1l. Fak\u00f3. Dehidrat\u00e1lt. Sz\u00e1raz \u00e9s \u00e9rz\u00e9keny. HIALURONSAV: Megk\u00f6ti a vizet, \u00edgy hat\u00e9konyan hidrat\u00e1lja, feszes\u00edti \u00e9s kisim\u00edtja a b\u0151rt, megel\u0151zve a r\u00e1ncok kialakul\u00e1s\u00e1t. B5 VITAMIN: Felgyors\u00edtja az epidermisz [&hellip;]\" \/>\n<meta property=\"og:url\" content=\"https:\/\/www.eveline.hu\/2016\/eveline-kozmetikumok-szepsegapolas\/termekcsaladok\/serum-shots\/hidratalo-szerum-2-hialuronsav-es-b5-vitamin-komplex-18-ml\/\" \/>\n<meta property=\"og:site_name\" content=\"Eveline Cosmetics Magyarorsz\u00e1g\" \/>\n<meta property=\"article:modified_time\" content=\"2024-08-22T06:06:01+00:00\" \/>\n<meta property=\"og:image\" content=\"https:\/\/www.eveline.hu\/2016\/wp-content\/uploads\/2024\/06\/5903416061151-CONCENTRATED-FORMULA-MOISTURIZING-SERUM-18-ML-w.png\" \/>\n\t<meta property=\"og:image:width\" content=\"750\" \/>\n\t<meta property=\"og:image:height\" content=\"750\" \/>\n\t<meta property=\"og:image:type\" content=\"image\/png\" \/>\n<meta name=\"twitter:card\" content=\"summary_large_image\" \/>\n<meta name=\"twitter:label1\" content=\"Becs\u00fclt olvas\u00e1si id\u0151\" \/>\n\t<meta name=\"twitter:data1\" content=\"1 perc\" \/>\n<script type=\"application\/ld+json\" class=\"yoast-schema-graph\">{\"@context\":\"https:\/\/schema.org\",\"@graph\":[{\"@type\":\"WebPage\",\"@id\":\"https:\/\/www.eveline.hu\/2016\/eveline-kozmetikumok-szepsegapolas\/termekcsaladok\/serum-shots\/hidratalo-szerum-2-hialuronsav-es-b5-vitamin-komplex-18-ml\/\",\"url\":\"https:\/\/www.eveline.hu\/2016\/eveline-kozmetikumok-szepsegapolas\/termekcsaladok\/serum-shots\/hidratalo-szerum-2-hialuronsav-es-b5-vitamin-komplex-18-ml\/\",\"name\":\"HIDRAT\u00c1L\u00d3 SZ\u00c9RUM 2% HIALURONSAV \u00e9s B5 VITAMIN KOMPLEX 18 ml - Eveline Cosmetics Magyarorsz\u00e1g\",\"isPartOf\":{\"@id\":\"https:\/\/www.eveline.hu\/2016\/#website\"},\"primaryImageOfPage\":{\"@id\":\"https:\/\/www.eveline.hu\/2016\/eveline-kozmetikumok-szepsegapolas\/termekcsaladok\/serum-shots\/hidratalo-szerum-2-hialuronsav-es-b5-vitamin-komplex-18-ml\/#primaryimage\"},\"image\":{\"@id\":\"https:\/\/www.eveline.hu\/2016\/eveline-kozmetikumok-szepsegapolas\/termekcsaladok\/serum-shots\/hidratalo-szerum-2-hialuronsav-es-b5-vitamin-komplex-18-ml\/#primaryimage\"},\"thumbnailUrl\":\"https:\/\/www.eveline.hu\/2016\/wp-content\/uploads\/2024\/06\/5903416061151-CONCENTRATED-FORMULA-MOISTURIZING-SERUM-18-ML-w.png\",\"datePublished\":\"2024-06-06T12:23:03+00:00\",\"dateModified\":\"2024-08-22T06:06:01+00:00\",\"breadcrumb\":{\"@id\":\"https:\/\/www.eveline.hu\/2016\/eveline-kozmetikumok-szepsegapolas\/termekcsaladok\/serum-shots\/hidratalo-szerum-2-hialuronsav-es-b5-vitamin-komplex-18-ml\/#breadcrumb\"},\"inLanguage\":\"hu\",\"potentialAction\":[{\"@type\":\"ReadAction\",\"target\":[\"https:\/\/www.eveline.hu\/2016\/eveline-kozmetikumok-szepsegapolas\/termekcsaladok\/serum-shots\/hidratalo-szerum-2-hialuronsav-es-b5-vitamin-komplex-18-ml\/\"]}]},{\"@type\":\"ImageObject\",\"inLanguage\":\"hu\",\"@id\":\"https:\/\/www.eveline.hu\/2016\/eveline-kozmetikumok-szepsegapolas\/termekcsaladok\/serum-shots\/hidratalo-szerum-2-hialuronsav-es-b5-vitamin-komplex-18-ml\/#primaryimage\",\"url\":\"https:\/\/www.eveline.hu\/2016\/wp-content\/uploads\/2024\/06\/5903416061151-CONCENTRATED-FORMULA-MOISTURIZING-SERUM-18-ML-w.png\",\"contentUrl\":\"https:\/\/www.eveline.hu\/2016\/wp-content\/uploads\/2024\/06\/5903416061151-CONCENTRATED-FORMULA-MOISTURIZING-SERUM-18-ML-w.png\",\"width\":750,\"height\":750},{\"@type\":\"BreadcrumbList\",\"@id\":\"https:\/\/www.eveline.hu\/2016\/eveline-kozmetikumok-szepsegapolas\/termekcsaladok\/serum-shots\/hidratalo-szerum-2-hialuronsav-es-b5-vitamin-komplex-18-ml\/#breadcrumb\",\"itemListElement\":[{\"@type\":\"ListItem\",\"position\":1,\"name\":\"Home\",\"item\":\"https:\/\/www.eveline.hu\/2016\/\"},{\"@type\":\"ListItem\",\"position\":2,\"name\":\"Term\u00e9kek\",\"item\":\"https:\/\/www.eveline.hu\/2016\/shop\/\"},{\"@type\":\"ListItem\",\"position\":3,\"name\":\"HIDRAT\u00c1L\u00d3 SZ\u00c9RUM 2% HIALURONSAV \u00e9s B5 VITAMIN KOMPLEX 18 ml\"}]},{\"@type\":\"WebSite\",\"@id\":\"https:\/\/www.eveline.hu\/2016\/#website\",\"url\":\"https:\/\/www.eveline.hu\/2016\/\",\"name\":\"Eveline Cosmetics Magyarorsz\u00e1g\",\"description\":\"Min\u0151s\u00e9gi kozmetikumok Lengyelorsz\u00e1gb\u00f3l\",\"potentialAction\":[{\"@type\":\"SearchAction\",\"target\":{\"@type\":\"EntryPoint\",\"urlTemplate\":\"https:\/\/www.eveline.hu\/2016\/?s={search_term_string}\"},\"query-input\":\"required name=search_term_string\"}],\"inLanguage\":\"hu\"}]}<\/script>\n<!-- \/ Yoast SEO plugin. -->","yoast_head_json":{"title":"HIDRAT\u00c1L\u00d3 SZ\u00c9RUM 2% HIALURONSAV \u00e9s B5 VITAMIN KOMPLEX 18 ml - Eveline Cosmetics Magyarorsz\u00e1g","robots":{"index":"index","follow":"follow","max-snippet":"max-snippet:-1","max-image-preview":"max-image-preview:large","max-video-preview":"max-video-preview:-1"},"canonical":"https:\/\/www.eveline.hu\/2016\/eveline-kozmetikumok-szepsegapolas\/termekcsaladok\/serum-shots\/hidratalo-szerum-2-hialuronsav-es-b5-vitamin-komplex-18-ml\/","og_locale":"hu_HU","og_type":"article","og_title":"HIDRAT\u00c1L\u00d3 SZ\u00c9RUM 2% HIALURONSAV \u00e9s B5 VITAMIN KOMPLEX 18 ml - Eveline Cosmetics Magyarorsz\u00e1g","og_description":"ARC-NYAK-DEKOLT\u00c1ZS M\u00e9lyen hidrat\u00e1l. Kisim\u00edtja a r\u00e1ncokat. Regener\u00e1l, t\u00e1pl\u00e1l \u00e9s feszes\u00edt. Legjobb a b\u0151rnek: Norm\u00e1l. Fak\u00f3. Dehidrat\u00e1lt. Sz\u00e1raz \u00e9s \u00e9rz\u00e9keny. HIALURONSAV: Megk\u00f6ti a vizet, \u00edgy hat\u00e9konyan hidrat\u00e1lja, feszes\u00edti \u00e9s kisim\u00edtja a b\u0151rt, megel\u0151zve a r\u00e1ncok kialakul\u00e1s\u00e1t. B5 VITAMIN: Felgyors\u00edtja az epidermisz [&hellip;]","og_url":"https:\/\/www.eveline.hu\/2016\/eveline-kozmetikumok-szepsegapolas\/termekcsaladok\/serum-shots\/hidratalo-szerum-2-hialuronsav-es-b5-vitamin-komplex-18-ml\/","og_site_name":"Eveline Cosmetics Magyarorsz\u00e1g","article_modified_time":"2024-08-22T06:06:01+00:00","og_image":[{"width":750,"height":750,"url":"https:\/\/www.eveline.hu\/2016\/wp-content\/uploads\/2024\/06\/5903416061151-CONCENTRATED-FORMULA-MOISTURIZING-SERUM-18-ML-w.png","type":"image\/png"}],"twitter_card":"summary_large_image","twitter_misc":{"Becs\u00fclt olvas\u00e1si id\u0151":"1 perc"},"schema":{"@context":"https:\/\/schema.org","@graph":[{"@type":"WebPage","@id":"https:\/\/www.eveline.hu\/2016\/eveline-kozmetikumok-szepsegapolas\/termekcsaladok\/serum-shots\/hidratalo-szerum-2-hialuronsav-es-b5-vitamin-komplex-18-ml\/","url":"https:\/\/www.eveline.hu\/2016\/eveline-kozmetikumok-szepsegapolas\/termekcsaladok\/serum-shots\/hidratalo-szerum-2-hialuronsav-es-b5-vitamin-komplex-18-ml\/","name":"HIDRAT\u00c1L\u00d3 SZ\u00c9RUM 2% HIALURONSAV \u00e9s B5 VITAMIN KOMPLEX 18 ml - Eveline Cosmetics Magyarorsz\u00e1g","isPartOf":{"@id":"https:\/\/www.eveline.hu\/2016\/#website"},"primaryImageOfPage":{"@id":"https:\/\/www.eveline.hu\/2016\/eveline-kozmetikumok-szepsegapolas\/termekcsaladok\/serum-shots\/hidratalo-szerum-2-hialuronsav-es-b5-vitamin-komplex-18-ml\/#primaryimage"},"image":{"@id":"https:\/\/www.eveline.hu\/2016\/eveline-kozmetikumok-szepsegapolas\/termekcsaladok\/serum-shots\/hidratalo-szerum-2-hialuronsav-es-b5-vitamin-komplex-18-ml\/#primaryimage"},"thumbnailUrl":"https:\/\/www.eveline.hu\/2016\/wp-content\/uploads\/2024\/06\/5903416061151-CONCENTRATED-FORMULA-MOISTURIZING-SERUM-18-ML-w.png","datePublished":"2024-06-06T12:23:03+00:00","dateModified":"2024-08-22T06:06:01+00:00","breadcrumb":{"@id":"https:\/\/www.eveline.hu\/2016\/eveline-kozmetikumok-szepsegapolas\/termekcsaladok\/serum-shots\/hidratalo-szerum-2-hialuronsav-es-b5-vitamin-komplex-18-ml\/#breadcrumb"},"inLanguage":"hu","potentialAction":[{"@type":"ReadAction","target":["https:\/\/www.eveline.hu\/2016\/eveline-kozmetikumok-szepsegapolas\/termekcsaladok\/serum-shots\/hidratalo-szerum-2-hialuronsav-es-b5-vitamin-komplex-18-ml\/"]}]},{"@type":"ImageObject","inLanguage":"hu","@id":"https:\/\/www.eveline.hu\/2016\/eveline-kozmetikumok-szepsegapolas\/termekcsaladok\/serum-shots\/hidratalo-szerum-2-hialuronsav-es-b5-vitamin-komplex-18-ml\/#primaryimage","url":"https:\/\/www.eveline.hu\/2016\/wp-content\/uploads\/2024\/06\/5903416061151-CONCENTRATED-FORMULA-MOISTURIZING-SERUM-18-ML-w.png","contentUrl":"https:\/\/www.eveline.hu\/2016\/wp-content\/uploads\/2024\/06\/5903416061151-CONCENTRATED-FORMULA-MOISTURIZING-SERUM-18-ML-w.png","width":750,"height":750},{"@type":"BreadcrumbList","@id":"https:\/\/www.eveline.hu\/2016\/eveline-kozmetikumok-szepsegapolas\/termekcsaladok\/serum-shots\/hidratalo-szerum-2-hialuronsav-es-b5-vitamin-komplex-18-ml\/#breadcrumb","itemListElement":[{"@type":"ListItem","position":1,"name":"Home","item":"https:\/\/www.eveline.hu\/2016\/"},{"@type":"ListItem","position":2,"name":"Term\u00e9kek","item":"https:\/\/www.eveline.hu\/2016\/shop\/"},{"@type":"ListItem","position":3,"name":"HIDRAT\u00c1L\u00d3 SZ\u00c9RUM 2% HIALURONSAV \u00e9s B5 VITAMIN KOMPLEX 18 ml"}]},{"@type":"WebSite","@id":"https:\/\/www.eveline.hu\/2016\/#website","url":"https:\/\/www.eveline.hu\/2016\/","name":"Eveline Cosmetics Magyarorsz\u00e1g","description":"Min\u0151s\u00e9gi kozmetikumok Lengyelorsz\u00e1gb\u00f3l","potentialAction":[{"@type":"SearchAction","target":{"@type":"EntryPoint","urlTemplate":"https:\/\/www.eveline.hu\/2016\/?s={search_term_string}"},"query-input":"required name=search_term_string"}],"inLanguage":"hu"}]}},"_links":{"self":[{"href":"https:\/\/www.eveline.hu\/2016\/wp-json\/wp\/v2\/product\/30827"}],"collection":[{"href":"https:\/\/www.eveline.hu\/2016\/wp-json\/wp\/v2\/product"}],"about":[{"href":"https:\/\/www.eveline.hu\/2016\/wp-json\/wp\/v2\/types\/product"}],"replies":[{"embeddable":true,"href":"https:\/\/www.eveline.hu\/2016\/wp-json\/wp\/v2\/comments?post=30827"}],"wp:featuredmedia":[{"embeddable":true,"href":"https:\/\/www.eveline.hu\/2016\/wp-json\/wp\/v2\/media\/30829"}],"wp:attachment":[{"href":"https:\/\/www.eveline.hu\/2016\/wp-json\/wp\/v2\/media?parent=30827"}],"wp:term":[{"taxonomy":"product_cat","embeddable":true,"href":"https:\/\/www.eveline.hu\/2016\/wp-json\/wp\/v2\/product_cat?post=30827"},{"taxonomy":"product_tag","embeddable":true,"href":"https:\/\/www.eveline.hu\/2016\/wp-json\/wp\/v2\/product_tag?post=30827"}],"curies":[{"name":"wp","href":"https:\/\/api.w.org\/{rel}","templated":true}]}}