{"id":30528,"date":"2024-03-01T10:12:11","date_gmt":"2024-03-01T09:12:11","guid":{"rendered":"https:\/\/www.eveline.hu\/2016\/?post_type=product&#038;p=30528"},"modified":"2025-09-15T14:01:35","modified_gmt":"2025-09-15T12:01:35","slug":"revitalum-megmento-labapolo-krem-rendkivul-erdes-borre-75ml","status":"publish","type":"product","link":"https:\/\/www.eveline.hu\/2016\/eveline-kozmetikumok-szepsegapolas\/szepsegapolas\/labapolas\/revitalum-megmento-labapolo-krem-rendkivul-erdes-borre-75ml\/","title":{"rendered":"REVITALUM megment\u0151 l\u00e1b\u00e1pol\u00f3 kr\u00e9m rendk\u00edv\u00fcl \u00e9rdes b\u0151rre 75ml"},"content":{"rendered":"<p>20%-os ceramid \u00e9s urea komplex alapj\u00e1n kifejlesztett, glicerinnel \u00e9s shea vajjal d\u00fas\u00edtott kr\u00e9m.<\/p>\n<p>Ultrakoncentr\u00e1lt formula, amely t\u00e1mogatja a h\u00e1m term\u00e9szetes meg\u00fajul\u00e1si folyamat\u00e1t, \u00edgy a b\u0151r visszanyeri megfelel\u0151 rugalmass\u00e1g\u00e1t \u00e9s simas\u00e1g\u00e1t.<\/p>\n<p><strong>Alkalmaz\u00e1s:<\/strong> kis mennyis\u00e9g\u0171 kr\u00e9met d\u00f6rzs\u00f6lj\u00f6n a l\u00e1bb\u0151rbe a teljes felsz\u00edv\u00f3d\u00e1sig<\/p>\n","protected":false},"excerpt":{"rendered":"<p>75ml (14533Ft\/L)<\/p>\n","protected":false},"featured_media":30529,"comment_status":"open","ping_status":"closed","template":"","meta":[],"product_cat":[125,137,80,111],"product_tag":[],"yoast_head":"<!-- This site is optimized with the Yoast SEO plugin v22.2 - https:\/\/yoast.com\/wordpress\/plugins\/seo\/ -->\n<title>REVITALUM megment\u0151 l\u00e1b\u00e1pol\u00f3 kr\u00e9m rendk\u00edv\u00fcl \u00e9rdes b\u0151rre 75ml - Eveline Cosmetics Magyarorsz\u00e1g<\/title>\n<meta name=\"robots\" content=\"index, follow, max-snippet:-1, max-image-preview:large, max-video-preview:-1\" \/>\n<link rel=\"canonical\" href=\"https:\/\/www.eveline.hu\/2016\/eveline-kozmetikumok-szepsegapolas\/szepsegapolas\/labapolas\/revitalum-megmento-labapolo-krem-rendkivul-erdes-borre-75ml\/\" \/>\n<meta property=\"og:locale\" content=\"hu_HU\" \/>\n<meta property=\"og:type\" content=\"article\" \/>\n<meta property=\"og:title\" content=\"REVITALUM megment\u0151 l\u00e1b\u00e1pol\u00f3 kr\u00e9m rendk\u00edv\u00fcl \u00e9rdes b\u0151rre 75ml - Eveline Cosmetics Magyarorsz\u00e1g\" \/>\n<meta property=\"og:description\" content=\"75ml (14533Ft\/L)\" \/>\n<meta property=\"og:url\" content=\"https:\/\/www.eveline.hu\/2016\/eveline-kozmetikumok-szepsegapolas\/szepsegapolas\/labapolas\/revitalum-megmento-labapolo-krem-rendkivul-erdes-borre-75ml\/\" \/>\n<meta property=\"og:site_name\" content=\"Eveline Cosmetics Magyarorsz\u00e1g\" \/>\n<meta property=\"article:modified_time\" content=\"2025-09-15T12:01:35+00:00\" \/>\n<meta property=\"og:image\" content=\"https:\/\/www.eveline.hu\/2016\/wp-content\/uploads\/2024\/03\/5903416047766-REVITALUM-INTENSELY-UREA-CERAMIDES-75ML-w.png\" \/>\n\t<meta property=\"og:image:width\" content=\"750\" \/>\n\t<meta property=\"og:image:height\" content=\"750\" \/>\n\t<meta property=\"og:image:type\" content=\"image\/png\" \/>\n<meta name=\"twitter:card\" content=\"summary_large_image\" \/>\n<script type=\"application\/ld+json\" class=\"yoast-schema-graph\">{\"@context\":\"https:\/\/schema.org\",\"@graph\":[{\"@type\":\"WebPage\",\"@id\":\"https:\/\/www.eveline.hu\/2016\/eveline-kozmetikumok-szepsegapolas\/szepsegapolas\/labapolas\/revitalum-megmento-labapolo-krem-rendkivul-erdes-borre-75ml\/\",\"url\":\"https:\/\/www.eveline.hu\/2016\/eveline-kozmetikumok-szepsegapolas\/szepsegapolas\/labapolas\/revitalum-megmento-labapolo-krem-rendkivul-erdes-borre-75ml\/\",\"name\":\"REVITALUM megment\u0151 l\u00e1b\u00e1pol\u00f3 kr\u00e9m rendk\u00edv\u00fcl \u00e9rdes b\u0151rre 75ml - Eveline Cosmetics Magyarorsz\u00e1g\",\"isPartOf\":{\"@id\":\"https:\/\/www.eveline.hu\/2016\/#website\"},\"primaryImageOfPage\":{\"@id\":\"https:\/\/www.eveline.hu\/2016\/eveline-kozmetikumok-szepsegapolas\/szepsegapolas\/labapolas\/revitalum-megmento-labapolo-krem-rendkivul-erdes-borre-75ml\/#primaryimage\"},\"image\":{\"@id\":\"https:\/\/www.eveline.hu\/2016\/eveline-kozmetikumok-szepsegapolas\/szepsegapolas\/labapolas\/revitalum-megmento-labapolo-krem-rendkivul-erdes-borre-75ml\/#primaryimage\"},\"thumbnailUrl\":\"https:\/\/www.eveline.hu\/2016\/wp-content\/uploads\/2024\/03\/5903416047766-REVITALUM-INTENSELY-UREA-CERAMIDES-75ML-w.png\",\"datePublished\":\"2024-03-01T09:12:11+00:00\",\"dateModified\":\"2025-09-15T12:01:35+00:00\",\"breadcrumb\":{\"@id\":\"https:\/\/www.eveline.hu\/2016\/eveline-kozmetikumok-szepsegapolas\/szepsegapolas\/labapolas\/revitalum-megmento-labapolo-krem-rendkivul-erdes-borre-75ml\/#breadcrumb\"},\"inLanguage\":\"hu\",\"potentialAction\":[{\"@type\":\"ReadAction\",\"target\":[\"https:\/\/www.eveline.hu\/2016\/eveline-kozmetikumok-szepsegapolas\/szepsegapolas\/labapolas\/revitalum-megmento-labapolo-krem-rendkivul-erdes-borre-75ml\/\"]}]},{\"@type\":\"ImageObject\",\"inLanguage\":\"hu\",\"@id\":\"https:\/\/www.eveline.hu\/2016\/eveline-kozmetikumok-szepsegapolas\/szepsegapolas\/labapolas\/revitalum-megmento-labapolo-krem-rendkivul-erdes-borre-75ml\/#primaryimage\",\"url\":\"https:\/\/www.eveline.hu\/2016\/wp-content\/uploads\/2024\/03\/5903416047766-REVITALUM-INTENSELY-UREA-CERAMIDES-75ML-w.png\",\"contentUrl\":\"https:\/\/www.eveline.hu\/2016\/wp-content\/uploads\/2024\/03\/5903416047766-REVITALUM-INTENSELY-UREA-CERAMIDES-75ML-w.png\",\"width\":750,\"height\":750},{\"@type\":\"BreadcrumbList\",\"@id\":\"https:\/\/www.eveline.hu\/2016\/eveline-kozmetikumok-szepsegapolas\/szepsegapolas\/labapolas\/revitalum-megmento-labapolo-krem-rendkivul-erdes-borre-75ml\/#breadcrumb\",\"itemListElement\":[{\"@type\":\"ListItem\",\"position\":1,\"name\":\"Home\",\"item\":\"https:\/\/www.eveline.hu\/2016\/\"},{\"@type\":\"ListItem\",\"position\":2,\"name\":\"Term\u00e9kek\",\"item\":\"https:\/\/www.eveline.hu\/2016\/shop\/\"},{\"@type\":\"ListItem\",\"position\":3,\"name\":\"REVITALUM megment\u0151 l\u00e1b\u00e1pol\u00f3 kr\u00e9m rendk\u00edv\u00fcl \u00e9rdes b\u0151rre 75ml\"}]},{\"@type\":\"WebSite\",\"@id\":\"https:\/\/www.eveline.hu\/2016\/#website\",\"url\":\"https:\/\/www.eveline.hu\/2016\/\",\"name\":\"Eveline Cosmetics Magyarorsz\u00e1g\",\"description\":\"Min\u0151s\u00e9gi kozmetikumok Lengyelorsz\u00e1gb\u00f3l\",\"potentialAction\":[{\"@type\":\"SearchAction\",\"target\":{\"@type\":\"EntryPoint\",\"urlTemplate\":\"https:\/\/www.eveline.hu\/2016\/?s={search_term_string}\"},\"query-input\":\"required name=search_term_string\"}],\"inLanguage\":\"hu\"}]}<\/script>\n<!-- \/ Yoast SEO plugin. -->","yoast_head_json":{"title":"REVITALUM megment\u0151 l\u00e1b\u00e1pol\u00f3 kr\u00e9m rendk\u00edv\u00fcl \u00e9rdes b\u0151rre 75ml - Eveline Cosmetics Magyarorsz\u00e1g","robots":{"index":"index","follow":"follow","max-snippet":"max-snippet:-1","max-image-preview":"max-image-preview:large","max-video-preview":"max-video-preview:-1"},"canonical":"https:\/\/www.eveline.hu\/2016\/eveline-kozmetikumok-szepsegapolas\/szepsegapolas\/labapolas\/revitalum-megmento-labapolo-krem-rendkivul-erdes-borre-75ml\/","og_locale":"hu_HU","og_type":"article","og_title":"REVITALUM megment\u0151 l\u00e1b\u00e1pol\u00f3 kr\u00e9m rendk\u00edv\u00fcl \u00e9rdes b\u0151rre 75ml - Eveline Cosmetics Magyarorsz\u00e1g","og_description":"75ml (14533Ft\/L)","og_url":"https:\/\/www.eveline.hu\/2016\/eveline-kozmetikumok-szepsegapolas\/szepsegapolas\/labapolas\/revitalum-megmento-labapolo-krem-rendkivul-erdes-borre-75ml\/","og_site_name":"Eveline Cosmetics Magyarorsz\u00e1g","article_modified_time":"2025-09-15T12:01:35+00:00","og_image":[{"width":750,"height":750,"url":"https:\/\/www.eveline.hu\/2016\/wp-content\/uploads\/2024\/03\/5903416047766-REVITALUM-INTENSELY-UREA-CERAMIDES-75ML-w.png","type":"image\/png"}],"twitter_card":"summary_large_image","schema":{"@context":"https:\/\/schema.org","@graph":[{"@type":"WebPage","@id":"https:\/\/www.eveline.hu\/2016\/eveline-kozmetikumok-szepsegapolas\/szepsegapolas\/labapolas\/revitalum-megmento-labapolo-krem-rendkivul-erdes-borre-75ml\/","url":"https:\/\/www.eveline.hu\/2016\/eveline-kozmetikumok-szepsegapolas\/szepsegapolas\/labapolas\/revitalum-megmento-labapolo-krem-rendkivul-erdes-borre-75ml\/","name":"REVITALUM megment\u0151 l\u00e1b\u00e1pol\u00f3 kr\u00e9m rendk\u00edv\u00fcl \u00e9rdes b\u0151rre 75ml - Eveline Cosmetics Magyarorsz\u00e1g","isPartOf":{"@id":"https:\/\/www.eveline.hu\/2016\/#website"},"primaryImageOfPage":{"@id":"https:\/\/www.eveline.hu\/2016\/eveline-kozmetikumok-szepsegapolas\/szepsegapolas\/labapolas\/revitalum-megmento-labapolo-krem-rendkivul-erdes-borre-75ml\/#primaryimage"},"image":{"@id":"https:\/\/www.eveline.hu\/2016\/eveline-kozmetikumok-szepsegapolas\/szepsegapolas\/labapolas\/revitalum-megmento-labapolo-krem-rendkivul-erdes-borre-75ml\/#primaryimage"},"thumbnailUrl":"https:\/\/www.eveline.hu\/2016\/wp-content\/uploads\/2024\/03\/5903416047766-REVITALUM-INTENSELY-UREA-CERAMIDES-75ML-w.png","datePublished":"2024-03-01T09:12:11+00:00","dateModified":"2025-09-15T12:01:35+00:00","breadcrumb":{"@id":"https:\/\/www.eveline.hu\/2016\/eveline-kozmetikumok-szepsegapolas\/szepsegapolas\/labapolas\/revitalum-megmento-labapolo-krem-rendkivul-erdes-borre-75ml\/#breadcrumb"},"inLanguage":"hu","potentialAction":[{"@type":"ReadAction","target":["https:\/\/www.eveline.hu\/2016\/eveline-kozmetikumok-szepsegapolas\/szepsegapolas\/labapolas\/revitalum-megmento-labapolo-krem-rendkivul-erdes-borre-75ml\/"]}]},{"@type":"ImageObject","inLanguage":"hu","@id":"https:\/\/www.eveline.hu\/2016\/eveline-kozmetikumok-szepsegapolas\/szepsegapolas\/labapolas\/revitalum-megmento-labapolo-krem-rendkivul-erdes-borre-75ml\/#primaryimage","url":"https:\/\/www.eveline.hu\/2016\/wp-content\/uploads\/2024\/03\/5903416047766-REVITALUM-INTENSELY-UREA-CERAMIDES-75ML-w.png","contentUrl":"https:\/\/www.eveline.hu\/2016\/wp-content\/uploads\/2024\/03\/5903416047766-REVITALUM-INTENSELY-UREA-CERAMIDES-75ML-w.png","width":750,"height":750},{"@type":"BreadcrumbList","@id":"https:\/\/www.eveline.hu\/2016\/eveline-kozmetikumok-szepsegapolas\/szepsegapolas\/labapolas\/revitalum-megmento-labapolo-krem-rendkivul-erdes-borre-75ml\/#breadcrumb","itemListElement":[{"@type":"ListItem","position":1,"name":"Home","item":"https:\/\/www.eveline.hu\/2016\/"},{"@type":"ListItem","position":2,"name":"Term\u00e9kek","item":"https:\/\/www.eveline.hu\/2016\/shop\/"},{"@type":"ListItem","position":3,"name":"REVITALUM megment\u0151 l\u00e1b\u00e1pol\u00f3 kr\u00e9m rendk\u00edv\u00fcl \u00e9rdes b\u0151rre 75ml"}]},{"@type":"WebSite","@id":"https:\/\/www.eveline.hu\/2016\/#website","url":"https:\/\/www.eveline.hu\/2016\/","name":"Eveline Cosmetics Magyarorsz\u00e1g","description":"Min\u0151s\u00e9gi kozmetikumok Lengyelorsz\u00e1gb\u00f3l","potentialAction":[{"@type":"SearchAction","target":{"@type":"EntryPoint","urlTemplate":"https:\/\/www.eveline.hu\/2016\/?s={search_term_string}"},"query-input":"required name=search_term_string"}],"inLanguage":"hu"}]}},"_links":{"self":[{"href":"https:\/\/www.eveline.hu\/2016\/wp-json\/wp\/v2\/product\/30528"}],"collection":[{"href":"https:\/\/www.eveline.hu\/2016\/wp-json\/wp\/v2\/product"}],"about":[{"href":"https:\/\/www.eveline.hu\/2016\/wp-json\/wp\/v2\/types\/product"}],"replies":[{"embeddable":true,"href":"https:\/\/www.eveline.hu\/2016\/wp-json\/wp\/v2\/comments?post=30528"}],"wp:featuredmedia":[{"embeddable":true,"href":"https:\/\/www.eveline.hu\/2016\/wp-json\/wp\/v2\/media\/30529"}],"wp:attachment":[{"href":"https:\/\/www.eveline.hu\/2016\/wp-json\/wp\/v2\/media?parent=30528"}],"wp:term":[{"taxonomy":"product_cat","embeddable":true,"href":"https:\/\/www.eveline.hu\/2016\/wp-json\/wp\/v2\/product_cat?post=30528"},{"taxonomy":"product_tag","embeddable":true,"href":"https:\/\/www.eveline.hu\/2016\/wp-json\/wp\/v2\/product_tag?post=30528"}],"curies":[{"name":"wp","href":"https:\/\/api.w.org\/{rel}","templated":true}]}}