{"id":30081,"date":"2023-08-02T13:22:47","date_gmt":"2023-08-02T11:22:47","guid":{"rendered":"https:\/\/www.eveline.hu\/2016\/?post_type=product&#038;p=30081"},"modified":"2024-08-22T16:50:26","modified_gmt":"2024-08-22T14:50:26","slug":"variete-cooling-kisses-ajakdusito-szajfeny-68ml-04","status":"publish","type":"product","link":"https:\/\/www.eveline.hu\/2016\/eveline-kozmetikumok-szepsegapolas\/smink\/szaj\/szajfenyek\/variete-cooling-kisses-ajakdusito-szajfeny-68ml-04\/","title":{"rendered":"VARIETE COOLING KISSES Ajakd\u00fas\u00edt\u00f3 sz\u00e1jf\u00e9ny 6,8ml 04"},"content":{"rendered":"<p>A sz\u00e1jf\u00e9ny egyed\u00fcl\u00e1ll\u00f3 formul\u00e1ja n\u00f6veli az ajkak t\u00e9rfogat\u00e1t, \u00e9s az egyed\u00fcl\u00e1ll\u00f3 hat\u00f3anyagoknak k\u00f6sz\u00f6nhet\u0151en gondoskodik a hat\u00e9kony \u00e1pol\u00e1sr\u00f3l.<\/p>\n<p>A n\u00f6v\u00e9nyi kollag\u00e9n \u00e9s hialuronsav t\u00f6k\u00e9letesen kisim\u00edtja \u00e9s hidrat\u00e1lja az ajkakat.<\/p>\n<p>Feszes\u00edtik, t\u00e1pl\u00e1lj\u00e1k \u00e9s jav\u00edtj\u00e1k rugalmass\u00e1gukat.<\/p>\n<p>A menta kivonat csillap\u00edtja az irrit\u00e1ci\u00f3t, gyullad\u00e1scs\u00f6kkent\u0151 tulajdons\u00e1gokkal rendelkezik \u00e9s kellemes h\u0171s\u00edt\u0151 hat\u00e1st biztos\u00edt.<br \/>\nA sz\u00e1jf\u00e9ny b\u00e1rsonyos text\u00far\u00e1ja k\u00f6nnyen eloszlathat\u00f3 az ajkakon.<\/p>\n<p>\u00d6sszetev\u0151k: Polybutene, Octyldodecanol, Ethylhexyl Palmitate, Pentaerythrityl Tetraisostearate, Bis-Diglyceryl Polyacyladipate-2, Silica Dimethyl Silylate, VP\/Hexadecene Copolymer, Glyceryl Behenate, Hydrogenated Castor Oil, Ricinus Communis Seed Oil, Menthol, Simmondsia Chinensis Seed Oil, Caprylic\/Capric Triglyceride, Tocopheryl Acetate, Argania Spinosa Kernel Oil, Mentha Piperita Oil, PEG-8, Pentaerythrityl Tetra-di-t-butyl Hydroxyhydrocinnamate, Capsicum Frutescens Fruit Extract, Vegetable Collagen, Ethylhexylglycerin, Dipotassium Glycyrrhizate, Aroma, Tocopherol, Benzotriazolyl Dodecyl p-Cresol, Ascorbyl Palmitate, Leuconostoc\/Radish Root Ferment Filtrate, Sodium Hyaluronate, PEG-8 Caprylic\/Capric Glycerides, Octyldodeceth-25, Propylene Glycol, Decylene Glycol, Ascorbic Acid, Citric Acid, Benzyl Nicotinate, Stearic Acid, Sorbitan Oleate, Water, Phenoxyethanol, BHT, Magnesium Hydroxide, Aluminum Hydroxide, Mica, Calcium Aluminum Borosilicate, Calcium Sodium Borosilicate, Tin Oxide, Silica, Limonene (+\/-): CI 77891, CI 77491, CI 77492, CI 77499, CI 15850, CI 15880, CI 45380, CI 45410.<\/p>\n","protected":false},"excerpt":{"rendered":"<p>A sz\u00e1jf\u00e9ny egyed\u00fcl\u00e1ll\u00f3 formul\u00e1ja n\u00f6veli az ajkak t\u00e9rfogat\u00e1t, \u00e9s az egyed\u00fcl\u00e1ll\u00f3 hat\u00f3anyagoknak k\u00f6sz\u00f6nhet\u0151en gondoskodik a hat\u00e9kony \u00e1pol\u00e1sr\u00f3l. A n\u00f6v\u00e9nyi kollag\u00e9n \u00e9s hialuronsav t\u00f6k\u00e9letesen kisim\u00edtja \u00e9s hidrat\u00e1lja az ajkakat. Feszes\u00edtik, t\u00e1pl\u00e1lj\u00e1k \u00e9s jav\u00edtj\u00e1k rugalmass\u00e1gukat. A menta kivonat csillap\u00edtja az irrit\u00e1ci\u00f3t, gyullad\u00e1scs\u00f6kkent\u0151 [&hellip;]<\/p>\n","protected":false},"featured_media":30082,"comment_status":"open","ping_status":"closed","template":"","meta":[],"product_cat":[276,130,152,154,80],"product_tag":[],"yoast_head":"<!-- This site is optimized with the Yoast SEO plugin v22.2 - https:\/\/yoast.com\/wordpress\/plugins\/seo\/ -->\n<title>VARIETE COOLING KISSES Ajakd\u00fas\u00edt\u00f3 sz\u00e1jf\u00e9ny 6,8ml 04 - Eveline Cosmetics Magyarorsz\u00e1g<\/title>\n<meta name=\"robots\" content=\"index, follow, max-snippet:-1, max-image-preview:large, max-video-preview:-1\" \/>\n<link rel=\"canonical\" href=\"https:\/\/www.eveline.hu\/2016\/eveline-kozmetikumok-szepsegapolas\/smink\/szaj\/szajfenyek\/variete-cooling-kisses-ajakdusito-szajfeny-68ml-04\/\" \/>\n<meta property=\"og:locale\" content=\"hu_HU\" \/>\n<meta property=\"og:type\" content=\"article\" \/>\n<meta property=\"og:title\" content=\"VARIETE COOLING KISSES Ajakd\u00fas\u00edt\u00f3 sz\u00e1jf\u00e9ny 6,8ml 04 - Eveline Cosmetics Magyarorsz\u00e1g\" \/>\n<meta property=\"og:description\" content=\"A sz\u00e1jf\u00e9ny egyed\u00fcl\u00e1ll\u00f3 formul\u00e1ja n\u00f6veli az ajkak t\u00e9rfogat\u00e1t, \u00e9s az egyed\u00fcl\u00e1ll\u00f3 hat\u00f3anyagoknak k\u00f6sz\u00f6nhet\u0151en gondoskodik a hat\u00e9kony \u00e1pol\u00e1sr\u00f3l. A n\u00f6v\u00e9nyi kollag\u00e9n \u00e9s hialuronsav t\u00f6k\u00e9letesen kisim\u00edtja \u00e9s hidrat\u00e1lja az ajkakat. Feszes\u00edtik, t\u00e1pl\u00e1lj\u00e1k \u00e9s jav\u00edtj\u00e1k rugalmass\u00e1gukat. A menta kivonat csillap\u00edtja az irrit\u00e1ci\u00f3t, gyullad\u00e1scs\u00f6kkent\u0151 [&hellip;]\" \/>\n<meta property=\"og:url\" content=\"https:\/\/www.eveline.hu\/2016\/eveline-kozmetikumok-szepsegapolas\/smink\/szaj\/szajfenyek\/variete-cooling-kisses-ajakdusito-szajfeny-68ml-04\/\" \/>\n<meta property=\"og:site_name\" content=\"Eveline Cosmetics Magyarorsz\u00e1g\" \/>\n<meta property=\"article:modified_time\" content=\"2024-08-22T14:50:26+00:00\" \/>\n<meta property=\"og:image\" content=\"https:\/\/www.eveline.hu\/2016\/wp-content\/uploads\/2023\/11\/5903416038047-VARIETE-COOLING-LIP-GLOSS-NO-04-68ML-w.png\" \/>\n\t<meta property=\"og:image:width\" content=\"750\" \/>\n\t<meta property=\"og:image:height\" content=\"750\" \/>\n\t<meta property=\"og:image:type\" content=\"image\/png\" \/>\n<meta name=\"twitter:card\" content=\"summary_large_image\" \/>\n<meta name=\"twitter:label1\" content=\"Becs\u00fclt olvas\u00e1si id\u0151\" \/>\n\t<meta name=\"twitter:data1\" content=\"1 perc\" \/>\n<script type=\"application\/ld+json\" class=\"yoast-schema-graph\">{\"@context\":\"https:\/\/schema.org\",\"@graph\":[{\"@type\":\"WebPage\",\"@id\":\"https:\/\/www.eveline.hu\/2016\/eveline-kozmetikumok-szepsegapolas\/smink\/szaj\/szajfenyek\/variete-cooling-kisses-ajakdusito-szajfeny-68ml-04\/\",\"url\":\"https:\/\/www.eveline.hu\/2016\/eveline-kozmetikumok-szepsegapolas\/smink\/szaj\/szajfenyek\/variete-cooling-kisses-ajakdusito-szajfeny-68ml-04\/\",\"name\":\"VARIETE COOLING KISSES Ajakd\u00fas\u00edt\u00f3 sz\u00e1jf\u00e9ny 6,8ml 04 - Eveline Cosmetics Magyarorsz\u00e1g\",\"isPartOf\":{\"@id\":\"https:\/\/www.eveline.hu\/2016\/#website\"},\"primaryImageOfPage\":{\"@id\":\"https:\/\/www.eveline.hu\/2016\/eveline-kozmetikumok-szepsegapolas\/smink\/szaj\/szajfenyek\/variete-cooling-kisses-ajakdusito-szajfeny-68ml-04\/#primaryimage\"},\"image\":{\"@id\":\"https:\/\/www.eveline.hu\/2016\/eveline-kozmetikumok-szepsegapolas\/smink\/szaj\/szajfenyek\/variete-cooling-kisses-ajakdusito-szajfeny-68ml-04\/#primaryimage\"},\"thumbnailUrl\":\"https:\/\/www.eveline.hu\/2016\/wp-content\/uploads\/2023\/11\/5903416038047-VARIETE-COOLING-LIP-GLOSS-NO-04-68ML-w.png\",\"datePublished\":\"2023-08-02T11:22:47+00:00\",\"dateModified\":\"2024-08-22T14:50:26+00:00\",\"breadcrumb\":{\"@id\":\"https:\/\/www.eveline.hu\/2016\/eveline-kozmetikumok-szepsegapolas\/smink\/szaj\/szajfenyek\/variete-cooling-kisses-ajakdusito-szajfeny-68ml-04\/#breadcrumb\"},\"inLanguage\":\"hu\",\"potentialAction\":[{\"@type\":\"ReadAction\",\"target\":[\"https:\/\/www.eveline.hu\/2016\/eveline-kozmetikumok-szepsegapolas\/smink\/szaj\/szajfenyek\/variete-cooling-kisses-ajakdusito-szajfeny-68ml-04\/\"]}]},{\"@type\":\"ImageObject\",\"inLanguage\":\"hu\",\"@id\":\"https:\/\/www.eveline.hu\/2016\/eveline-kozmetikumok-szepsegapolas\/smink\/szaj\/szajfenyek\/variete-cooling-kisses-ajakdusito-szajfeny-68ml-04\/#primaryimage\",\"url\":\"https:\/\/www.eveline.hu\/2016\/wp-content\/uploads\/2023\/11\/5903416038047-VARIETE-COOLING-LIP-GLOSS-NO-04-68ML-w.png\",\"contentUrl\":\"https:\/\/www.eveline.hu\/2016\/wp-content\/uploads\/2023\/11\/5903416038047-VARIETE-COOLING-LIP-GLOSS-NO-04-68ML-w.png\",\"width\":750,\"height\":750},{\"@type\":\"BreadcrumbList\",\"@id\":\"https:\/\/www.eveline.hu\/2016\/eveline-kozmetikumok-szepsegapolas\/smink\/szaj\/szajfenyek\/variete-cooling-kisses-ajakdusito-szajfeny-68ml-04\/#breadcrumb\",\"itemListElement\":[{\"@type\":\"ListItem\",\"position\":1,\"name\":\"Home\",\"item\":\"https:\/\/www.eveline.hu\/2016\/\"},{\"@type\":\"ListItem\",\"position\":2,\"name\":\"Term\u00e9kek\",\"item\":\"https:\/\/www.eveline.hu\/2016\/shop\/\"},{\"@type\":\"ListItem\",\"position\":3,\"name\":\"VARIETE COOLING KISSES Ajakd\u00fas\u00edt\u00f3 sz\u00e1jf\u00e9ny 6,8ml 04\"}]},{\"@type\":\"WebSite\",\"@id\":\"https:\/\/www.eveline.hu\/2016\/#website\",\"url\":\"https:\/\/www.eveline.hu\/2016\/\",\"name\":\"Eveline Cosmetics Magyarorsz\u00e1g\",\"description\":\"Min\u0151s\u00e9gi kozmetikumok Lengyelorsz\u00e1gb\u00f3l\",\"potentialAction\":[{\"@type\":\"SearchAction\",\"target\":{\"@type\":\"EntryPoint\",\"urlTemplate\":\"https:\/\/www.eveline.hu\/2016\/?s={search_term_string}\"},\"query-input\":\"required name=search_term_string\"}],\"inLanguage\":\"hu\"}]}<\/script>\n<!-- \/ Yoast SEO plugin. -->","yoast_head_json":{"title":"VARIETE COOLING KISSES Ajakd\u00fas\u00edt\u00f3 sz\u00e1jf\u00e9ny 6,8ml 04 - Eveline Cosmetics Magyarorsz\u00e1g","robots":{"index":"index","follow":"follow","max-snippet":"max-snippet:-1","max-image-preview":"max-image-preview:large","max-video-preview":"max-video-preview:-1"},"canonical":"https:\/\/www.eveline.hu\/2016\/eveline-kozmetikumok-szepsegapolas\/smink\/szaj\/szajfenyek\/variete-cooling-kisses-ajakdusito-szajfeny-68ml-04\/","og_locale":"hu_HU","og_type":"article","og_title":"VARIETE COOLING KISSES Ajakd\u00fas\u00edt\u00f3 sz\u00e1jf\u00e9ny 6,8ml 04 - Eveline Cosmetics Magyarorsz\u00e1g","og_description":"A sz\u00e1jf\u00e9ny egyed\u00fcl\u00e1ll\u00f3 formul\u00e1ja n\u00f6veli az ajkak t\u00e9rfogat\u00e1t, \u00e9s az egyed\u00fcl\u00e1ll\u00f3 hat\u00f3anyagoknak k\u00f6sz\u00f6nhet\u0151en gondoskodik a hat\u00e9kony \u00e1pol\u00e1sr\u00f3l. A n\u00f6v\u00e9nyi kollag\u00e9n \u00e9s hialuronsav t\u00f6k\u00e9letesen kisim\u00edtja \u00e9s hidrat\u00e1lja az ajkakat. Feszes\u00edtik, t\u00e1pl\u00e1lj\u00e1k \u00e9s jav\u00edtj\u00e1k rugalmass\u00e1gukat. A menta kivonat csillap\u00edtja az irrit\u00e1ci\u00f3t, gyullad\u00e1scs\u00f6kkent\u0151 [&hellip;]","og_url":"https:\/\/www.eveline.hu\/2016\/eveline-kozmetikumok-szepsegapolas\/smink\/szaj\/szajfenyek\/variete-cooling-kisses-ajakdusito-szajfeny-68ml-04\/","og_site_name":"Eveline Cosmetics Magyarorsz\u00e1g","article_modified_time":"2024-08-22T14:50:26+00:00","og_image":[{"width":750,"height":750,"url":"https:\/\/www.eveline.hu\/2016\/wp-content\/uploads\/2023\/11\/5903416038047-VARIETE-COOLING-LIP-GLOSS-NO-04-68ML-w.png","type":"image\/png"}],"twitter_card":"summary_large_image","twitter_misc":{"Becs\u00fclt olvas\u00e1si id\u0151":"1 perc"},"schema":{"@context":"https:\/\/schema.org","@graph":[{"@type":"WebPage","@id":"https:\/\/www.eveline.hu\/2016\/eveline-kozmetikumok-szepsegapolas\/smink\/szaj\/szajfenyek\/variete-cooling-kisses-ajakdusito-szajfeny-68ml-04\/","url":"https:\/\/www.eveline.hu\/2016\/eveline-kozmetikumok-szepsegapolas\/smink\/szaj\/szajfenyek\/variete-cooling-kisses-ajakdusito-szajfeny-68ml-04\/","name":"VARIETE COOLING KISSES Ajakd\u00fas\u00edt\u00f3 sz\u00e1jf\u00e9ny 6,8ml 04 - Eveline Cosmetics Magyarorsz\u00e1g","isPartOf":{"@id":"https:\/\/www.eveline.hu\/2016\/#website"},"primaryImageOfPage":{"@id":"https:\/\/www.eveline.hu\/2016\/eveline-kozmetikumok-szepsegapolas\/smink\/szaj\/szajfenyek\/variete-cooling-kisses-ajakdusito-szajfeny-68ml-04\/#primaryimage"},"image":{"@id":"https:\/\/www.eveline.hu\/2016\/eveline-kozmetikumok-szepsegapolas\/smink\/szaj\/szajfenyek\/variete-cooling-kisses-ajakdusito-szajfeny-68ml-04\/#primaryimage"},"thumbnailUrl":"https:\/\/www.eveline.hu\/2016\/wp-content\/uploads\/2023\/11\/5903416038047-VARIETE-COOLING-LIP-GLOSS-NO-04-68ML-w.png","datePublished":"2023-08-02T11:22:47+00:00","dateModified":"2024-08-22T14:50:26+00:00","breadcrumb":{"@id":"https:\/\/www.eveline.hu\/2016\/eveline-kozmetikumok-szepsegapolas\/smink\/szaj\/szajfenyek\/variete-cooling-kisses-ajakdusito-szajfeny-68ml-04\/#breadcrumb"},"inLanguage":"hu","potentialAction":[{"@type":"ReadAction","target":["https:\/\/www.eveline.hu\/2016\/eveline-kozmetikumok-szepsegapolas\/smink\/szaj\/szajfenyek\/variete-cooling-kisses-ajakdusito-szajfeny-68ml-04\/"]}]},{"@type":"ImageObject","inLanguage":"hu","@id":"https:\/\/www.eveline.hu\/2016\/eveline-kozmetikumok-szepsegapolas\/smink\/szaj\/szajfenyek\/variete-cooling-kisses-ajakdusito-szajfeny-68ml-04\/#primaryimage","url":"https:\/\/www.eveline.hu\/2016\/wp-content\/uploads\/2023\/11\/5903416038047-VARIETE-COOLING-LIP-GLOSS-NO-04-68ML-w.png","contentUrl":"https:\/\/www.eveline.hu\/2016\/wp-content\/uploads\/2023\/11\/5903416038047-VARIETE-COOLING-LIP-GLOSS-NO-04-68ML-w.png","width":750,"height":750},{"@type":"BreadcrumbList","@id":"https:\/\/www.eveline.hu\/2016\/eveline-kozmetikumok-szepsegapolas\/smink\/szaj\/szajfenyek\/variete-cooling-kisses-ajakdusito-szajfeny-68ml-04\/#breadcrumb","itemListElement":[{"@type":"ListItem","position":1,"name":"Home","item":"https:\/\/www.eveline.hu\/2016\/"},{"@type":"ListItem","position":2,"name":"Term\u00e9kek","item":"https:\/\/www.eveline.hu\/2016\/shop\/"},{"@type":"ListItem","position":3,"name":"VARIETE COOLING KISSES Ajakd\u00fas\u00edt\u00f3 sz\u00e1jf\u00e9ny 6,8ml 04"}]},{"@type":"WebSite","@id":"https:\/\/www.eveline.hu\/2016\/#website","url":"https:\/\/www.eveline.hu\/2016\/","name":"Eveline Cosmetics Magyarorsz\u00e1g","description":"Min\u0151s\u00e9gi kozmetikumok Lengyelorsz\u00e1gb\u00f3l","potentialAction":[{"@type":"SearchAction","target":{"@type":"EntryPoint","urlTemplate":"https:\/\/www.eveline.hu\/2016\/?s={search_term_string}"},"query-input":"required name=search_term_string"}],"inLanguage":"hu"}]}},"_links":{"self":[{"href":"https:\/\/www.eveline.hu\/2016\/wp-json\/wp\/v2\/product\/30081"}],"collection":[{"href":"https:\/\/www.eveline.hu\/2016\/wp-json\/wp\/v2\/product"}],"about":[{"href":"https:\/\/www.eveline.hu\/2016\/wp-json\/wp\/v2\/types\/product"}],"replies":[{"embeddable":true,"href":"https:\/\/www.eveline.hu\/2016\/wp-json\/wp\/v2\/comments?post=30081"}],"wp:featuredmedia":[{"embeddable":true,"href":"https:\/\/www.eveline.hu\/2016\/wp-json\/wp\/v2\/media\/30082"}],"wp:attachment":[{"href":"https:\/\/www.eveline.hu\/2016\/wp-json\/wp\/v2\/media?parent=30081"}],"wp:term":[{"taxonomy":"product_cat","embeddable":true,"href":"https:\/\/www.eveline.hu\/2016\/wp-json\/wp\/v2\/product_cat?post=30081"},{"taxonomy":"product_tag","embeddable":true,"href":"https:\/\/www.eveline.hu\/2016\/wp-json\/wp\/v2\/product_tag?post=30081"}],"curies":[{"name":"wp","href":"https:\/\/api.w.org\/{rel}","templated":true}]}}