{"id":30049,"date":"2023-10-31T12:44:12","date_gmt":"2023-10-31T11:44:12","guid":{"rendered":"https:\/\/www.eveline.hu\/2016\/?post_type=product&#038;p=30049"},"modified":"2024-12-04T18:51:56","modified_gmt":"2024-12-04T17:51:56","slug":"flower-garden-folyekony-szemhejfestek-65ml-01","status":"publish","type":"product","link":"https:\/\/www.eveline.hu\/2016\/eveline-kozmetikumok-szepsegapolas\/smink\/szem\/szemhej-festekek\/flower-garden-folyekony-szemhejfestek-65ml-01\/","title":{"rendered":"Flower Garden foly\u00e9kony szemh\u00e9jfest\u00e9k 6,5ml 01"},"content":{"rendered":"<p><span class=\"HwtZe\" lang=\"hu\"><span class=\"jCAhz ChMk0b\"><span class=\"ryNqvb\">A leny\u0171g\u00f6z\u0151 2 az 1-ben foly\u00e9kony szemh\u00e9jfest\u00e9kek<\/span><\/span><\/span> 2 az 1-ben <span class=\"HwtZe\" lang=\"hu\"><span class=\"jCAhz ChMk0b\"><span class=\"ryNqvb\">haszn\u00e1lhat\u00f3 a szemh\u00e9jfest\u00e9k alapjak\u00e9nt, hogy meghosszabb\u00edts\u00e1k a tart\u00f3ss\u00e1gukat \u00e9s fokozz\u00e1k a sz\u00ednt, illetve \u00f6n\u00e1ll\u00f3 szemh\u00e9jfest\u00e9kk\u00e9nt is.<\/span><\/span> <\/span><\/p>\n<p><span class=\"HwtZe\" lang=\"hu\"><span class=\"jCAhz ChMk0b\"><span class=\"ryNqvb\">A v\u00edz\u00e1ll\u00f3 formula szkval\u00e1nt \u00e9s bazsar\u00f3zsa kivonatot tartalmaz, amely hidrat\u00e1lja \u00e9s t\u00e1pl\u00e1lja a\u00a0 b\u0151rt.<\/span><\/span> <\/span><\/p>\n<p>\u00d6sszetev\u0151k: Isododecane, Cyclopentasiloxane, Talc, Hydrogenated Polyisobutene, Cyclohexasiloxane, Polymethylsilsesquioxane, Silica Dimethyl Silylate, Cera Alba, Glyceryl Behenate, Disteardimonium Hectorite, Sorbitan Laurate, Squalane, Ricinus Communis Seed Oil, Benzotriazolyl Dodecyl p-Cresol, Pentaerythrityl Tetra-di-t-butyl Hydroxyhydrocinnamate, Glyceryl Caprylate, Isopropyl Myristate, Butyl Methoxydibenzoylmethane, Ethylhexyl Methoxycinnamate, Ethylhexyl Salicylate, BHT, Propylene Carbonate, Trimethylsiloxysilicate, Triethoxycaprylylsilane (+\/-): CI 77891, CI 77491, CI 77492, CI 77499, CI 45380, CI 45410, CI 15850.<\/p>\n","protected":false},"excerpt":{"rendered":"<p>A leny\u0171g\u00f6z\u0151 2 az 1-ben foly\u00e9kony szemh\u00e9jfest\u00e9kek 2 az 1-ben haszn\u00e1lhat\u00f3 a szemh\u00e9jfest\u00e9k alapjak\u00e9nt, hogy meghosszabb\u00edts\u00e1k a tart\u00f3ss\u00e1gukat \u00e9s fokozz\u00e1k a sz\u00ednt, illetve \u00f6n\u00e1ll\u00f3 szemh\u00e9jfest\u00e9kk\u00e9nt is. A v\u00edz\u00e1ll\u00f3 formula szkval\u00e1nt \u00e9s bazsar\u00f3zsa kivonatot tartalmaz, amely hidrat\u00e1lja \u00e9s t\u00e1pl\u00e1lja a\u00a0 b\u0151rt. [&hellip;]<\/p>\n","protected":false},"featured_media":30050,"comment_status":"open","ping_status":"closed","template":"","meta":[],"product_cat":[130,132,151],"product_tag":[],"yoast_head":"<!-- This site is optimized with the Yoast SEO plugin v22.2 - https:\/\/yoast.com\/wordpress\/plugins\/seo\/ -->\n<title>Flower Garden foly\u00e9kony szemh\u00e9jfest\u00e9k 6,5ml 01 - Eveline Cosmetics Magyarorsz\u00e1g<\/title>\n<meta name=\"robots\" content=\"index, follow, max-snippet:-1, max-image-preview:large, max-video-preview:-1\" \/>\n<link rel=\"canonical\" href=\"https:\/\/www.eveline.hu\/2016\/eveline-kozmetikumok-szepsegapolas\/smink\/szem\/szemhej-festekek\/flower-garden-folyekony-szemhejfestek-65ml-01\/\" \/>\n<meta property=\"og:locale\" content=\"hu_HU\" \/>\n<meta property=\"og:type\" content=\"article\" \/>\n<meta property=\"og:title\" content=\"Flower Garden foly\u00e9kony szemh\u00e9jfest\u00e9k 6,5ml 01 - Eveline Cosmetics Magyarorsz\u00e1g\" \/>\n<meta property=\"og:description\" content=\"A leny\u0171g\u00f6z\u0151 2 az 1-ben foly\u00e9kony szemh\u00e9jfest\u00e9kek 2 az 1-ben haszn\u00e1lhat\u00f3 a szemh\u00e9jfest\u00e9k alapjak\u00e9nt, hogy meghosszabb\u00edts\u00e1k a tart\u00f3ss\u00e1gukat \u00e9s fokozz\u00e1k a sz\u00ednt, illetve \u00f6n\u00e1ll\u00f3 szemh\u00e9jfest\u00e9kk\u00e9nt is. A v\u00edz\u00e1ll\u00f3 formula szkval\u00e1nt \u00e9s bazsar\u00f3zsa kivonatot tartalmaz, amely hidrat\u00e1lja \u00e9s t\u00e1pl\u00e1lja a\u00a0 b\u0151rt. [&hellip;]\" \/>\n<meta property=\"og:url\" content=\"https:\/\/www.eveline.hu\/2016\/eveline-kozmetikumok-szepsegapolas\/smink\/szem\/szemhej-festekek\/flower-garden-folyekony-szemhejfestek-65ml-01\/\" \/>\n<meta property=\"og:site_name\" content=\"Eveline Cosmetics Magyarorsz\u00e1g\" \/>\n<meta property=\"article:modified_time\" content=\"2024-12-04T17:51:56+00:00\" \/>\n<meta property=\"og:image\" content=\"https:\/\/www.eveline.hu\/2016\/wp-content\/uploads\/2023\/10\/5903416052562-FLOWER-GARDEN-LIQUID-BASE-EYESHADOW-NO-01-w.png\" \/>\n\t<meta property=\"og:image:width\" content=\"750\" \/>\n\t<meta property=\"og:image:height\" content=\"750\" \/>\n\t<meta property=\"og:image:type\" content=\"image\/png\" \/>\n<meta name=\"twitter:card\" content=\"summary_large_image\" \/>\n<meta name=\"twitter:label1\" content=\"Becs\u00fclt olvas\u00e1si id\u0151\" \/>\n\t<meta name=\"twitter:data1\" content=\"1 perc\" \/>\n<script type=\"application\/ld+json\" class=\"yoast-schema-graph\">{\"@context\":\"https:\/\/schema.org\",\"@graph\":[{\"@type\":\"WebPage\",\"@id\":\"https:\/\/www.eveline.hu\/2016\/eveline-kozmetikumok-szepsegapolas\/smink\/szem\/szemhej-festekek\/flower-garden-folyekony-szemhejfestek-65ml-01\/\",\"url\":\"https:\/\/www.eveline.hu\/2016\/eveline-kozmetikumok-szepsegapolas\/smink\/szem\/szemhej-festekek\/flower-garden-folyekony-szemhejfestek-65ml-01\/\",\"name\":\"Flower Garden foly\u00e9kony szemh\u00e9jfest\u00e9k 6,5ml 01 - Eveline Cosmetics Magyarorsz\u00e1g\",\"isPartOf\":{\"@id\":\"https:\/\/www.eveline.hu\/2016\/#website\"},\"primaryImageOfPage\":{\"@id\":\"https:\/\/www.eveline.hu\/2016\/eveline-kozmetikumok-szepsegapolas\/smink\/szem\/szemhej-festekek\/flower-garden-folyekony-szemhejfestek-65ml-01\/#primaryimage\"},\"image\":{\"@id\":\"https:\/\/www.eveline.hu\/2016\/eveline-kozmetikumok-szepsegapolas\/smink\/szem\/szemhej-festekek\/flower-garden-folyekony-szemhejfestek-65ml-01\/#primaryimage\"},\"thumbnailUrl\":\"https:\/\/www.eveline.hu\/2016\/wp-content\/uploads\/2023\/10\/5903416052562-FLOWER-GARDEN-LIQUID-BASE-EYESHADOW-NO-01-w.png\",\"datePublished\":\"2023-10-31T11:44:12+00:00\",\"dateModified\":\"2024-12-04T17:51:56+00:00\",\"breadcrumb\":{\"@id\":\"https:\/\/www.eveline.hu\/2016\/eveline-kozmetikumok-szepsegapolas\/smink\/szem\/szemhej-festekek\/flower-garden-folyekony-szemhejfestek-65ml-01\/#breadcrumb\"},\"inLanguage\":\"hu\",\"potentialAction\":[{\"@type\":\"ReadAction\",\"target\":[\"https:\/\/www.eveline.hu\/2016\/eveline-kozmetikumok-szepsegapolas\/smink\/szem\/szemhej-festekek\/flower-garden-folyekony-szemhejfestek-65ml-01\/\"]}]},{\"@type\":\"ImageObject\",\"inLanguage\":\"hu\",\"@id\":\"https:\/\/www.eveline.hu\/2016\/eveline-kozmetikumok-szepsegapolas\/smink\/szem\/szemhej-festekek\/flower-garden-folyekony-szemhejfestek-65ml-01\/#primaryimage\",\"url\":\"https:\/\/www.eveline.hu\/2016\/wp-content\/uploads\/2023\/10\/5903416052562-FLOWER-GARDEN-LIQUID-BASE-EYESHADOW-NO-01-w.png\",\"contentUrl\":\"https:\/\/www.eveline.hu\/2016\/wp-content\/uploads\/2023\/10\/5903416052562-FLOWER-GARDEN-LIQUID-BASE-EYESHADOW-NO-01-w.png\",\"width\":750,\"height\":750},{\"@type\":\"BreadcrumbList\",\"@id\":\"https:\/\/www.eveline.hu\/2016\/eveline-kozmetikumok-szepsegapolas\/smink\/szem\/szemhej-festekek\/flower-garden-folyekony-szemhejfestek-65ml-01\/#breadcrumb\",\"itemListElement\":[{\"@type\":\"ListItem\",\"position\":1,\"name\":\"Home\",\"item\":\"https:\/\/www.eveline.hu\/2016\/\"},{\"@type\":\"ListItem\",\"position\":2,\"name\":\"Term\u00e9kek\",\"item\":\"https:\/\/www.eveline.hu\/2016\/shop\/\"},{\"@type\":\"ListItem\",\"position\":3,\"name\":\"Flower Garden foly\u00e9kony szemh\u00e9jfest\u00e9k 6,5ml 01\"}]},{\"@type\":\"WebSite\",\"@id\":\"https:\/\/www.eveline.hu\/2016\/#website\",\"url\":\"https:\/\/www.eveline.hu\/2016\/\",\"name\":\"Eveline Cosmetics Magyarorsz\u00e1g\",\"description\":\"Min\u0151s\u00e9gi kozmetikumok Lengyelorsz\u00e1gb\u00f3l\",\"potentialAction\":[{\"@type\":\"SearchAction\",\"target\":{\"@type\":\"EntryPoint\",\"urlTemplate\":\"https:\/\/www.eveline.hu\/2016\/?s={search_term_string}\"},\"query-input\":\"required name=search_term_string\"}],\"inLanguage\":\"hu\"}]}<\/script>\n<!-- \/ Yoast SEO plugin. -->","yoast_head_json":{"title":"Flower Garden foly\u00e9kony szemh\u00e9jfest\u00e9k 6,5ml 01 - Eveline Cosmetics Magyarorsz\u00e1g","robots":{"index":"index","follow":"follow","max-snippet":"max-snippet:-1","max-image-preview":"max-image-preview:large","max-video-preview":"max-video-preview:-1"},"canonical":"https:\/\/www.eveline.hu\/2016\/eveline-kozmetikumok-szepsegapolas\/smink\/szem\/szemhej-festekek\/flower-garden-folyekony-szemhejfestek-65ml-01\/","og_locale":"hu_HU","og_type":"article","og_title":"Flower Garden foly\u00e9kony szemh\u00e9jfest\u00e9k 6,5ml 01 - Eveline Cosmetics Magyarorsz\u00e1g","og_description":"A leny\u0171g\u00f6z\u0151 2 az 1-ben foly\u00e9kony szemh\u00e9jfest\u00e9kek 2 az 1-ben haszn\u00e1lhat\u00f3 a szemh\u00e9jfest\u00e9k alapjak\u00e9nt, hogy meghosszabb\u00edts\u00e1k a tart\u00f3ss\u00e1gukat \u00e9s fokozz\u00e1k a sz\u00ednt, illetve \u00f6n\u00e1ll\u00f3 szemh\u00e9jfest\u00e9kk\u00e9nt is. A v\u00edz\u00e1ll\u00f3 formula szkval\u00e1nt \u00e9s bazsar\u00f3zsa kivonatot tartalmaz, amely hidrat\u00e1lja \u00e9s t\u00e1pl\u00e1lja a\u00a0 b\u0151rt. [&hellip;]","og_url":"https:\/\/www.eveline.hu\/2016\/eveline-kozmetikumok-szepsegapolas\/smink\/szem\/szemhej-festekek\/flower-garden-folyekony-szemhejfestek-65ml-01\/","og_site_name":"Eveline Cosmetics Magyarorsz\u00e1g","article_modified_time":"2024-12-04T17:51:56+00:00","og_image":[{"width":750,"height":750,"url":"https:\/\/www.eveline.hu\/2016\/wp-content\/uploads\/2023\/10\/5903416052562-FLOWER-GARDEN-LIQUID-BASE-EYESHADOW-NO-01-w.png","type":"image\/png"}],"twitter_card":"summary_large_image","twitter_misc":{"Becs\u00fclt olvas\u00e1si id\u0151":"1 perc"},"schema":{"@context":"https:\/\/schema.org","@graph":[{"@type":"WebPage","@id":"https:\/\/www.eveline.hu\/2016\/eveline-kozmetikumok-szepsegapolas\/smink\/szem\/szemhej-festekek\/flower-garden-folyekony-szemhejfestek-65ml-01\/","url":"https:\/\/www.eveline.hu\/2016\/eveline-kozmetikumok-szepsegapolas\/smink\/szem\/szemhej-festekek\/flower-garden-folyekony-szemhejfestek-65ml-01\/","name":"Flower Garden foly\u00e9kony szemh\u00e9jfest\u00e9k 6,5ml 01 - Eveline Cosmetics Magyarorsz\u00e1g","isPartOf":{"@id":"https:\/\/www.eveline.hu\/2016\/#website"},"primaryImageOfPage":{"@id":"https:\/\/www.eveline.hu\/2016\/eveline-kozmetikumok-szepsegapolas\/smink\/szem\/szemhej-festekek\/flower-garden-folyekony-szemhejfestek-65ml-01\/#primaryimage"},"image":{"@id":"https:\/\/www.eveline.hu\/2016\/eveline-kozmetikumok-szepsegapolas\/smink\/szem\/szemhej-festekek\/flower-garden-folyekony-szemhejfestek-65ml-01\/#primaryimage"},"thumbnailUrl":"https:\/\/www.eveline.hu\/2016\/wp-content\/uploads\/2023\/10\/5903416052562-FLOWER-GARDEN-LIQUID-BASE-EYESHADOW-NO-01-w.png","datePublished":"2023-10-31T11:44:12+00:00","dateModified":"2024-12-04T17:51:56+00:00","breadcrumb":{"@id":"https:\/\/www.eveline.hu\/2016\/eveline-kozmetikumok-szepsegapolas\/smink\/szem\/szemhej-festekek\/flower-garden-folyekony-szemhejfestek-65ml-01\/#breadcrumb"},"inLanguage":"hu","potentialAction":[{"@type":"ReadAction","target":["https:\/\/www.eveline.hu\/2016\/eveline-kozmetikumok-szepsegapolas\/smink\/szem\/szemhej-festekek\/flower-garden-folyekony-szemhejfestek-65ml-01\/"]}]},{"@type":"ImageObject","inLanguage":"hu","@id":"https:\/\/www.eveline.hu\/2016\/eveline-kozmetikumok-szepsegapolas\/smink\/szem\/szemhej-festekek\/flower-garden-folyekony-szemhejfestek-65ml-01\/#primaryimage","url":"https:\/\/www.eveline.hu\/2016\/wp-content\/uploads\/2023\/10\/5903416052562-FLOWER-GARDEN-LIQUID-BASE-EYESHADOW-NO-01-w.png","contentUrl":"https:\/\/www.eveline.hu\/2016\/wp-content\/uploads\/2023\/10\/5903416052562-FLOWER-GARDEN-LIQUID-BASE-EYESHADOW-NO-01-w.png","width":750,"height":750},{"@type":"BreadcrumbList","@id":"https:\/\/www.eveline.hu\/2016\/eveline-kozmetikumok-szepsegapolas\/smink\/szem\/szemhej-festekek\/flower-garden-folyekony-szemhejfestek-65ml-01\/#breadcrumb","itemListElement":[{"@type":"ListItem","position":1,"name":"Home","item":"https:\/\/www.eveline.hu\/2016\/"},{"@type":"ListItem","position":2,"name":"Term\u00e9kek","item":"https:\/\/www.eveline.hu\/2016\/shop\/"},{"@type":"ListItem","position":3,"name":"Flower Garden foly\u00e9kony szemh\u00e9jfest\u00e9k 6,5ml 01"}]},{"@type":"WebSite","@id":"https:\/\/www.eveline.hu\/2016\/#website","url":"https:\/\/www.eveline.hu\/2016\/","name":"Eveline Cosmetics Magyarorsz\u00e1g","description":"Min\u0151s\u00e9gi kozmetikumok Lengyelorsz\u00e1gb\u00f3l","potentialAction":[{"@type":"SearchAction","target":{"@type":"EntryPoint","urlTemplate":"https:\/\/www.eveline.hu\/2016\/?s={search_term_string}"},"query-input":"required name=search_term_string"}],"inLanguage":"hu"}]}},"_links":{"self":[{"href":"https:\/\/www.eveline.hu\/2016\/wp-json\/wp\/v2\/product\/30049"}],"collection":[{"href":"https:\/\/www.eveline.hu\/2016\/wp-json\/wp\/v2\/product"}],"about":[{"href":"https:\/\/www.eveline.hu\/2016\/wp-json\/wp\/v2\/types\/product"}],"replies":[{"embeddable":true,"href":"https:\/\/www.eveline.hu\/2016\/wp-json\/wp\/v2\/comments?post=30049"}],"wp:featuredmedia":[{"embeddable":true,"href":"https:\/\/www.eveline.hu\/2016\/wp-json\/wp\/v2\/media\/30050"}],"wp:attachment":[{"href":"https:\/\/www.eveline.hu\/2016\/wp-json\/wp\/v2\/media?parent=30049"}],"wp:term":[{"taxonomy":"product_cat","embeddable":true,"href":"https:\/\/www.eveline.hu\/2016\/wp-json\/wp\/v2\/product_cat?post=30049"},{"taxonomy":"product_tag","embeddable":true,"href":"https:\/\/www.eveline.hu\/2016\/wp-json\/wp\/v2\/product_tag?post=30049"}],"curies":[{"name":"wp","href":"https:\/\/api.w.org\/{rel}","templated":true}]}}