{"id":29790,"date":"2023-07-11T13:44:46","date_gmt":"2023-07-11T11:44:46","guid":{"rendered":"https:\/\/www.eveline.hu\/2016\/?post_type=product&#038;p=29790"},"modified":"2023-09-28T08:48:26","modified_gmt":"2023-09-28T06:48:26","slug":"wonder-match-loose-puder-bambusz-6g","status":"publish","type":"product","link":"https:\/\/www.eveline.hu\/2016\/eveline-kozmetikumok-szepsegapolas\/smink\/arc\/puderek\/wonder-match-loose-puder-bambusz-6g\/","title":{"rendered":"WONDER MATCH LOOSE P\u00daDER BAMBUSZ 6g"},"content":{"rendered":"<p>A b\u0151r selymesen sima \u00e9s matt lesz.<\/p>\n<p>K\u00f6nnyed, \u00e1tl\u00e1tsz\u00f3, nem okoz irrit\u00e1ci\u00f3t, nem sz\u00e1r\u00edtja a b\u0151rt \u00e9s nem t\u00f6m\u00edti el a p\u00f3rusokat.<\/p>\n<p>Er\u0151sen megk\u00f6ti a faggy\u00fat \u00e9s a nedvess\u00e9get, mik\u00f6zben \u00e1pol\u00f3 \u00e9s nyugtat\u00f3 hat\u00e1s\u00fa.<\/p>\n<p>A term\u00e9k minden b\u0151rt\u00edpusra alkalmas, k\u00fcl\u00f6n\u00f6s tekintettel a zs\u00edros \u00e9s kombin\u00e1lt b\u0151rre. Csomagol\u00e1sa p\u00faderpamacsot tartalmaz.<\/p>\n","protected":false},"excerpt":{"rendered":"<p>A b\u0151r selymesen sima \u00e9s matt lesz. K\u00f6nnyed, \u00e1tl\u00e1tsz\u00f3, nem okoz irrit\u00e1ci\u00f3t, nem sz\u00e1r\u00edtja a b\u0151rt \u00e9s nem t\u00f6m\u00edti el a p\u00f3rusokat. Er\u0151sen megk\u00f6ti a faggy\u00fat \u00e9s a nedvess\u00e9get, mik\u00f6zben \u00e1pol\u00f3 \u00e9s nyugtat\u00f3 hat\u00e1s\u00fa. A term\u00e9k minden b\u0151rt\u00edpusra alkalmas, k\u00fcl\u00f6n\u00f6s [&hellip;]<\/p>\n","protected":false},"featured_media":29791,"comment_status":"open","ping_status":"closed","template":"","meta":[],"product_cat":[302,130,143,80],"product_tag":[],"yoast_head":"<!-- This site is optimized with the Yoast SEO plugin v22.2 - https:\/\/yoast.com\/wordpress\/plugins\/seo\/ -->\n<title>WONDER MATCH LOOSE P\u00daDER BAMBUSZ 6g - Eveline Cosmetics Magyarorsz\u00e1g<\/title>\n<meta name=\"robots\" content=\"index, follow, max-snippet:-1, max-image-preview:large, max-video-preview:-1\" \/>\n<link rel=\"canonical\" href=\"https:\/\/www.eveline.hu\/2016\/eveline-kozmetikumok-szepsegapolas\/smink\/arc\/puderek\/wonder-match-loose-puder-bambusz-6g\/\" \/>\n<meta property=\"og:locale\" content=\"hu_HU\" \/>\n<meta property=\"og:type\" content=\"article\" \/>\n<meta property=\"og:title\" content=\"WONDER MATCH LOOSE P\u00daDER BAMBUSZ 6g - Eveline Cosmetics Magyarorsz\u00e1g\" \/>\n<meta property=\"og:description\" content=\"A b\u0151r selymesen sima \u00e9s matt lesz. K\u00f6nnyed, \u00e1tl\u00e1tsz\u00f3, nem okoz irrit\u00e1ci\u00f3t, nem sz\u00e1r\u00edtja a b\u0151rt \u00e9s nem t\u00f6m\u00edti el a p\u00f3rusokat. Er\u0151sen megk\u00f6ti a faggy\u00fat \u00e9s a nedvess\u00e9get, mik\u00f6zben \u00e1pol\u00f3 \u00e9s nyugtat\u00f3 hat\u00e1s\u00fa. A term\u00e9k minden b\u0151rt\u00edpusra alkalmas, k\u00fcl\u00f6n\u00f6s [&hellip;]\" \/>\n<meta property=\"og:url\" content=\"https:\/\/www.eveline.hu\/2016\/eveline-kozmetikumok-szepsegapolas\/smink\/arc\/puderek\/wonder-match-loose-puder-bambusz-6g\/\" \/>\n<meta property=\"og:site_name\" content=\"Eveline Cosmetics Magyarorsz\u00e1g\" \/>\n<meta property=\"article:modified_time\" content=\"2023-09-28T06:48:26+00:00\" \/>\n<meta property=\"og:image\" content=\"https:\/\/www.eveline.hu\/2016\/wp-content\/uploads\/2023\/07\/Wonder-mach-Bamboo-loose-puder-w.png\" \/>\n\t<meta property=\"og:image:width\" content=\"750\" \/>\n\t<meta property=\"og:image:height\" content=\"750\" \/>\n\t<meta property=\"og:image:type\" content=\"image\/png\" \/>\n<meta name=\"twitter:card\" content=\"summary_large_image\" \/>\n<script type=\"application\/ld+json\" class=\"yoast-schema-graph\">{\"@context\":\"https:\/\/schema.org\",\"@graph\":[{\"@type\":\"WebPage\",\"@id\":\"https:\/\/www.eveline.hu\/2016\/eveline-kozmetikumok-szepsegapolas\/smink\/arc\/puderek\/wonder-match-loose-puder-bambusz-6g\/\",\"url\":\"https:\/\/www.eveline.hu\/2016\/eveline-kozmetikumok-szepsegapolas\/smink\/arc\/puderek\/wonder-match-loose-puder-bambusz-6g\/\",\"name\":\"WONDER MATCH LOOSE P\u00daDER BAMBUSZ 6g - Eveline Cosmetics Magyarorsz\u00e1g\",\"isPartOf\":{\"@id\":\"https:\/\/www.eveline.hu\/2016\/#website\"},\"primaryImageOfPage\":{\"@id\":\"https:\/\/www.eveline.hu\/2016\/eveline-kozmetikumok-szepsegapolas\/smink\/arc\/puderek\/wonder-match-loose-puder-bambusz-6g\/#primaryimage\"},\"image\":{\"@id\":\"https:\/\/www.eveline.hu\/2016\/eveline-kozmetikumok-szepsegapolas\/smink\/arc\/puderek\/wonder-match-loose-puder-bambusz-6g\/#primaryimage\"},\"thumbnailUrl\":\"https:\/\/www.eveline.hu\/2016\/wp-content\/uploads\/2023\/07\/Wonder-mach-Bamboo-loose-puder-w.png\",\"datePublished\":\"2023-07-11T11:44:46+00:00\",\"dateModified\":\"2023-09-28T06:48:26+00:00\",\"breadcrumb\":{\"@id\":\"https:\/\/www.eveline.hu\/2016\/eveline-kozmetikumok-szepsegapolas\/smink\/arc\/puderek\/wonder-match-loose-puder-bambusz-6g\/#breadcrumb\"},\"inLanguage\":\"hu\",\"potentialAction\":[{\"@type\":\"ReadAction\",\"target\":[\"https:\/\/www.eveline.hu\/2016\/eveline-kozmetikumok-szepsegapolas\/smink\/arc\/puderek\/wonder-match-loose-puder-bambusz-6g\/\"]}]},{\"@type\":\"ImageObject\",\"inLanguage\":\"hu\",\"@id\":\"https:\/\/www.eveline.hu\/2016\/eveline-kozmetikumok-szepsegapolas\/smink\/arc\/puderek\/wonder-match-loose-puder-bambusz-6g\/#primaryimage\",\"url\":\"https:\/\/www.eveline.hu\/2016\/wp-content\/uploads\/2023\/07\/Wonder-mach-Bamboo-loose-puder-w.png\",\"contentUrl\":\"https:\/\/www.eveline.hu\/2016\/wp-content\/uploads\/2023\/07\/Wonder-mach-Bamboo-loose-puder-w.png\",\"width\":750,\"height\":750},{\"@type\":\"BreadcrumbList\",\"@id\":\"https:\/\/www.eveline.hu\/2016\/eveline-kozmetikumok-szepsegapolas\/smink\/arc\/puderek\/wonder-match-loose-puder-bambusz-6g\/#breadcrumb\",\"itemListElement\":[{\"@type\":\"ListItem\",\"position\":1,\"name\":\"Home\",\"item\":\"https:\/\/www.eveline.hu\/2016\/\"},{\"@type\":\"ListItem\",\"position\":2,\"name\":\"Term\u00e9kek\",\"item\":\"https:\/\/www.eveline.hu\/2016\/shop\/\"},{\"@type\":\"ListItem\",\"position\":3,\"name\":\"WONDER MATCH LOOSE P\u00daDER BAMBUSZ 6g\"}]},{\"@type\":\"WebSite\",\"@id\":\"https:\/\/www.eveline.hu\/2016\/#website\",\"url\":\"https:\/\/www.eveline.hu\/2016\/\",\"name\":\"Eveline Cosmetics Magyarorsz\u00e1g\",\"description\":\"Min\u0151s\u00e9gi kozmetikumok Lengyelorsz\u00e1gb\u00f3l\",\"potentialAction\":[{\"@type\":\"SearchAction\",\"target\":{\"@type\":\"EntryPoint\",\"urlTemplate\":\"https:\/\/www.eveline.hu\/2016\/?s={search_term_string}\"},\"query-input\":\"required name=search_term_string\"}],\"inLanguage\":\"hu\"}]}<\/script>\n<!-- \/ Yoast SEO plugin. -->","yoast_head_json":{"title":"WONDER MATCH LOOSE P\u00daDER BAMBUSZ 6g - Eveline Cosmetics Magyarorsz\u00e1g","robots":{"index":"index","follow":"follow","max-snippet":"max-snippet:-1","max-image-preview":"max-image-preview:large","max-video-preview":"max-video-preview:-1"},"canonical":"https:\/\/www.eveline.hu\/2016\/eveline-kozmetikumok-szepsegapolas\/smink\/arc\/puderek\/wonder-match-loose-puder-bambusz-6g\/","og_locale":"hu_HU","og_type":"article","og_title":"WONDER MATCH LOOSE P\u00daDER BAMBUSZ 6g - Eveline Cosmetics Magyarorsz\u00e1g","og_description":"A b\u0151r selymesen sima \u00e9s matt lesz. K\u00f6nnyed, \u00e1tl\u00e1tsz\u00f3, nem okoz irrit\u00e1ci\u00f3t, nem sz\u00e1r\u00edtja a b\u0151rt \u00e9s nem t\u00f6m\u00edti el a p\u00f3rusokat. Er\u0151sen megk\u00f6ti a faggy\u00fat \u00e9s a nedvess\u00e9get, mik\u00f6zben \u00e1pol\u00f3 \u00e9s nyugtat\u00f3 hat\u00e1s\u00fa. A term\u00e9k minden b\u0151rt\u00edpusra alkalmas, k\u00fcl\u00f6n\u00f6s [&hellip;]","og_url":"https:\/\/www.eveline.hu\/2016\/eveline-kozmetikumok-szepsegapolas\/smink\/arc\/puderek\/wonder-match-loose-puder-bambusz-6g\/","og_site_name":"Eveline Cosmetics Magyarorsz\u00e1g","article_modified_time":"2023-09-28T06:48:26+00:00","og_image":[{"width":750,"height":750,"url":"https:\/\/www.eveline.hu\/2016\/wp-content\/uploads\/2023\/07\/Wonder-mach-Bamboo-loose-puder-w.png","type":"image\/png"}],"twitter_card":"summary_large_image","schema":{"@context":"https:\/\/schema.org","@graph":[{"@type":"WebPage","@id":"https:\/\/www.eveline.hu\/2016\/eveline-kozmetikumok-szepsegapolas\/smink\/arc\/puderek\/wonder-match-loose-puder-bambusz-6g\/","url":"https:\/\/www.eveline.hu\/2016\/eveline-kozmetikumok-szepsegapolas\/smink\/arc\/puderek\/wonder-match-loose-puder-bambusz-6g\/","name":"WONDER MATCH LOOSE P\u00daDER BAMBUSZ 6g - Eveline Cosmetics Magyarorsz\u00e1g","isPartOf":{"@id":"https:\/\/www.eveline.hu\/2016\/#website"},"primaryImageOfPage":{"@id":"https:\/\/www.eveline.hu\/2016\/eveline-kozmetikumok-szepsegapolas\/smink\/arc\/puderek\/wonder-match-loose-puder-bambusz-6g\/#primaryimage"},"image":{"@id":"https:\/\/www.eveline.hu\/2016\/eveline-kozmetikumok-szepsegapolas\/smink\/arc\/puderek\/wonder-match-loose-puder-bambusz-6g\/#primaryimage"},"thumbnailUrl":"https:\/\/www.eveline.hu\/2016\/wp-content\/uploads\/2023\/07\/Wonder-mach-Bamboo-loose-puder-w.png","datePublished":"2023-07-11T11:44:46+00:00","dateModified":"2023-09-28T06:48:26+00:00","breadcrumb":{"@id":"https:\/\/www.eveline.hu\/2016\/eveline-kozmetikumok-szepsegapolas\/smink\/arc\/puderek\/wonder-match-loose-puder-bambusz-6g\/#breadcrumb"},"inLanguage":"hu","potentialAction":[{"@type":"ReadAction","target":["https:\/\/www.eveline.hu\/2016\/eveline-kozmetikumok-szepsegapolas\/smink\/arc\/puderek\/wonder-match-loose-puder-bambusz-6g\/"]}]},{"@type":"ImageObject","inLanguage":"hu","@id":"https:\/\/www.eveline.hu\/2016\/eveline-kozmetikumok-szepsegapolas\/smink\/arc\/puderek\/wonder-match-loose-puder-bambusz-6g\/#primaryimage","url":"https:\/\/www.eveline.hu\/2016\/wp-content\/uploads\/2023\/07\/Wonder-mach-Bamboo-loose-puder-w.png","contentUrl":"https:\/\/www.eveline.hu\/2016\/wp-content\/uploads\/2023\/07\/Wonder-mach-Bamboo-loose-puder-w.png","width":750,"height":750},{"@type":"BreadcrumbList","@id":"https:\/\/www.eveline.hu\/2016\/eveline-kozmetikumok-szepsegapolas\/smink\/arc\/puderek\/wonder-match-loose-puder-bambusz-6g\/#breadcrumb","itemListElement":[{"@type":"ListItem","position":1,"name":"Home","item":"https:\/\/www.eveline.hu\/2016\/"},{"@type":"ListItem","position":2,"name":"Term\u00e9kek","item":"https:\/\/www.eveline.hu\/2016\/shop\/"},{"@type":"ListItem","position":3,"name":"WONDER MATCH LOOSE P\u00daDER BAMBUSZ 6g"}]},{"@type":"WebSite","@id":"https:\/\/www.eveline.hu\/2016\/#website","url":"https:\/\/www.eveline.hu\/2016\/","name":"Eveline Cosmetics Magyarorsz\u00e1g","description":"Min\u0151s\u00e9gi kozmetikumok Lengyelorsz\u00e1gb\u00f3l","potentialAction":[{"@type":"SearchAction","target":{"@type":"EntryPoint","urlTemplate":"https:\/\/www.eveline.hu\/2016\/?s={search_term_string}"},"query-input":"required name=search_term_string"}],"inLanguage":"hu"}]}},"_links":{"self":[{"href":"https:\/\/www.eveline.hu\/2016\/wp-json\/wp\/v2\/product\/29790"}],"collection":[{"href":"https:\/\/www.eveline.hu\/2016\/wp-json\/wp\/v2\/product"}],"about":[{"href":"https:\/\/www.eveline.hu\/2016\/wp-json\/wp\/v2\/types\/product"}],"replies":[{"embeddable":true,"href":"https:\/\/www.eveline.hu\/2016\/wp-json\/wp\/v2\/comments?post=29790"}],"wp:featuredmedia":[{"embeddable":true,"href":"https:\/\/www.eveline.hu\/2016\/wp-json\/wp\/v2\/media\/29791"}],"wp:attachment":[{"href":"https:\/\/www.eveline.hu\/2016\/wp-json\/wp\/v2\/media?parent=29790"}],"wp:term":[{"taxonomy":"product_cat","embeddable":true,"href":"https:\/\/www.eveline.hu\/2016\/wp-json\/wp\/v2\/product_cat?post=29790"},{"taxonomy":"product_tag","embeddable":true,"href":"https:\/\/www.eveline.hu\/2016\/wp-json\/wp\/v2\/product_tag?post=29790"}],"curies":[{"name":"wp","href":"https:\/\/api.w.org\/{rel}","templated":true}]}}