{"id":29608,"date":"2023-05-18T12:40:30","date_gmt":"2023-05-18T10:40:30","guid":{"rendered":"https:\/\/www.eveline.hu\/2016\/?post_type=product&#038;p=29608"},"modified":"2024-01-14T10:26:49","modified_gmt":"2024-01-14T09:26:49","slug":"howlit-nyugalom-karkoto-73-19cm","status":"publish","type":"product","link":"https:\/\/www.eveline.hu\/2016\/eveline-kozmetikumok-szepsegapolas\/termekcsaladok\/ajandektargyak\/howlit-nyugalom-karkoto-73-19cm\/","title":{"rendered":"Howlit -nyugalom kark\u00f6t\u0151 (73) 19cm"},"content":{"rendered":"<p>Az \u00e1sv\u00e1nyokat m\u00e1r az \u0151seink is haszn\u00e1lt\u00e1k v\u00e9delmez\u0151k\u00e9nt, gy\u00f3gyhat\u00e1suk miatt, vagy csak \u00e9kszerk\u00e9nt.<\/p>\n<p>Ez a gy\u00f3gy\u00edt\u00f3 k\u00f6vekb\u0151l k\u00e9sz\u00fclt kark\u00f6t\u0151 seg\u00edts\u00e9get ny\u00fajt finom rezg\u00e9s\u00e9vel, pozit\u00edv energi\u00e1j\u00e1val.<\/p>\n<p>a gy\u00f6ngy\u00f6k m\u00e9rete:\u00a0 7 mm, 8mm,<\/p>\n<p>Howlit,hegyikrist\u00e1ly, afrikai t\u00fcrkiz<\/p>\n<p>Az afrikai t\u00fcrkiz val\u00f3j\u00e1ban a j\u00e1spis egyik fajt\u00e1ja.El\u0151seg\u00edti az \u00e9letben sz\u00fcks\u00e9ges v\u00e1ltoz\u00e1sokat, egyens\u00falyba hozza a m\u00faltat, jelent \u00e9s j\u00f6v\u0151t. Megnyitja a harmadik szemet. Gy\u00f3gyhat\u00e1s: koncentr\u00e1ci\u00f3 jav\u00edt\u00e1sa, depresszi\u00f3s \u00e1llapotok m\u00e9rs\u00e9kl\u00e9se, idegess\u00e9g ellen nyugtat\u00f3 hat\u00e1s\u00fa<br \/>\nCsillagjegy: Bak, R\u00e1k<\/p>\n<p>A hegyikrist\u00e1ly feler\u0151s\u00edti az energi\u00e1kat,v\u00e9delmet biztos\u00edt.Minden csakr\u00e1ra hat\u00e1ssal van, k\u00fcl\u00f6n\u00f6sk\u00e9ppen a koronacsakr\u00e1ra.<\/p>\n<p>Howlit: Alapvet\u0151en a nyugalom k\u00f6v\u00e9nek tartj\u00e1k. Er\u0151s\u00edti a pozit\u00edv jellemvon\u00e1sokat, visel\u0151j\u00e9t stresszes helyzetekben is higgadts\u00e1gra tan\u00edtja. Seg\u00edt megb\u00e9k\u00e9lni \u00f6nmagunkkal \u00e9s a vil\u00e1ggal.<\/p>\n","protected":false},"excerpt":{"rendered":"<p>Az \u00e1sv\u00e1nyokat m\u00e1r az \u0151seink is haszn\u00e1lt\u00e1k v\u00e9delmez\u0151k\u00e9nt, gy\u00f3gyhat\u00e1suk miatt, vagy csak \u00e9kszerk\u00e9nt. Ez a gy\u00f3gy\u00edt\u00f3 k\u00f6vekb\u0151l k\u00e9sz\u00fclt kark\u00f6t\u0151 seg\u00edts\u00e9get ny\u00fajt finom rezg\u00e9s\u00e9vel, pozit\u00edv energi\u00e1j\u00e1val. a gy\u00f6ngy\u00f6k m\u00e9rete:\u00a0 7 mm, 8mm, Howlit,hegyikrist\u00e1ly, afrikai t\u00fcrkiz Az afrikai t\u00fcrkiz val\u00f3j\u00e1ban a j\u00e1spis [&hellip;]<\/p>\n","protected":false},"featured_media":29609,"comment_status":"open","ping_status":"closed","template":"","meta":[],"product_cat":[276,302,80],"product_tag":[],"yoast_head":"<!-- This site is optimized with the Yoast SEO plugin v22.2 - https:\/\/yoast.com\/wordpress\/plugins\/seo\/ -->\n<title>Howlit -nyugalom kark\u00f6t\u0151 (73) 19cm - Eveline Cosmetics Magyarorsz\u00e1g<\/title>\n<meta name=\"robots\" content=\"index, follow, max-snippet:-1, max-image-preview:large, max-video-preview:-1\" \/>\n<link rel=\"canonical\" href=\"https:\/\/www.eveline.hu\/2016\/eveline-kozmetikumok-szepsegapolas\/termekcsaladok\/ajandektargyak\/howlit-nyugalom-karkoto-73-19cm\/\" \/>\n<meta property=\"og:locale\" content=\"hu_HU\" \/>\n<meta property=\"og:type\" content=\"article\" \/>\n<meta property=\"og:title\" content=\"Howlit -nyugalom kark\u00f6t\u0151 (73) 19cm - Eveline Cosmetics Magyarorsz\u00e1g\" \/>\n<meta property=\"og:description\" content=\"Az \u00e1sv\u00e1nyokat m\u00e1r az \u0151seink is haszn\u00e1lt\u00e1k v\u00e9delmez\u0151k\u00e9nt, gy\u00f3gyhat\u00e1suk miatt, vagy csak \u00e9kszerk\u00e9nt. Ez a gy\u00f3gy\u00edt\u00f3 k\u00f6vekb\u0151l k\u00e9sz\u00fclt kark\u00f6t\u0151 seg\u00edts\u00e9get ny\u00fajt finom rezg\u00e9s\u00e9vel, pozit\u00edv energi\u00e1j\u00e1val. a gy\u00f6ngy\u00f6k m\u00e9rete:\u00a0 7 mm, 8mm, Howlit,hegyikrist\u00e1ly, afrikai t\u00fcrkiz Az afrikai t\u00fcrkiz val\u00f3j\u00e1ban a j\u00e1spis [&hellip;]\" \/>\n<meta property=\"og:url\" content=\"https:\/\/www.eveline.hu\/2016\/eveline-kozmetikumok-szepsegapolas\/termekcsaladok\/ajandektargyak\/howlit-nyugalom-karkoto-73-19cm\/\" \/>\n<meta property=\"og:site_name\" content=\"Eveline Cosmetics Magyarorsz\u00e1g\" \/>\n<meta property=\"article:modified_time\" content=\"2024-01-14T09:26:49+00:00\" \/>\n<meta property=\"og:image\" content=\"https:\/\/www.eveline.hu\/2016\/wp-content\/uploads\/2023\/05\/Kark\u00f6t\u0151-73-w.png\" \/>\n\t<meta property=\"og:image:width\" content=\"750\" \/>\n\t<meta property=\"og:image:height\" content=\"750\" \/>\n\t<meta property=\"og:image:type\" content=\"image\/png\" \/>\n<meta name=\"twitter:card\" content=\"summary_large_image\" \/>\n<meta name=\"twitter:label1\" content=\"Becs\u00fclt olvas\u00e1si id\u0151\" \/>\n\t<meta name=\"twitter:data1\" content=\"1 perc\" \/>\n<script type=\"application\/ld+json\" class=\"yoast-schema-graph\">{\"@context\":\"https:\/\/schema.org\",\"@graph\":[{\"@type\":\"WebPage\",\"@id\":\"https:\/\/www.eveline.hu\/2016\/eveline-kozmetikumok-szepsegapolas\/termekcsaladok\/ajandektargyak\/howlit-nyugalom-karkoto-73-19cm\/\",\"url\":\"https:\/\/www.eveline.hu\/2016\/eveline-kozmetikumok-szepsegapolas\/termekcsaladok\/ajandektargyak\/howlit-nyugalom-karkoto-73-19cm\/\",\"name\":\"Howlit -nyugalom kark\u00f6t\u0151 (73) 19cm - Eveline Cosmetics Magyarorsz\u00e1g\",\"isPartOf\":{\"@id\":\"https:\/\/www.eveline.hu\/2016\/#website\"},\"primaryImageOfPage\":{\"@id\":\"https:\/\/www.eveline.hu\/2016\/eveline-kozmetikumok-szepsegapolas\/termekcsaladok\/ajandektargyak\/howlit-nyugalom-karkoto-73-19cm\/#primaryimage\"},\"image\":{\"@id\":\"https:\/\/www.eveline.hu\/2016\/eveline-kozmetikumok-szepsegapolas\/termekcsaladok\/ajandektargyak\/howlit-nyugalom-karkoto-73-19cm\/#primaryimage\"},\"thumbnailUrl\":\"https:\/\/www.eveline.hu\/2016\/wp-content\/uploads\/2023\/05\/Kark\u00f6t\u0151-73-w.png\",\"datePublished\":\"2023-05-18T10:40:30+00:00\",\"dateModified\":\"2024-01-14T09:26:49+00:00\",\"breadcrumb\":{\"@id\":\"https:\/\/www.eveline.hu\/2016\/eveline-kozmetikumok-szepsegapolas\/termekcsaladok\/ajandektargyak\/howlit-nyugalom-karkoto-73-19cm\/#breadcrumb\"},\"inLanguage\":\"hu\",\"potentialAction\":[{\"@type\":\"ReadAction\",\"target\":[\"https:\/\/www.eveline.hu\/2016\/eveline-kozmetikumok-szepsegapolas\/termekcsaladok\/ajandektargyak\/howlit-nyugalom-karkoto-73-19cm\/\"]}]},{\"@type\":\"ImageObject\",\"inLanguage\":\"hu\",\"@id\":\"https:\/\/www.eveline.hu\/2016\/eveline-kozmetikumok-szepsegapolas\/termekcsaladok\/ajandektargyak\/howlit-nyugalom-karkoto-73-19cm\/#primaryimage\",\"url\":\"https:\/\/www.eveline.hu\/2016\/wp-content\/uploads\/2023\/05\/Kark\u00f6t\u0151-73-w.png\",\"contentUrl\":\"https:\/\/www.eveline.hu\/2016\/wp-content\/uploads\/2023\/05\/Kark\u00f6t\u0151-73-w.png\",\"width\":750,\"height\":750},{\"@type\":\"BreadcrumbList\",\"@id\":\"https:\/\/www.eveline.hu\/2016\/eveline-kozmetikumok-szepsegapolas\/termekcsaladok\/ajandektargyak\/howlit-nyugalom-karkoto-73-19cm\/#breadcrumb\",\"itemListElement\":[{\"@type\":\"ListItem\",\"position\":1,\"name\":\"Home\",\"item\":\"https:\/\/www.eveline.hu\/2016\/\"},{\"@type\":\"ListItem\",\"position\":2,\"name\":\"Term\u00e9kek\",\"item\":\"https:\/\/www.eveline.hu\/2016\/shop\/\"},{\"@type\":\"ListItem\",\"position\":3,\"name\":\"Howlit -nyugalom kark\u00f6t\u0151 (73) 19cm\"}]},{\"@type\":\"WebSite\",\"@id\":\"https:\/\/www.eveline.hu\/2016\/#website\",\"url\":\"https:\/\/www.eveline.hu\/2016\/\",\"name\":\"Eveline Cosmetics Magyarorsz\u00e1g\",\"description\":\"Min\u0151s\u00e9gi kozmetikumok Lengyelorsz\u00e1gb\u00f3l\",\"potentialAction\":[{\"@type\":\"SearchAction\",\"target\":{\"@type\":\"EntryPoint\",\"urlTemplate\":\"https:\/\/www.eveline.hu\/2016\/?s={search_term_string}\"},\"query-input\":\"required name=search_term_string\"}],\"inLanguage\":\"hu\"}]}<\/script>\n<!-- \/ Yoast SEO plugin. -->","yoast_head_json":{"title":"Howlit -nyugalom kark\u00f6t\u0151 (73) 19cm - Eveline Cosmetics Magyarorsz\u00e1g","robots":{"index":"index","follow":"follow","max-snippet":"max-snippet:-1","max-image-preview":"max-image-preview:large","max-video-preview":"max-video-preview:-1"},"canonical":"https:\/\/www.eveline.hu\/2016\/eveline-kozmetikumok-szepsegapolas\/termekcsaladok\/ajandektargyak\/howlit-nyugalom-karkoto-73-19cm\/","og_locale":"hu_HU","og_type":"article","og_title":"Howlit -nyugalom kark\u00f6t\u0151 (73) 19cm - Eveline Cosmetics Magyarorsz\u00e1g","og_description":"Az \u00e1sv\u00e1nyokat m\u00e1r az \u0151seink is haszn\u00e1lt\u00e1k v\u00e9delmez\u0151k\u00e9nt, gy\u00f3gyhat\u00e1suk miatt, vagy csak \u00e9kszerk\u00e9nt. Ez a gy\u00f3gy\u00edt\u00f3 k\u00f6vekb\u0151l k\u00e9sz\u00fclt kark\u00f6t\u0151 seg\u00edts\u00e9get ny\u00fajt finom rezg\u00e9s\u00e9vel, pozit\u00edv energi\u00e1j\u00e1val. a gy\u00f6ngy\u00f6k m\u00e9rete:\u00a0 7 mm, 8mm, Howlit,hegyikrist\u00e1ly, afrikai t\u00fcrkiz Az afrikai t\u00fcrkiz val\u00f3j\u00e1ban a j\u00e1spis [&hellip;]","og_url":"https:\/\/www.eveline.hu\/2016\/eveline-kozmetikumok-szepsegapolas\/termekcsaladok\/ajandektargyak\/howlit-nyugalom-karkoto-73-19cm\/","og_site_name":"Eveline Cosmetics Magyarorsz\u00e1g","article_modified_time":"2024-01-14T09:26:49+00:00","og_image":[{"width":750,"height":750,"url":"https:\/\/www.eveline.hu\/2016\/wp-content\/uploads\/2023\/05\/Kark\u00f6t\u0151-73-w.png","type":"image\/png"}],"twitter_card":"summary_large_image","twitter_misc":{"Becs\u00fclt olvas\u00e1si id\u0151":"1 perc"},"schema":{"@context":"https:\/\/schema.org","@graph":[{"@type":"WebPage","@id":"https:\/\/www.eveline.hu\/2016\/eveline-kozmetikumok-szepsegapolas\/termekcsaladok\/ajandektargyak\/howlit-nyugalom-karkoto-73-19cm\/","url":"https:\/\/www.eveline.hu\/2016\/eveline-kozmetikumok-szepsegapolas\/termekcsaladok\/ajandektargyak\/howlit-nyugalom-karkoto-73-19cm\/","name":"Howlit -nyugalom kark\u00f6t\u0151 (73) 19cm - Eveline Cosmetics Magyarorsz\u00e1g","isPartOf":{"@id":"https:\/\/www.eveline.hu\/2016\/#website"},"primaryImageOfPage":{"@id":"https:\/\/www.eveline.hu\/2016\/eveline-kozmetikumok-szepsegapolas\/termekcsaladok\/ajandektargyak\/howlit-nyugalom-karkoto-73-19cm\/#primaryimage"},"image":{"@id":"https:\/\/www.eveline.hu\/2016\/eveline-kozmetikumok-szepsegapolas\/termekcsaladok\/ajandektargyak\/howlit-nyugalom-karkoto-73-19cm\/#primaryimage"},"thumbnailUrl":"https:\/\/www.eveline.hu\/2016\/wp-content\/uploads\/2023\/05\/Kark\u00f6t\u0151-73-w.png","datePublished":"2023-05-18T10:40:30+00:00","dateModified":"2024-01-14T09:26:49+00:00","breadcrumb":{"@id":"https:\/\/www.eveline.hu\/2016\/eveline-kozmetikumok-szepsegapolas\/termekcsaladok\/ajandektargyak\/howlit-nyugalom-karkoto-73-19cm\/#breadcrumb"},"inLanguage":"hu","potentialAction":[{"@type":"ReadAction","target":["https:\/\/www.eveline.hu\/2016\/eveline-kozmetikumok-szepsegapolas\/termekcsaladok\/ajandektargyak\/howlit-nyugalom-karkoto-73-19cm\/"]}]},{"@type":"ImageObject","inLanguage":"hu","@id":"https:\/\/www.eveline.hu\/2016\/eveline-kozmetikumok-szepsegapolas\/termekcsaladok\/ajandektargyak\/howlit-nyugalom-karkoto-73-19cm\/#primaryimage","url":"https:\/\/www.eveline.hu\/2016\/wp-content\/uploads\/2023\/05\/Kark\u00f6t\u0151-73-w.png","contentUrl":"https:\/\/www.eveline.hu\/2016\/wp-content\/uploads\/2023\/05\/Kark\u00f6t\u0151-73-w.png","width":750,"height":750},{"@type":"BreadcrumbList","@id":"https:\/\/www.eveline.hu\/2016\/eveline-kozmetikumok-szepsegapolas\/termekcsaladok\/ajandektargyak\/howlit-nyugalom-karkoto-73-19cm\/#breadcrumb","itemListElement":[{"@type":"ListItem","position":1,"name":"Home","item":"https:\/\/www.eveline.hu\/2016\/"},{"@type":"ListItem","position":2,"name":"Term\u00e9kek","item":"https:\/\/www.eveline.hu\/2016\/shop\/"},{"@type":"ListItem","position":3,"name":"Howlit -nyugalom kark\u00f6t\u0151 (73) 19cm"}]},{"@type":"WebSite","@id":"https:\/\/www.eveline.hu\/2016\/#website","url":"https:\/\/www.eveline.hu\/2016\/","name":"Eveline Cosmetics Magyarorsz\u00e1g","description":"Min\u0151s\u00e9gi kozmetikumok Lengyelorsz\u00e1gb\u00f3l","potentialAction":[{"@type":"SearchAction","target":{"@type":"EntryPoint","urlTemplate":"https:\/\/www.eveline.hu\/2016\/?s={search_term_string}"},"query-input":"required name=search_term_string"}],"inLanguage":"hu"}]}},"_links":{"self":[{"href":"https:\/\/www.eveline.hu\/2016\/wp-json\/wp\/v2\/product\/29608"}],"collection":[{"href":"https:\/\/www.eveline.hu\/2016\/wp-json\/wp\/v2\/product"}],"about":[{"href":"https:\/\/www.eveline.hu\/2016\/wp-json\/wp\/v2\/types\/product"}],"replies":[{"embeddable":true,"href":"https:\/\/www.eveline.hu\/2016\/wp-json\/wp\/v2\/comments?post=29608"}],"wp:featuredmedia":[{"embeddable":true,"href":"https:\/\/www.eveline.hu\/2016\/wp-json\/wp\/v2\/media\/29609"}],"wp:attachment":[{"href":"https:\/\/www.eveline.hu\/2016\/wp-json\/wp\/v2\/media?parent=29608"}],"wp:term":[{"taxonomy":"product_cat","embeddable":true,"href":"https:\/\/www.eveline.hu\/2016\/wp-json\/wp\/v2\/product_cat?post=29608"},{"taxonomy":"product_tag","embeddable":true,"href":"https:\/\/www.eveline.hu\/2016\/wp-json\/wp\/v2\/product_tag?post=29608"}],"curies":[{"name":"wp","href":"https:\/\/api.w.org\/{rel}","templated":true}]}}