{"id":29381,"date":"2023-03-09T10:19:16","date_gmt":"2023-03-09T09:19:16","guid":{"rendered":"https:\/\/www.eveline.hu\/2016\/?post_type=product&#038;p=29381"},"modified":"2025-06-11T08:24:25","modified_gmt":"2025-06-11T06:24:25","slug":"szemoldok-korrektor-sotet-barna-10ml","status":"publish","type":"product","link":"https:\/\/www.eveline.hu\/2016\/eveline-kozmetikumok-szepsegapolas\/smink\/szem\/szemoldok-kihuzok\/szemoldok-korrektor-sotet-barna-10ml\/","title":{"rendered":"SZEM\u00d6LD\u00d6K KORREKTOR S\u00d6T\u00c9T BARNA 10ML"},"content":{"rendered":"<p>Az 5az1-ben SZEM\u00d6LD\u00d6K KORREKTOR \u00f6t k\u00fcl\u00f6nb\u00f6z\u0151 m\u00f3don m\u0171k\u00f6dik.<\/p>\n<p>Csod\u00e1latosan form\u00e1z &#8211; t\u00f6k\u00e9letes form\u00e1t kap a szem\u00f6ld\u00f6k.<\/p>\n<p>Optikailag szab\u00e1lyozza \u0151ket, kit\u00f6lti az \u00fcregeket, \u00edgy s\u0171r\u0171bbnek t\u0171nik.<\/p>\n<p>Ugyanakkor a korrektor f\u00e9nyess\u00e9 var\u00e1zsolja a szem\u00f6ld\u00f6k\u00f6t, \u00edgy remek\u00fcl n\u00e9z ki.<\/p>\n<p>A hat\u00e1s tart\u00f3s \u00e9s hossz\u00fa ideig tart. Fontos, hogy a korrektor \u00e1polja is a szem\u00f6ld\u00f6k\u00f6t, puh\u00e1v\u00e1 \u00e9s selymess\u00e9 var\u00e1zsolja azt.<\/p>\n<p>A term\u00e9k egyszer\u0171 felhord\u00e1sa k\u00f6sz\u00f6nhet\u0151 a prec\u00edz BIG BALL BRUSH\u2122 kefefejnek, amely megakad\u00e1lyozza a korrektor v\u00e9letlenszer\u0171 sz\u00e9tter\u00fcl\u00e9s\u00e9t a szem\u00f6ld\u00f6kkont\u00faron t\u00fal.<\/p>\n","protected":false},"excerpt":{"rendered":"<p>Az 5az1-ben SZEM\u00d6LD\u00d6K KORREKTOR \u00f6t k\u00fcl\u00f6nb\u00f6z\u0151 m\u00f3don m\u0171k\u00f6dik. Csod\u00e1latosan form\u00e1z &#8211; t\u00f6k\u00e9letes form\u00e1t kap a szem\u00f6ld\u00f6k. Optikailag szab\u00e1lyozza \u0151ket, kit\u00f6lti az \u00fcregeket, \u00edgy s\u0171r\u0171bbnek t\u0171nik. Ugyanakkor a korrektor f\u00e9nyess\u00e9 var\u00e1zsolja a szem\u00f6ld\u00f6k\u00f6t, \u00edgy remek\u00fcl n\u00e9z ki. A hat\u00e1s tart\u00f3s \u00e9s [&hellip;]<\/p>\n","protected":false},"featured_media":29383,"comment_status":"open","ping_status":"closed","template":"","meta":[],"product_cat":[302,132,142,80],"product_tag":[],"yoast_head":"<!-- This site is optimized with the Yoast SEO plugin v22.2 - https:\/\/yoast.com\/wordpress\/plugins\/seo\/ -->\n<title>SZEM\u00d6LD\u00d6K KORREKTOR S\u00d6T\u00c9T BARNA 10ML - Eveline Cosmetics Magyarorsz\u00e1g<\/title>\n<meta name=\"robots\" content=\"index, follow, max-snippet:-1, max-image-preview:large, max-video-preview:-1\" \/>\n<link rel=\"canonical\" href=\"https:\/\/www.eveline.hu\/2016\/eveline-kozmetikumok-szepsegapolas\/smink\/szem\/szemoldok-kihuzok\/szemoldok-korrektor-sotet-barna-10ml\/\" \/>\n<meta property=\"og:locale\" content=\"hu_HU\" \/>\n<meta property=\"og:type\" content=\"article\" \/>\n<meta property=\"og:title\" content=\"SZEM\u00d6LD\u00d6K KORREKTOR S\u00d6T\u00c9T BARNA 10ML - Eveline Cosmetics Magyarorsz\u00e1g\" \/>\n<meta property=\"og:description\" content=\"Az 5az1-ben SZEM\u00d6LD\u00d6K KORREKTOR \u00f6t k\u00fcl\u00f6nb\u00f6z\u0151 m\u00f3don m\u0171k\u00f6dik. Csod\u00e1latosan form\u00e1z &#8211; t\u00f6k\u00e9letes form\u00e1t kap a szem\u00f6ld\u00f6k. Optikailag szab\u00e1lyozza \u0151ket, kit\u00f6lti az \u00fcregeket, \u00edgy s\u0171r\u0171bbnek t\u0171nik. Ugyanakkor a korrektor f\u00e9nyess\u00e9 var\u00e1zsolja a szem\u00f6ld\u00f6k\u00f6t, \u00edgy remek\u00fcl n\u00e9z ki. A hat\u00e1s tart\u00f3s \u00e9s [&hellip;]\" \/>\n<meta property=\"og:url\" content=\"https:\/\/www.eveline.hu\/2016\/eveline-kozmetikumok-szepsegapolas\/smink\/szem\/szemoldok-kihuzok\/szemoldok-korrektor-sotet-barna-10ml\/\" \/>\n<meta property=\"og:site_name\" content=\"Eveline Cosmetics Magyarorsz\u00e1g\" \/>\n<meta property=\"article:modified_time\" content=\"2025-06-11T06:24:25+00:00\" \/>\n<meta property=\"og:image\" content=\"https:\/\/www.eveline.hu\/2016\/wp-content\/uploads\/2023\/03\/szem\u00f6ld\u00f6k-korrektor-dark.png\" \/>\n\t<meta property=\"og:image:width\" content=\"750\" \/>\n\t<meta property=\"og:image:height\" content=\"750\" \/>\n\t<meta property=\"og:image:type\" content=\"image\/png\" \/>\n<meta name=\"twitter:card\" content=\"summary_large_image\" \/>\n<meta name=\"twitter:label1\" content=\"Becs\u00fclt olvas\u00e1si id\u0151\" \/>\n\t<meta name=\"twitter:data1\" content=\"1 perc\" \/>\n<script type=\"application\/ld+json\" class=\"yoast-schema-graph\">{\"@context\":\"https:\/\/schema.org\",\"@graph\":[{\"@type\":\"WebPage\",\"@id\":\"https:\/\/www.eveline.hu\/2016\/eveline-kozmetikumok-szepsegapolas\/smink\/szem\/szemoldok-kihuzok\/szemoldok-korrektor-sotet-barna-10ml\/\",\"url\":\"https:\/\/www.eveline.hu\/2016\/eveline-kozmetikumok-szepsegapolas\/smink\/szem\/szemoldok-kihuzok\/szemoldok-korrektor-sotet-barna-10ml\/\",\"name\":\"SZEM\u00d6LD\u00d6K KORREKTOR S\u00d6T\u00c9T BARNA 10ML - Eveline Cosmetics Magyarorsz\u00e1g\",\"isPartOf\":{\"@id\":\"https:\/\/www.eveline.hu\/2016\/#website\"},\"primaryImageOfPage\":{\"@id\":\"https:\/\/www.eveline.hu\/2016\/eveline-kozmetikumok-szepsegapolas\/smink\/szem\/szemoldok-kihuzok\/szemoldok-korrektor-sotet-barna-10ml\/#primaryimage\"},\"image\":{\"@id\":\"https:\/\/www.eveline.hu\/2016\/eveline-kozmetikumok-szepsegapolas\/smink\/szem\/szemoldok-kihuzok\/szemoldok-korrektor-sotet-barna-10ml\/#primaryimage\"},\"thumbnailUrl\":\"https:\/\/www.eveline.hu\/2016\/wp-content\/uploads\/2023\/03\/szem\u00f6ld\u00f6k-korrektor-dark.png\",\"datePublished\":\"2023-03-09T09:19:16+00:00\",\"dateModified\":\"2025-06-11T06:24:25+00:00\",\"breadcrumb\":{\"@id\":\"https:\/\/www.eveline.hu\/2016\/eveline-kozmetikumok-szepsegapolas\/smink\/szem\/szemoldok-kihuzok\/szemoldok-korrektor-sotet-barna-10ml\/#breadcrumb\"},\"inLanguage\":\"hu\",\"potentialAction\":[{\"@type\":\"ReadAction\",\"target\":[\"https:\/\/www.eveline.hu\/2016\/eveline-kozmetikumok-szepsegapolas\/smink\/szem\/szemoldok-kihuzok\/szemoldok-korrektor-sotet-barna-10ml\/\"]}]},{\"@type\":\"ImageObject\",\"inLanguage\":\"hu\",\"@id\":\"https:\/\/www.eveline.hu\/2016\/eveline-kozmetikumok-szepsegapolas\/smink\/szem\/szemoldok-kihuzok\/szemoldok-korrektor-sotet-barna-10ml\/#primaryimage\",\"url\":\"https:\/\/www.eveline.hu\/2016\/wp-content\/uploads\/2023\/03\/szem\u00f6ld\u00f6k-korrektor-dark.png\",\"contentUrl\":\"https:\/\/www.eveline.hu\/2016\/wp-content\/uploads\/2023\/03\/szem\u00f6ld\u00f6k-korrektor-dark.png\",\"width\":750,\"height\":750},{\"@type\":\"BreadcrumbList\",\"@id\":\"https:\/\/www.eveline.hu\/2016\/eveline-kozmetikumok-szepsegapolas\/smink\/szem\/szemoldok-kihuzok\/szemoldok-korrektor-sotet-barna-10ml\/#breadcrumb\",\"itemListElement\":[{\"@type\":\"ListItem\",\"position\":1,\"name\":\"Home\",\"item\":\"https:\/\/www.eveline.hu\/2016\/\"},{\"@type\":\"ListItem\",\"position\":2,\"name\":\"Term\u00e9kek\",\"item\":\"https:\/\/www.eveline.hu\/2016\/shop\/\"},{\"@type\":\"ListItem\",\"position\":3,\"name\":\"SZEM\u00d6LD\u00d6K KORREKTOR S\u00d6T\u00c9T BARNA 10ML\"}]},{\"@type\":\"WebSite\",\"@id\":\"https:\/\/www.eveline.hu\/2016\/#website\",\"url\":\"https:\/\/www.eveline.hu\/2016\/\",\"name\":\"Eveline Cosmetics Magyarorsz\u00e1g\",\"description\":\"Min\u0151s\u00e9gi kozmetikumok Lengyelorsz\u00e1gb\u00f3l\",\"potentialAction\":[{\"@type\":\"SearchAction\",\"target\":{\"@type\":\"EntryPoint\",\"urlTemplate\":\"https:\/\/www.eveline.hu\/2016\/?s={search_term_string}\"},\"query-input\":\"required name=search_term_string\"}],\"inLanguage\":\"hu\"}]}<\/script>\n<!-- \/ Yoast SEO plugin. -->","yoast_head_json":{"title":"SZEM\u00d6LD\u00d6K KORREKTOR S\u00d6T\u00c9T BARNA 10ML - Eveline Cosmetics Magyarorsz\u00e1g","robots":{"index":"index","follow":"follow","max-snippet":"max-snippet:-1","max-image-preview":"max-image-preview:large","max-video-preview":"max-video-preview:-1"},"canonical":"https:\/\/www.eveline.hu\/2016\/eveline-kozmetikumok-szepsegapolas\/smink\/szem\/szemoldok-kihuzok\/szemoldok-korrektor-sotet-barna-10ml\/","og_locale":"hu_HU","og_type":"article","og_title":"SZEM\u00d6LD\u00d6K KORREKTOR S\u00d6T\u00c9T BARNA 10ML - Eveline Cosmetics Magyarorsz\u00e1g","og_description":"Az 5az1-ben SZEM\u00d6LD\u00d6K KORREKTOR \u00f6t k\u00fcl\u00f6nb\u00f6z\u0151 m\u00f3don m\u0171k\u00f6dik. Csod\u00e1latosan form\u00e1z &#8211; t\u00f6k\u00e9letes form\u00e1t kap a szem\u00f6ld\u00f6k. Optikailag szab\u00e1lyozza \u0151ket, kit\u00f6lti az \u00fcregeket, \u00edgy s\u0171r\u0171bbnek t\u0171nik. Ugyanakkor a korrektor f\u00e9nyess\u00e9 var\u00e1zsolja a szem\u00f6ld\u00f6k\u00f6t, \u00edgy remek\u00fcl n\u00e9z ki. A hat\u00e1s tart\u00f3s \u00e9s [&hellip;]","og_url":"https:\/\/www.eveline.hu\/2016\/eveline-kozmetikumok-szepsegapolas\/smink\/szem\/szemoldok-kihuzok\/szemoldok-korrektor-sotet-barna-10ml\/","og_site_name":"Eveline Cosmetics Magyarorsz\u00e1g","article_modified_time":"2025-06-11T06:24:25+00:00","og_image":[{"width":750,"height":750,"url":"https:\/\/www.eveline.hu\/2016\/wp-content\/uploads\/2023\/03\/szem\u00f6ld\u00f6k-korrektor-dark.png","type":"image\/png"}],"twitter_card":"summary_large_image","twitter_misc":{"Becs\u00fclt olvas\u00e1si id\u0151":"1 perc"},"schema":{"@context":"https:\/\/schema.org","@graph":[{"@type":"WebPage","@id":"https:\/\/www.eveline.hu\/2016\/eveline-kozmetikumok-szepsegapolas\/smink\/szem\/szemoldok-kihuzok\/szemoldok-korrektor-sotet-barna-10ml\/","url":"https:\/\/www.eveline.hu\/2016\/eveline-kozmetikumok-szepsegapolas\/smink\/szem\/szemoldok-kihuzok\/szemoldok-korrektor-sotet-barna-10ml\/","name":"SZEM\u00d6LD\u00d6K KORREKTOR S\u00d6T\u00c9T BARNA 10ML - Eveline Cosmetics Magyarorsz\u00e1g","isPartOf":{"@id":"https:\/\/www.eveline.hu\/2016\/#website"},"primaryImageOfPage":{"@id":"https:\/\/www.eveline.hu\/2016\/eveline-kozmetikumok-szepsegapolas\/smink\/szem\/szemoldok-kihuzok\/szemoldok-korrektor-sotet-barna-10ml\/#primaryimage"},"image":{"@id":"https:\/\/www.eveline.hu\/2016\/eveline-kozmetikumok-szepsegapolas\/smink\/szem\/szemoldok-kihuzok\/szemoldok-korrektor-sotet-barna-10ml\/#primaryimage"},"thumbnailUrl":"https:\/\/www.eveline.hu\/2016\/wp-content\/uploads\/2023\/03\/szem\u00f6ld\u00f6k-korrektor-dark.png","datePublished":"2023-03-09T09:19:16+00:00","dateModified":"2025-06-11T06:24:25+00:00","breadcrumb":{"@id":"https:\/\/www.eveline.hu\/2016\/eveline-kozmetikumok-szepsegapolas\/smink\/szem\/szemoldok-kihuzok\/szemoldok-korrektor-sotet-barna-10ml\/#breadcrumb"},"inLanguage":"hu","potentialAction":[{"@type":"ReadAction","target":["https:\/\/www.eveline.hu\/2016\/eveline-kozmetikumok-szepsegapolas\/smink\/szem\/szemoldok-kihuzok\/szemoldok-korrektor-sotet-barna-10ml\/"]}]},{"@type":"ImageObject","inLanguage":"hu","@id":"https:\/\/www.eveline.hu\/2016\/eveline-kozmetikumok-szepsegapolas\/smink\/szem\/szemoldok-kihuzok\/szemoldok-korrektor-sotet-barna-10ml\/#primaryimage","url":"https:\/\/www.eveline.hu\/2016\/wp-content\/uploads\/2023\/03\/szem\u00f6ld\u00f6k-korrektor-dark.png","contentUrl":"https:\/\/www.eveline.hu\/2016\/wp-content\/uploads\/2023\/03\/szem\u00f6ld\u00f6k-korrektor-dark.png","width":750,"height":750},{"@type":"BreadcrumbList","@id":"https:\/\/www.eveline.hu\/2016\/eveline-kozmetikumok-szepsegapolas\/smink\/szem\/szemoldok-kihuzok\/szemoldok-korrektor-sotet-barna-10ml\/#breadcrumb","itemListElement":[{"@type":"ListItem","position":1,"name":"Home","item":"https:\/\/www.eveline.hu\/2016\/"},{"@type":"ListItem","position":2,"name":"Term\u00e9kek","item":"https:\/\/www.eveline.hu\/2016\/shop\/"},{"@type":"ListItem","position":3,"name":"SZEM\u00d6LD\u00d6K KORREKTOR S\u00d6T\u00c9T BARNA 10ML"}]},{"@type":"WebSite","@id":"https:\/\/www.eveline.hu\/2016\/#website","url":"https:\/\/www.eveline.hu\/2016\/","name":"Eveline Cosmetics Magyarorsz\u00e1g","description":"Min\u0151s\u00e9gi kozmetikumok Lengyelorsz\u00e1gb\u00f3l","potentialAction":[{"@type":"SearchAction","target":{"@type":"EntryPoint","urlTemplate":"https:\/\/www.eveline.hu\/2016\/?s={search_term_string}"},"query-input":"required name=search_term_string"}],"inLanguage":"hu"}]}},"_links":{"self":[{"href":"https:\/\/www.eveline.hu\/2016\/wp-json\/wp\/v2\/product\/29381"}],"collection":[{"href":"https:\/\/www.eveline.hu\/2016\/wp-json\/wp\/v2\/product"}],"about":[{"href":"https:\/\/www.eveline.hu\/2016\/wp-json\/wp\/v2\/types\/product"}],"replies":[{"embeddable":true,"href":"https:\/\/www.eveline.hu\/2016\/wp-json\/wp\/v2\/comments?post=29381"}],"wp:featuredmedia":[{"embeddable":true,"href":"https:\/\/www.eveline.hu\/2016\/wp-json\/wp\/v2\/media\/29383"}],"wp:attachment":[{"href":"https:\/\/www.eveline.hu\/2016\/wp-json\/wp\/v2\/media?parent=29381"}],"wp:term":[{"taxonomy":"product_cat","embeddable":true,"href":"https:\/\/www.eveline.hu\/2016\/wp-json\/wp\/v2\/product_cat?post=29381"},{"taxonomy":"product_tag","embeddable":true,"href":"https:\/\/www.eveline.hu\/2016\/wp-json\/wp\/v2\/product_tag?post=29381"}],"curies":[{"name":"wp","href":"https:\/\/api.w.org\/{rel}","templated":true}]}}