{"id":29206,"date":"2023-01-18T11:18:04","date_gmt":"2023-01-18T10:18:04","guid":{"rendered":"https:\/\/www.eveline.hu\/2016\/?post_type=product&#038;p=29206"},"modified":"2023-01-18T11:18:05","modified_gmt":"2023-01-18T10:18:05","slug":"face-therapy-peptides-ampulla-maszk-8ml","status":"publish","type":"product","link":"https:\/\/www.eveline.hu\/2016\/eveline-kozmetikumok-szepsegapolas\/termekcsaladok\/arcmaszkok\/face-therapy-peptides-ampulla-maszk-8ml\/","title":{"rendered":"FACE THERAPY Peptides ampulla maszk 8ml"},"content":{"rendered":"<p>Professzion\u00e1lis, kr\u00e9mes maszk a radik\u00e1lis helyre\u00e1ll\u00edt\u00e1st ig\u00e9nyl\u0151 b\u0151r \u00e1pol\u00e1s\u00e1ra ( sz\u00e1raz, fak\u00f3, f\u00e9nytelen, l\u00e1that\u00f3 r\u00e1ncokkal). Biztos\u00edtja a hat\u00f3anyagok magas felsz\u00edv\u00f3d\u00e1s\u00e1t a b\u0151r\u00f6n kereszt\u00fcl, valamint\u00a0 az azonnali hat\u00e1st: nyugtat, regener\u00e1l \u00e9s l\u00e1that\u00f3an javitja a b\u0151r \u00e1llapot\u00e1t.<\/p>\n<p>H\u00c1RMAS HAT\u00c9KONYS\u00c1G: 13 PEPTID, CERAMIDOK, SZKVAL\u00c1N<\/p>\n<p>Az akt\u00edv \u00f6sszetev\u0151k komplexe t\u00e1pl\u00e1l\u00f3 borogat\u00e1st hoz l\u00e9tre a b\u0151r\u00f6n, amely megnyugtatja a b\u0151rt, maxim\u00e1lis hidrat\u00e1l\u00e1st biztos\u00edt, visszaadja term\u00e9szetes rugalmass\u00e1g\u00e1t \u00e9s simas\u00e1g\u00e1t.<\/p>\n<p><strong>Alkalmaz\u00e1s<\/strong>: vigye fel v\u00e9kony r\u00e9tegben a maszkot a megtiszt\u00edtott \u00e9s toniz\u00e1lt arcb\u0151rre. 15 perc m\u00falva mossa le langyos v\u00edzzel.<\/p>\n<p>\u00d6sszetev\u0151k:Aqua (Water), Glycerin, Caprylic\/Capric Triglyceride, Cetearyl Alcohol, Prunus Amygdalus Dulcis Oil, Triolein, Tripelargonin, Behenyl Alcohol, Hydroxypropyl Starch Phosphate, Cocos Nucifera Oil, Glyceryl Dioleate, Glyceryl Stearates, Pentaerythrityl Distearate, Squalane, Heptapeptide-7, Palmitoyl Hexapeptide-12, Palmitoyl Tripeptide-8, Palmitoyl Tripeptide-38, Palmitoyl Tripeptide-1, Tetrapeptide-4, Acetyl Heptapeptide-4, Acetyl Hexapeptide-8, Palmitoyl Tetrapeptide-7, Acetyl Hexapeptide-49, Oligopeptide-68, Dipeptide Diaminobutyroyl Benzylamide Diacetate, N-Prolyl Palmitoyl Tripeptide-56 Acetate, Betaine, Ceramide EOP, Ceramide AP, Ceramide NP, Ceramide NG, Glycine Soja Oil, Tocopheryl Acetate, Ficin, Phenoxyethanol, Ethylhexylglycerin, Hydroxyacetophenone, Potassium Sorbate, Sodium Benzoate, Propanediol, Pentylene Glycol, Butylene Glycol, Sodium Lactate, Sodium Lauroyl Lactylate, Hydrogenated Lecithin, Sodium Oleate, Lecithin, Dextran, Lactic Acid, Tribehenin, Carnosine, Phytosphingosine, Hydroxypropyl Cyclodextrin, Disodium Cetearyl Sulfosuccinate, C12-15 Alkyl Benzoate, Caprylyl Glycol, Coco-Glucoside, Carbomer, Xanthan Gum, Cholesterol, Parfum (Fragrance), Citric Acid, Disodium EDT<\/p>\n","protected":false},"excerpt":{"rendered":"<p>Professzion\u00e1lis, kr\u00e9mes maszk a radik\u00e1lis helyre\u00e1ll\u00edt\u00e1st ig\u00e9nyl\u0151 b\u0151r \u00e1pol\u00e1s\u00e1ra ( sz\u00e1raz, fak\u00f3, f\u00e9nytelen, l\u00e1that\u00f3 r\u00e1ncokkal). Biztos\u00edtja a hat\u00f3anyagok magas felsz\u00edv\u00f3d\u00e1s\u00e1t a b\u0151r\u00f6n kereszt\u00fcl, valamint\u00a0 az azonnali hat\u00e1st: nyugtat, regener\u00e1l \u00e9s l\u00e1that\u00f3an javitja a b\u0151r \u00e1llapot\u00e1t. H\u00c1RMAS HAT\u00c9KONYS\u00c1G: 13 PEPTID, CERAMIDOK, [&hellip;]<\/p>\n","protected":false},"featured_media":29207,"comment_status":"open","ping_status":"closed","template":"","meta":[],"product_cat":[80,87],"product_tag":[],"yoast_head":"<!-- This site is optimized with the Yoast SEO plugin v22.2 - https:\/\/yoast.com\/wordpress\/plugins\/seo\/ -->\n<title>FACE THERAPY Peptides ampulla maszk 8ml - Eveline Cosmetics Magyarorsz\u00e1g<\/title>\n<meta name=\"robots\" content=\"index, follow, max-snippet:-1, max-image-preview:large, max-video-preview:-1\" \/>\n<link rel=\"canonical\" href=\"https:\/\/www.eveline.hu\/2016\/eveline-kozmetikumok-szepsegapolas\/termekcsaladok\/arcmaszkok\/face-therapy-peptides-ampulla-maszk-8ml\/\" \/>\n<meta property=\"og:locale\" content=\"hu_HU\" \/>\n<meta property=\"og:type\" content=\"article\" \/>\n<meta property=\"og:title\" content=\"FACE THERAPY Peptides ampulla maszk 8ml - Eveline Cosmetics Magyarorsz\u00e1g\" \/>\n<meta property=\"og:description\" content=\"Professzion\u00e1lis, kr\u00e9mes maszk a radik\u00e1lis helyre\u00e1ll\u00edt\u00e1st ig\u00e9nyl\u0151 b\u0151r \u00e1pol\u00e1s\u00e1ra ( sz\u00e1raz, fak\u00f3, f\u00e9nytelen, l\u00e1that\u00f3 r\u00e1ncokkal). Biztos\u00edtja a hat\u00f3anyagok magas felsz\u00edv\u00f3d\u00e1s\u00e1t a b\u0151r\u00f6n kereszt\u00fcl, valamint\u00a0 az azonnali hat\u00e1st: nyugtat, regener\u00e1l \u00e9s l\u00e1that\u00f3an javitja a b\u0151r \u00e1llapot\u00e1t. H\u00c1RMAS HAT\u00c9KONYS\u00c1G: 13 PEPTID, CERAMIDOK, [&hellip;]\" \/>\n<meta property=\"og:url\" content=\"https:\/\/www.eveline.hu\/2016\/eveline-kozmetikumok-szepsegapolas\/termekcsaladok\/arcmaszkok\/face-therapy-peptides-ampulla-maszk-8ml\/\" \/>\n<meta property=\"og:site_name\" content=\"Eveline Cosmetics Magyarorsz\u00e1g\" \/>\n<meta property=\"article:modified_time\" content=\"2023-01-18T10:18:05+00:00\" \/>\n<meta property=\"og:image\" content=\"https:\/\/www.eveline.hu\/2016\/wp-content\/uploads\/2023\/01\/5903416047490-FACE-THERAPY-AMPOULE-MASK-PEPTIDE-8-ML-w.png\" \/>\n\t<meta property=\"og:image:width\" content=\"750\" \/>\n\t<meta property=\"og:image:height\" content=\"750\" \/>\n\t<meta property=\"og:image:type\" content=\"image\/png\" \/>\n<meta name=\"twitter:card\" content=\"summary_large_image\" \/>\n<meta name=\"twitter:label1\" content=\"Becs\u00fclt olvas\u00e1si id\u0151\" \/>\n\t<meta name=\"twitter:data1\" content=\"1 perc\" \/>\n<script type=\"application\/ld+json\" class=\"yoast-schema-graph\">{\"@context\":\"https:\/\/schema.org\",\"@graph\":[{\"@type\":\"WebPage\",\"@id\":\"https:\/\/www.eveline.hu\/2016\/eveline-kozmetikumok-szepsegapolas\/termekcsaladok\/arcmaszkok\/face-therapy-peptides-ampulla-maszk-8ml\/\",\"url\":\"https:\/\/www.eveline.hu\/2016\/eveline-kozmetikumok-szepsegapolas\/termekcsaladok\/arcmaszkok\/face-therapy-peptides-ampulla-maszk-8ml\/\",\"name\":\"FACE THERAPY Peptides ampulla maszk 8ml - Eveline Cosmetics Magyarorsz\u00e1g\",\"isPartOf\":{\"@id\":\"https:\/\/www.eveline.hu\/2016\/#website\"},\"primaryImageOfPage\":{\"@id\":\"https:\/\/www.eveline.hu\/2016\/eveline-kozmetikumok-szepsegapolas\/termekcsaladok\/arcmaszkok\/face-therapy-peptides-ampulla-maszk-8ml\/#primaryimage\"},\"image\":{\"@id\":\"https:\/\/www.eveline.hu\/2016\/eveline-kozmetikumok-szepsegapolas\/termekcsaladok\/arcmaszkok\/face-therapy-peptides-ampulla-maszk-8ml\/#primaryimage\"},\"thumbnailUrl\":\"https:\/\/www.eveline.hu\/2016\/wp-content\/uploads\/2023\/01\/5903416047490-FACE-THERAPY-AMPOULE-MASK-PEPTIDE-8-ML-w.png\",\"datePublished\":\"2023-01-18T10:18:04+00:00\",\"dateModified\":\"2023-01-18T10:18:05+00:00\",\"breadcrumb\":{\"@id\":\"https:\/\/www.eveline.hu\/2016\/eveline-kozmetikumok-szepsegapolas\/termekcsaladok\/arcmaszkok\/face-therapy-peptides-ampulla-maszk-8ml\/#breadcrumb\"},\"inLanguage\":\"hu\",\"potentialAction\":[{\"@type\":\"ReadAction\",\"target\":[\"https:\/\/www.eveline.hu\/2016\/eveline-kozmetikumok-szepsegapolas\/termekcsaladok\/arcmaszkok\/face-therapy-peptides-ampulla-maszk-8ml\/\"]}]},{\"@type\":\"ImageObject\",\"inLanguage\":\"hu\",\"@id\":\"https:\/\/www.eveline.hu\/2016\/eveline-kozmetikumok-szepsegapolas\/termekcsaladok\/arcmaszkok\/face-therapy-peptides-ampulla-maszk-8ml\/#primaryimage\",\"url\":\"https:\/\/www.eveline.hu\/2016\/wp-content\/uploads\/2023\/01\/5903416047490-FACE-THERAPY-AMPOULE-MASK-PEPTIDE-8-ML-w.png\",\"contentUrl\":\"https:\/\/www.eveline.hu\/2016\/wp-content\/uploads\/2023\/01\/5903416047490-FACE-THERAPY-AMPOULE-MASK-PEPTIDE-8-ML-w.png\",\"width\":750,\"height\":750},{\"@type\":\"BreadcrumbList\",\"@id\":\"https:\/\/www.eveline.hu\/2016\/eveline-kozmetikumok-szepsegapolas\/termekcsaladok\/arcmaszkok\/face-therapy-peptides-ampulla-maszk-8ml\/#breadcrumb\",\"itemListElement\":[{\"@type\":\"ListItem\",\"position\":1,\"name\":\"Home\",\"item\":\"https:\/\/www.eveline.hu\/2016\/\"},{\"@type\":\"ListItem\",\"position\":2,\"name\":\"Term\u00e9kek\",\"item\":\"https:\/\/www.eveline.hu\/2016\/shop\/\"},{\"@type\":\"ListItem\",\"position\":3,\"name\":\"FACE THERAPY Peptides ampulla maszk 8ml\"}]},{\"@type\":\"WebSite\",\"@id\":\"https:\/\/www.eveline.hu\/2016\/#website\",\"url\":\"https:\/\/www.eveline.hu\/2016\/\",\"name\":\"Eveline Cosmetics Magyarorsz\u00e1g\",\"description\":\"Min\u0151s\u00e9gi kozmetikumok Lengyelorsz\u00e1gb\u00f3l\",\"potentialAction\":[{\"@type\":\"SearchAction\",\"target\":{\"@type\":\"EntryPoint\",\"urlTemplate\":\"https:\/\/www.eveline.hu\/2016\/?s={search_term_string}\"},\"query-input\":\"required name=search_term_string\"}],\"inLanguage\":\"hu\"}]}<\/script>\n<!-- \/ Yoast SEO plugin. -->","yoast_head_json":{"title":"FACE THERAPY Peptides ampulla maszk 8ml - Eveline Cosmetics Magyarorsz\u00e1g","robots":{"index":"index","follow":"follow","max-snippet":"max-snippet:-1","max-image-preview":"max-image-preview:large","max-video-preview":"max-video-preview:-1"},"canonical":"https:\/\/www.eveline.hu\/2016\/eveline-kozmetikumok-szepsegapolas\/termekcsaladok\/arcmaszkok\/face-therapy-peptides-ampulla-maszk-8ml\/","og_locale":"hu_HU","og_type":"article","og_title":"FACE THERAPY Peptides ampulla maszk 8ml - Eveline Cosmetics Magyarorsz\u00e1g","og_description":"Professzion\u00e1lis, kr\u00e9mes maszk a radik\u00e1lis helyre\u00e1ll\u00edt\u00e1st ig\u00e9nyl\u0151 b\u0151r \u00e1pol\u00e1s\u00e1ra ( sz\u00e1raz, fak\u00f3, f\u00e9nytelen, l\u00e1that\u00f3 r\u00e1ncokkal). Biztos\u00edtja a hat\u00f3anyagok magas felsz\u00edv\u00f3d\u00e1s\u00e1t a b\u0151r\u00f6n kereszt\u00fcl, valamint\u00a0 az azonnali hat\u00e1st: nyugtat, regener\u00e1l \u00e9s l\u00e1that\u00f3an javitja a b\u0151r \u00e1llapot\u00e1t. H\u00c1RMAS HAT\u00c9KONYS\u00c1G: 13 PEPTID, CERAMIDOK, [&hellip;]","og_url":"https:\/\/www.eveline.hu\/2016\/eveline-kozmetikumok-szepsegapolas\/termekcsaladok\/arcmaszkok\/face-therapy-peptides-ampulla-maszk-8ml\/","og_site_name":"Eveline Cosmetics Magyarorsz\u00e1g","article_modified_time":"2023-01-18T10:18:05+00:00","og_image":[{"width":750,"height":750,"url":"https:\/\/www.eveline.hu\/2016\/wp-content\/uploads\/2023\/01\/5903416047490-FACE-THERAPY-AMPOULE-MASK-PEPTIDE-8-ML-w.png","type":"image\/png"}],"twitter_card":"summary_large_image","twitter_misc":{"Becs\u00fclt olvas\u00e1si id\u0151":"1 perc"},"schema":{"@context":"https:\/\/schema.org","@graph":[{"@type":"WebPage","@id":"https:\/\/www.eveline.hu\/2016\/eveline-kozmetikumok-szepsegapolas\/termekcsaladok\/arcmaszkok\/face-therapy-peptides-ampulla-maszk-8ml\/","url":"https:\/\/www.eveline.hu\/2016\/eveline-kozmetikumok-szepsegapolas\/termekcsaladok\/arcmaszkok\/face-therapy-peptides-ampulla-maszk-8ml\/","name":"FACE THERAPY Peptides ampulla maszk 8ml - Eveline Cosmetics Magyarorsz\u00e1g","isPartOf":{"@id":"https:\/\/www.eveline.hu\/2016\/#website"},"primaryImageOfPage":{"@id":"https:\/\/www.eveline.hu\/2016\/eveline-kozmetikumok-szepsegapolas\/termekcsaladok\/arcmaszkok\/face-therapy-peptides-ampulla-maszk-8ml\/#primaryimage"},"image":{"@id":"https:\/\/www.eveline.hu\/2016\/eveline-kozmetikumok-szepsegapolas\/termekcsaladok\/arcmaszkok\/face-therapy-peptides-ampulla-maszk-8ml\/#primaryimage"},"thumbnailUrl":"https:\/\/www.eveline.hu\/2016\/wp-content\/uploads\/2023\/01\/5903416047490-FACE-THERAPY-AMPOULE-MASK-PEPTIDE-8-ML-w.png","datePublished":"2023-01-18T10:18:04+00:00","dateModified":"2023-01-18T10:18:05+00:00","breadcrumb":{"@id":"https:\/\/www.eveline.hu\/2016\/eveline-kozmetikumok-szepsegapolas\/termekcsaladok\/arcmaszkok\/face-therapy-peptides-ampulla-maszk-8ml\/#breadcrumb"},"inLanguage":"hu","potentialAction":[{"@type":"ReadAction","target":["https:\/\/www.eveline.hu\/2016\/eveline-kozmetikumok-szepsegapolas\/termekcsaladok\/arcmaszkok\/face-therapy-peptides-ampulla-maszk-8ml\/"]}]},{"@type":"ImageObject","inLanguage":"hu","@id":"https:\/\/www.eveline.hu\/2016\/eveline-kozmetikumok-szepsegapolas\/termekcsaladok\/arcmaszkok\/face-therapy-peptides-ampulla-maszk-8ml\/#primaryimage","url":"https:\/\/www.eveline.hu\/2016\/wp-content\/uploads\/2023\/01\/5903416047490-FACE-THERAPY-AMPOULE-MASK-PEPTIDE-8-ML-w.png","contentUrl":"https:\/\/www.eveline.hu\/2016\/wp-content\/uploads\/2023\/01\/5903416047490-FACE-THERAPY-AMPOULE-MASK-PEPTIDE-8-ML-w.png","width":750,"height":750},{"@type":"BreadcrumbList","@id":"https:\/\/www.eveline.hu\/2016\/eveline-kozmetikumok-szepsegapolas\/termekcsaladok\/arcmaszkok\/face-therapy-peptides-ampulla-maszk-8ml\/#breadcrumb","itemListElement":[{"@type":"ListItem","position":1,"name":"Home","item":"https:\/\/www.eveline.hu\/2016\/"},{"@type":"ListItem","position":2,"name":"Term\u00e9kek","item":"https:\/\/www.eveline.hu\/2016\/shop\/"},{"@type":"ListItem","position":3,"name":"FACE THERAPY Peptides ampulla maszk 8ml"}]},{"@type":"WebSite","@id":"https:\/\/www.eveline.hu\/2016\/#website","url":"https:\/\/www.eveline.hu\/2016\/","name":"Eveline Cosmetics Magyarorsz\u00e1g","description":"Min\u0151s\u00e9gi kozmetikumok Lengyelorsz\u00e1gb\u00f3l","potentialAction":[{"@type":"SearchAction","target":{"@type":"EntryPoint","urlTemplate":"https:\/\/www.eveline.hu\/2016\/?s={search_term_string}"},"query-input":"required name=search_term_string"}],"inLanguage":"hu"}]}},"_links":{"self":[{"href":"https:\/\/www.eveline.hu\/2016\/wp-json\/wp\/v2\/product\/29206"}],"collection":[{"href":"https:\/\/www.eveline.hu\/2016\/wp-json\/wp\/v2\/product"}],"about":[{"href":"https:\/\/www.eveline.hu\/2016\/wp-json\/wp\/v2\/types\/product"}],"replies":[{"embeddable":true,"href":"https:\/\/www.eveline.hu\/2016\/wp-json\/wp\/v2\/comments?post=29206"}],"wp:featuredmedia":[{"embeddable":true,"href":"https:\/\/www.eveline.hu\/2016\/wp-json\/wp\/v2\/media\/29207"}],"wp:attachment":[{"href":"https:\/\/www.eveline.hu\/2016\/wp-json\/wp\/v2\/media?parent=29206"}],"wp:term":[{"taxonomy":"product_cat","embeddable":true,"href":"https:\/\/www.eveline.hu\/2016\/wp-json\/wp\/v2\/product_cat?post=29206"},{"taxonomy":"product_tag","embeddable":true,"href":"https:\/\/www.eveline.hu\/2016\/wp-json\/wp\/v2\/product_tag?post=29206"}],"curies":[{"name":"wp","href":"https:\/\/api.w.org\/{rel}","templated":true}]}}