{"id":28412,"date":"2022-05-23T11:11:42","date_gmt":"2022-05-23T09:11:42","guid":{"rendered":"https:\/\/www.eveline.hu\/2016\/?post_type=product&#038;p=28412"},"modified":"2022-12-28T16:50:00","modified_gmt":"2022-12-28T15:50:00","slug":"ejszakai-vedelem-elgyengult-kormokre-12ml","status":"publish","type":"product","link":"https:\/\/www.eveline.hu\/2016\/eveline-kozmetikumok-szepsegapolas\/smink\/korom\/koromerositok\/ejszakai-vedelem-elgyengult-kormokre-12ml\/","title":{"rendered":"+MED \u00c9jszakai v\u00e9delem elgyeng\u00fclt k\u00f6rm\u00f6kre 12ml"},"content":{"rendered":"<p>Speci\u00e1lis koncentr\u00e1lt kezel\u00e9s elgyeng\u00fclt, puha, sz\u00e1raz k\u00f6rm\u00f6kre.<\/p>\n<p>Gazdag biotin \u00e9s zsurl\u00f3 kivonatban, amely l\u00e1that\u00f3an n\u00f6veli rugalmass\u00e1g\u00e1t \u00e9s er\u0151s\u00edti a k\u00f6r\u00f6mlemezt, jav\u00edtva kin\u00e9zet\u00e9t.<\/p>\n<p>Az organikus k\u00e9n (MSM) felgyors\u00edtja a k\u00f6r\u00f6m n\u00f6veked\u00e9s\u00e9t \u00e9s megel\u0151zi kett\u00e9hasad\u00e1s\u00e1t.<\/p>\n<p>A hydroxypropyl chitosan t\u00e1pl\u00e1lja \u00e9s megtartja a k\u00f6rm\u00f6k hidrat\u00e1lts\u00e1g\u00e1t.<\/p>\n<p><strong>Alkalmaz\u00e1s<\/strong>: Vigye fel a tiszta \u00e9s sz\u00e1raz k\u00f6rm\u00f6kre minden este, majd hagyja megsz\u00e1radni.<\/p>\n<p>Miut\u00e1n felvitte ne mosson kezet. Reggel mossa le a k\u00f6rm\u00e9r\u0151l az \u00e1ttetsz\u0151 r\u00e9teget.<\/p>\n<p>\u00d6sszetev\u0151k:Ricinus Communis Seed Oil, Camellia Japonica Seed Oil, Helianthus Annuus Seed Oil, Prunus Amygdalus Dulcis Oil, Caprylic\/Capric Triglyceride, Sesamum Indicum Seed Oil, Perilla Ocymoides Seed Oil, Camellia Sinensis Leaf Extract, Camellia Japonica Flower Extract, Tocopherol, Tocopheryl Acetate, Glycine Soja Oil, Parfum (Fragrance).<\/p>\n","protected":false},"excerpt":{"rendered":"<p>Speci\u00e1lis koncentr\u00e1lt kezel\u00e9s elgyeng\u00fclt, puha, sz\u00e1raz k\u00f6rm\u00f6kre. Gazdag biotin \u00e9s zsurl\u00f3 kivonatban, amely l\u00e1that\u00f3an n\u00f6veli rugalmass\u00e1g\u00e1t \u00e9s er\u0151s\u00edti a k\u00f6r\u00f6mlemezt, jav\u00edtva kin\u00e9zet\u00e9t. Az organikus k\u00e9n (MSM) felgyors\u00edtja a k\u00f6r\u00f6m n\u00f6veked\u00e9s\u00e9t \u00e9s megel\u0151zi kett\u00e9hasad\u00e1s\u00e1t. A hydroxypropyl chitosan t\u00e1pl\u00e1lja \u00e9s megtartja a [&hellip;]<\/p>\n","protected":false},"featured_media":28418,"comment_status":"open","ping_status":"closed","template":"","meta":[],"product_cat":[158,125,129],"product_tag":[],"yoast_head":"<!-- This site is optimized with the Yoast SEO plugin v22.2 - https:\/\/yoast.com\/wordpress\/plugins\/seo\/ -->\n<title>+MED \u00c9jszakai v\u00e9delem elgyeng\u00fclt k\u00f6rm\u00f6kre 12ml - Eveline Cosmetics Magyarorsz\u00e1g<\/title>\n<meta name=\"robots\" content=\"index, follow, max-snippet:-1, max-image-preview:large, max-video-preview:-1\" \/>\n<link rel=\"canonical\" href=\"https:\/\/www.eveline.hu\/2016\/eveline-kozmetikumok-szepsegapolas\/smink\/korom\/koromerositok\/ejszakai-vedelem-elgyengult-kormokre-12ml\/\" \/>\n<meta property=\"og:locale\" content=\"hu_HU\" \/>\n<meta property=\"og:type\" content=\"article\" \/>\n<meta property=\"og:title\" content=\"+MED \u00c9jszakai v\u00e9delem elgyeng\u00fclt k\u00f6rm\u00f6kre 12ml - Eveline Cosmetics Magyarorsz\u00e1g\" \/>\n<meta property=\"og:description\" content=\"Speci\u00e1lis koncentr\u00e1lt kezel\u00e9s elgyeng\u00fclt, puha, sz\u00e1raz k\u00f6rm\u00f6kre. Gazdag biotin \u00e9s zsurl\u00f3 kivonatban, amely l\u00e1that\u00f3an n\u00f6veli rugalmass\u00e1g\u00e1t \u00e9s er\u0151s\u00edti a k\u00f6r\u00f6mlemezt, jav\u00edtva kin\u00e9zet\u00e9t. Az organikus k\u00e9n (MSM) felgyors\u00edtja a k\u00f6r\u00f6m n\u00f6veked\u00e9s\u00e9t \u00e9s megel\u0151zi kett\u00e9hasad\u00e1s\u00e1t. A hydroxypropyl chitosan t\u00e1pl\u00e1lja \u00e9s megtartja a [&hellip;]\" \/>\n<meta property=\"og:url\" content=\"https:\/\/www.eveline.hu\/2016\/eveline-kozmetikumok-szepsegapolas\/smink\/korom\/koromerositok\/ejszakai-vedelem-elgyengult-kormokre-12ml\/\" \/>\n<meta property=\"og:site_name\" content=\"Eveline Cosmetics Magyarorsz\u00e1g\" \/>\n<meta property=\"article:modified_time\" content=\"2022-12-28T15:50:00+00:00\" \/>\n<meta property=\"og:image\" content=\"https:\/\/www.eveline.hu\/2016\/wp-content\/uploads\/2022\/05\/5901761966374-NAIL-THERAPY-MED-OVERNIGHT-NAIL-MASK-12MLw.png\" \/>\n\t<meta property=\"og:image:width\" content=\"750\" \/>\n\t<meta property=\"og:image:height\" content=\"750\" \/>\n\t<meta property=\"og:image:type\" content=\"image\/png\" \/>\n<meta name=\"twitter:card\" content=\"summary_large_image\" \/>\n<meta name=\"twitter:label1\" content=\"Becs\u00fclt olvas\u00e1si id\u0151\" \/>\n\t<meta name=\"twitter:data1\" content=\"1 perc\" \/>\n<script type=\"application\/ld+json\" class=\"yoast-schema-graph\">{\"@context\":\"https:\/\/schema.org\",\"@graph\":[{\"@type\":\"WebPage\",\"@id\":\"https:\/\/www.eveline.hu\/2016\/eveline-kozmetikumok-szepsegapolas\/smink\/korom\/koromerositok\/ejszakai-vedelem-elgyengult-kormokre-12ml\/\",\"url\":\"https:\/\/www.eveline.hu\/2016\/eveline-kozmetikumok-szepsegapolas\/smink\/korom\/koromerositok\/ejszakai-vedelem-elgyengult-kormokre-12ml\/\",\"name\":\"+MED \u00c9jszakai v\u00e9delem elgyeng\u00fclt k\u00f6rm\u00f6kre 12ml - Eveline Cosmetics Magyarorsz\u00e1g\",\"isPartOf\":{\"@id\":\"https:\/\/www.eveline.hu\/2016\/#website\"},\"primaryImageOfPage\":{\"@id\":\"https:\/\/www.eveline.hu\/2016\/eveline-kozmetikumok-szepsegapolas\/smink\/korom\/koromerositok\/ejszakai-vedelem-elgyengult-kormokre-12ml\/#primaryimage\"},\"image\":{\"@id\":\"https:\/\/www.eveline.hu\/2016\/eveline-kozmetikumok-szepsegapolas\/smink\/korom\/koromerositok\/ejszakai-vedelem-elgyengult-kormokre-12ml\/#primaryimage\"},\"thumbnailUrl\":\"https:\/\/www.eveline.hu\/2016\/wp-content\/uploads\/2022\/05\/5901761966374-NAIL-THERAPY-MED-OVERNIGHT-NAIL-MASK-12MLw.png\",\"datePublished\":\"2022-05-23T09:11:42+00:00\",\"dateModified\":\"2022-12-28T15:50:00+00:00\",\"breadcrumb\":{\"@id\":\"https:\/\/www.eveline.hu\/2016\/eveline-kozmetikumok-szepsegapolas\/smink\/korom\/koromerositok\/ejszakai-vedelem-elgyengult-kormokre-12ml\/#breadcrumb\"},\"inLanguage\":\"hu\",\"potentialAction\":[{\"@type\":\"ReadAction\",\"target\":[\"https:\/\/www.eveline.hu\/2016\/eveline-kozmetikumok-szepsegapolas\/smink\/korom\/koromerositok\/ejszakai-vedelem-elgyengult-kormokre-12ml\/\"]}]},{\"@type\":\"ImageObject\",\"inLanguage\":\"hu\",\"@id\":\"https:\/\/www.eveline.hu\/2016\/eveline-kozmetikumok-szepsegapolas\/smink\/korom\/koromerositok\/ejszakai-vedelem-elgyengult-kormokre-12ml\/#primaryimage\",\"url\":\"https:\/\/www.eveline.hu\/2016\/wp-content\/uploads\/2022\/05\/5901761966374-NAIL-THERAPY-MED-OVERNIGHT-NAIL-MASK-12MLw.png\",\"contentUrl\":\"https:\/\/www.eveline.hu\/2016\/wp-content\/uploads\/2022\/05\/5901761966374-NAIL-THERAPY-MED-OVERNIGHT-NAIL-MASK-12MLw.png\",\"width\":750,\"height\":750},{\"@type\":\"BreadcrumbList\",\"@id\":\"https:\/\/www.eveline.hu\/2016\/eveline-kozmetikumok-szepsegapolas\/smink\/korom\/koromerositok\/ejszakai-vedelem-elgyengult-kormokre-12ml\/#breadcrumb\",\"itemListElement\":[{\"@type\":\"ListItem\",\"position\":1,\"name\":\"Home\",\"item\":\"https:\/\/www.eveline.hu\/2016\/\"},{\"@type\":\"ListItem\",\"position\":2,\"name\":\"Term\u00e9kek\",\"item\":\"https:\/\/www.eveline.hu\/2016\/shop\/\"},{\"@type\":\"ListItem\",\"position\":3,\"name\":\"+MED \u00c9jszakai v\u00e9delem elgyeng\u00fclt k\u00f6rm\u00f6kre 12ml\"}]},{\"@type\":\"WebSite\",\"@id\":\"https:\/\/www.eveline.hu\/2016\/#website\",\"url\":\"https:\/\/www.eveline.hu\/2016\/\",\"name\":\"Eveline Cosmetics Magyarorsz\u00e1g\",\"description\":\"Min\u0151s\u00e9gi kozmetikumok Lengyelorsz\u00e1gb\u00f3l\",\"potentialAction\":[{\"@type\":\"SearchAction\",\"target\":{\"@type\":\"EntryPoint\",\"urlTemplate\":\"https:\/\/www.eveline.hu\/2016\/?s={search_term_string}\"},\"query-input\":\"required name=search_term_string\"}],\"inLanguage\":\"hu\"}]}<\/script>\n<!-- \/ Yoast SEO plugin. -->","yoast_head_json":{"title":"+MED \u00c9jszakai v\u00e9delem elgyeng\u00fclt k\u00f6rm\u00f6kre 12ml - Eveline Cosmetics Magyarorsz\u00e1g","robots":{"index":"index","follow":"follow","max-snippet":"max-snippet:-1","max-image-preview":"max-image-preview:large","max-video-preview":"max-video-preview:-1"},"canonical":"https:\/\/www.eveline.hu\/2016\/eveline-kozmetikumok-szepsegapolas\/smink\/korom\/koromerositok\/ejszakai-vedelem-elgyengult-kormokre-12ml\/","og_locale":"hu_HU","og_type":"article","og_title":"+MED \u00c9jszakai v\u00e9delem elgyeng\u00fclt k\u00f6rm\u00f6kre 12ml - Eveline Cosmetics Magyarorsz\u00e1g","og_description":"Speci\u00e1lis koncentr\u00e1lt kezel\u00e9s elgyeng\u00fclt, puha, sz\u00e1raz k\u00f6rm\u00f6kre. Gazdag biotin \u00e9s zsurl\u00f3 kivonatban, amely l\u00e1that\u00f3an n\u00f6veli rugalmass\u00e1g\u00e1t \u00e9s er\u0151s\u00edti a k\u00f6r\u00f6mlemezt, jav\u00edtva kin\u00e9zet\u00e9t. Az organikus k\u00e9n (MSM) felgyors\u00edtja a k\u00f6r\u00f6m n\u00f6veked\u00e9s\u00e9t \u00e9s megel\u0151zi kett\u00e9hasad\u00e1s\u00e1t. A hydroxypropyl chitosan t\u00e1pl\u00e1lja \u00e9s megtartja a [&hellip;]","og_url":"https:\/\/www.eveline.hu\/2016\/eveline-kozmetikumok-szepsegapolas\/smink\/korom\/koromerositok\/ejszakai-vedelem-elgyengult-kormokre-12ml\/","og_site_name":"Eveline Cosmetics Magyarorsz\u00e1g","article_modified_time":"2022-12-28T15:50:00+00:00","og_image":[{"width":750,"height":750,"url":"https:\/\/www.eveline.hu\/2016\/wp-content\/uploads\/2022\/05\/5901761966374-NAIL-THERAPY-MED-OVERNIGHT-NAIL-MASK-12MLw.png","type":"image\/png"}],"twitter_card":"summary_large_image","twitter_misc":{"Becs\u00fclt olvas\u00e1si id\u0151":"1 perc"},"schema":{"@context":"https:\/\/schema.org","@graph":[{"@type":"WebPage","@id":"https:\/\/www.eveline.hu\/2016\/eveline-kozmetikumok-szepsegapolas\/smink\/korom\/koromerositok\/ejszakai-vedelem-elgyengult-kormokre-12ml\/","url":"https:\/\/www.eveline.hu\/2016\/eveline-kozmetikumok-szepsegapolas\/smink\/korom\/koromerositok\/ejszakai-vedelem-elgyengult-kormokre-12ml\/","name":"+MED \u00c9jszakai v\u00e9delem elgyeng\u00fclt k\u00f6rm\u00f6kre 12ml - Eveline Cosmetics Magyarorsz\u00e1g","isPartOf":{"@id":"https:\/\/www.eveline.hu\/2016\/#website"},"primaryImageOfPage":{"@id":"https:\/\/www.eveline.hu\/2016\/eveline-kozmetikumok-szepsegapolas\/smink\/korom\/koromerositok\/ejszakai-vedelem-elgyengult-kormokre-12ml\/#primaryimage"},"image":{"@id":"https:\/\/www.eveline.hu\/2016\/eveline-kozmetikumok-szepsegapolas\/smink\/korom\/koromerositok\/ejszakai-vedelem-elgyengult-kormokre-12ml\/#primaryimage"},"thumbnailUrl":"https:\/\/www.eveline.hu\/2016\/wp-content\/uploads\/2022\/05\/5901761966374-NAIL-THERAPY-MED-OVERNIGHT-NAIL-MASK-12MLw.png","datePublished":"2022-05-23T09:11:42+00:00","dateModified":"2022-12-28T15:50:00+00:00","breadcrumb":{"@id":"https:\/\/www.eveline.hu\/2016\/eveline-kozmetikumok-szepsegapolas\/smink\/korom\/koromerositok\/ejszakai-vedelem-elgyengult-kormokre-12ml\/#breadcrumb"},"inLanguage":"hu","potentialAction":[{"@type":"ReadAction","target":["https:\/\/www.eveline.hu\/2016\/eveline-kozmetikumok-szepsegapolas\/smink\/korom\/koromerositok\/ejszakai-vedelem-elgyengult-kormokre-12ml\/"]}]},{"@type":"ImageObject","inLanguage":"hu","@id":"https:\/\/www.eveline.hu\/2016\/eveline-kozmetikumok-szepsegapolas\/smink\/korom\/koromerositok\/ejszakai-vedelem-elgyengult-kormokre-12ml\/#primaryimage","url":"https:\/\/www.eveline.hu\/2016\/wp-content\/uploads\/2022\/05\/5901761966374-NAIL-THERAPY-MED-OVERNIGHT-NAIL-MASK-12MLw.png","contentUrl":"https:\/\/www.eveline.hu\/2016\/wp-content\/uploads\/2022\/05\/5901761966374-NAIL-THERAPY-MED-OVERNIGHT-NAIL-MASK-12MLw.png","width":750,"height":750},{"@type":"BreadcrumbList","@id":"https:\/\/www.eveline.hu\/2016\/eveline-kozmetikumok-szepsegapolas\/smink\/korom\/koromerositok\/ejszakai-vedelem-elgyengult-kormokre-12ml\/#breadcrumb","itemListElement":[{"@type":"ListItem","position":1,"name":"Home","item":"https:\/\/www.eveline.hu\/2016\/"},{"@type":"ListItem","position":2,"name":"Term\u00e9kek","item":"https:\/\/www.eveline.hu\/2016\/shop\/"},{"@type":"ListItem","position":3,"name":"+MED \u00c9jszakai v\u00e9delem elgyeng\u00fclt k\u00f6rm\u00f6kre 12ml"}]},{"@type":"WebSite","@id":"https:\/\/www.eveline.hu\/2016\/#website","url":"https:\/\/www.eveline.hu\/2016\/","name":"Eveline Cosmetics Magyarorsz\u00e1g","description":"Min\u0151s\u00e9gi kozmetikumok Lengyelorsz\u00e1gb\u00f3l","potentialAction":[{"@type":"SearchAction","target":{"@type":"EntryPoint","urlTemplate":"https:\/\/www.eveline.hu\/2016\/?s={search_term_string}"},"query-input":"required name=search_term_string"}],"inLanguage":"hu"}]}},"_links":{"self":[{"href":"https:\/\/www.eveline.hu\/2016\/wp-json\/wp\/v2\/product\/28412"}],"collection":[{"href":"https:\/\/www.eveline.hu\/2016\/wp-json\/wp\/v2\/product"}],"about":[{"href":"https:\/\/www.eveline.hu\/2016\/wp-json\/wp\/v2\/types\/product"}],"replies":[{"embeddable":true,"href":"https:\/\/www.eveline.hu\/2016\/wp-json\/wp\/v2\/comments?post=28412"}],"wp:featuredmedia":[{"embeddable":true,"href":"https:\/\/www.eveline.hu\/2016\/wp-json\/wp\/v2\/media\/28418"}],"wp:attachment":[{"href":"https:\/\/www.eveline.hu\/2016\/wp-json\/wp\/v2\/media?parent=28412"}],"wp:term":[{"taxonomy":"product_cat","embeddable":true,"href":"https:\/\/www.eveline.hu\/2016\/wp-json\/wp\/v2\/product_cat?post=28412"},{"taxonomy":"product_tag","embeddable":true,"href":"https:\/\/www.eveline.hu\/2016\/wp-json\/wp\/v2\/product_tag?post=28412"}],"curies":[{"name":"wp","href":"https:\/\/api.w.org\/{rel}","templated":true}]}}