{"id":27546,"date":"2021-08-30T16:24:15","date_gmt":"2021-08-30T14:24:15","guid":{"rendered":"https:\/\/www.eveline.hu\/2016\/?post_type=product&#038;p=27546"},"modified":"2022-12-09T15:52:25","modified_gmt":"2022-12-09T14:52:25","slug":"foot-care-med-puhito-peeling-habko-labra-100ml","status":"publish","type":"product","link":"https:\/\/www.eveline.hu\/2016\/eveline-kozmetikumok-szepsegapolas\/szepsegapolas\/labapolas\/foot-care-med-puhito-peeling-habko-labra-100ml\/","title":{"rendered":"FOOT CARE MED+ puh\u00edt\u00f3 peeling-habk\u0151 l\u00e1bra 100ml"},"content":{"rendered":"<p>K\u00e9rges \u00e9s sz\u00e1raz b\u0151rre<\/p>\n<p>A magas koncentr\u00e1ci\u00f3j\u00fa, savakkal (8%), akt\u00edv sz\u00e9nnel, term\u00e9szetes habk\u0151szemcs\u00e9kkel, antibakteri\u00e1lis n\u00f6v\u00e9nyi komplex \u00e9s PodoLipid \u2122 komplex (lipidek, karbamid, allantoin, b\u0151rpuh\u00edt\u00f3 \u00e9s paraffin) tartalommal d\u00fas\u00edtott formul\u00e1nak k\u00f6sz\u00f6nhet\u0151en, intenz\u00edven h\u00e1mlasztja a tart\u00f3s b\u0151rkem\u00e9nyed\u00e9seket, azonnal helyre\u00e1ll\u00edtja a puhas\u00e1got \u00e9s simas\u00e1got a sz\u00e1raz, repedezett b\u0151r\u00f6n.<\/p>\n<p><strong>Alkalmaz\u00e1s<\/strong>: n\u00e9h\u00e1ny percig massz\u00edrozza a nedves l\u00e1bakat, \u00f6bl\u00edtse le v\u00edzzel \u00e9s sz\u00e1r\u00edtsa meg. A hat\u00e1s fokoz\u00e1sa \u00e9rdek\u00e9ben vigye fel a Regener\u00e1l\u00f3 l\u00e1bkr\u00e9m-ken\u0151cs\u00f6t a Foot Care Med + sorozatb\u00f3l.<\/p>\n<p>\u00d6sszetev\u0151k:Aqua (Water), Pumice, Glycerin, Alumina, Prunus Amygdalus Dulcis Oil, Persea Gratissima Oil, Betula Alba Bark\/Leaf Extract, Salix Alba Bark Extract, Urea, Juniperus Oxycedrus Wood Oil, Cellulose, Mannitol, Allantoin, Malic Acid, Paraffin, Salicylic Acid, Glycolic Acid, Lactic Acid, Algin, Tocopherol, Sulfur, Phenoxyethanol, Sodium Polyacrylate, Cetearyl Alcohol, Charcoal Powder, Alcohol Denat., Acrylates\/C10-30 Alkyl Acrylate Crosspolymer, Microcrystalline Cellulose, Triethanolamine, Ethylhexylglycerin, Menthol, Olus Oil, Citric Acid, Parfum (Fragrance), Lavandula Angustifolia Oil, Eucalyptus Globulus Leaf Oil, Melaleuca Alternifolia Leaf Oil, Linalool, Limonene<\/p>\n","protected":false},"excerpt":{"rendered":"<p>100ml ( 13900 FT\/L)<\/p>\n","protected":false},"featured_media":27547,"comment_status":"open","ping_status":"closed","template":"","meta":[],"product_cat":[125,137,80,111],"product_tag":[],"yoast_head":"<!-- This site is optimized with the Yoast SEO plugin v22.2 - https:\/\/yoast.com\/wordpress\/plugins\/seo\/ -->\n<title>FOOT CARE MED+ puh\u00edt\u00f3 peeling-habk\u0151 l\u00e1bra 100ml - Eveline Cosmetics Magyarorsz\u00e1g<\/title>\n<meta name=\"robots\" content=\"index, follow, max-snippet:-1, max-image-preview:large, max-video-preview:-1\" \/>\n<link rel=\"canonical\" href=\"https:\/\/www.eveline.hu\/2016\/eveline-kozmetikumok-szepsegapolas\/szepsegapolas\/labapolas\/foot-care-med-puhito-peeling-habko-labra-100ml\/\" \/>\n<meta property=\"og:locale\" content=\"hu_HU\" \/>\n<meta property=\"og:type\" content=\"article\" \/>\n<meta property=\"og:title\" content=\"FOOT CARE MED+ puh\u00edt\u00f3 peeling-habk\u0151 l\u00e1bra 100ml - Eveline Cosmetics Magyarorsz\u00e1g\" \/>\n<meta property=\"og:description\" content=\"100ml ( 13900 FT\/L)\" \/>\n<meta property=\"og:url\" content=\"https:\/\/www.eveline.hu\/2016\/eveline-kozmetikumok-szepsegapolas\/szepsegapolas\/labapolas\/foot-care-med-puhito-peeling-habko-labra-100ml\/\" \/>\n<meta property=\"og:site_name\" content=\"Eveline Cosmetics Magyarorsz\u00e1g\" \/>\n<meta property=\"article:modified_time\" content=\"2022-12-09T14:52:25+00:00\" \/>\n<meta property=\"og:image\" content=\"https:\/\/www.eveline.hu\/2016\/wp-content\/uploads\/2021\/08\/5903416026471-FOOT-CARE-MED-FOOT-SCRUB-PUMICE-w.png\" \/>\n\t<meta property=\"og:image:width\" content=\"750\" \/>\n\t<meta property=\"og:image:height\" content=\"750\" \/>\n\t<meta property=\"og:image:type\" content=\"image\/png\" \/>\n<meta name=\"twitter:card\" content=\"summary_large_image\" \/>\n<meta name=\"twitter:label1\" content=\"Becs\u00fclt olvas\u00e1si id\u0151\" \/>\n\t<meta name=\"twitter:data1\" content=\"1 perc\" \/>\n<script type=\"application\/ld+json\" class=\"yoast-schema-graph\">{\"@context\":\"https:\/\/schema.org\",\"@graph\":[{\"@type\":\"WebPage\",\"@id\":\"https:\/\/www.eveline.hu\/2016\/eveline-kozmetikumok-szepsegapolas\/szepsegapolas\/labapolas\/foot-care-med-puhito-peeling-habko-labra-100ml\/\",\"url\":\"https:\/\/www.eveline.hu\/2016\/eveline-kozmetikumok-szepsegapolas\/szepsegapolas\/labapolas\/foot-care-med-puhito-peeling-habko-labra-100ml\/\",\"name\":\"FOOT CARE MED+ puh\u00edt\u00f3 peeling-habk\u0151 l\u00e1bra 100ml - Eveline Cosmetics Magyarorsz\u00e1g\",\"isPartOf\":{\"@id\":\"https:\/\/www.eveline.hu\/2016\/#website\"},\"primaryImageOfPage\":{\"@id\":\"https:\/\/www.eveline.hu\/2016\/eveline-kozmetikumok-szepsegapolas\/szepsegapolas\/labapolas\/foot-care-med-puhito-peeling-habko-labra-100ml\/#primaryimage\"},\"image\":{\"@id\":\"https:\/\/www.eveline.hu\/2016\/eveline-kozmetikumok-szepsegapolas\/szepsegapolas\/labapolas\/foot-care-med-puhito-peeling-habko-labra-100ml\/#primaryimage\"},\"thumbnailUrl\":\"https:\/\/www.eveline.hu\/2016\/wp-content\/uploads\/2021\/08\/5903416026471-FOOT-CARE-MED-FOOT-SCRUB-PUMICE-w.png\",\"datePublished\":\"2021-08-30T14:24:15+00:00\",\"dateModified\":\"2022-12-09T14:52:25+00:00\",\"breadcrumb\":{\"@id\":\"https:\/\/www.eveline.hu\/2016\/eveline-kozmetikumok-szepsegapolas\/szepsegapolas\/labapolas\/foot-care-med-puhito-peeling-habko-labra-100ml\/#breadcrumb\"},\"inLanguage\":\"hu\",\"potentialAction\":[{\"@type\":\"ReadAction\",\"target\":[\"https:\/\/www.eveline.hu\/2016\/eveline-kozmetikumok-szepsegapolas\/szepsegapolas\/labapolas\/foot-care-med-puhito-peeling-habko-labra-100ml\/\"]}]},{\"@type\":\"ImageObject\",\"inLanguage\":\"hu\",\"@id\":\"https:\/\/www.eveline.hu\/2016\/eveline-kozmetikumok-szepsegapolas\/szepsegapolas\/labapolas\/foot-care-med-puhito-peeling-habko-labra-100ml\/#primaryimage\",\"url\":\"https:\/\/www.eveline.hu\/2016\/wp-content\/uploads\/2021\/08\/5903416026471-FOOT-CARE-MED-FOOT-SCRUB-PUMICE-w.png\",\"contentUrl\":\"https:\/\/www.eveline.hu\/2016\/wp-content\/uploads\/2021\/08\/5903416026471-FOOT-CARE-MED-FOOT-SCRUB-PUMICE-w.png\",\"width\":750,\"height\":750},{\"@type\":\"BreadcrumbList\",\"@id\":\"https:\/\/www.eveline.hu\/2016\/eveline-kozmetikumok-szepsegapolas\/szepsegapolas\/labapolas\/foot-care-med-puhito-peeling-habko-labra-100ml\/#breadcrumb\",\"itemListElement\":[{\"@type\":\"ListItem\",\"position\":1,\"name\":\"Home\",\"item\":\"https:\/\/www.eveline.hu\/2016\/\"},{\"@type\":\"ListItem\",\"position\":2,\"name\":\"Term\u00e9kek\",\"item\":\"https:\/\/www.eveline.hu\/2016\/shop\/\"},{\"@type\":\"ListItem\",\"position\":3,\"name\":\"FOOT CARE MED+ puh\u00edt\u00f3 peeling-habk\u0151 l\u00e1bra 100ml\"}]},{\"@type\":\"WebSite\",\"@id\":\"https:\/\/www.eveline.hu\/2016\/#website\",\"url\":\"https:\/\/www.eveline.hu\/2016\/\",\"name\":\"Eveline Cosmetics Magyarorsz\u00e1g\",\"description\":\"Min\u0151s\u00e9gi kozmetikumok Lengyelorsz\u00e1gb\u00f3l\",\"potentialAction\":[{\"@type\":\"SearchAction\",\"target\":{\"@type\":\"EntryPoint\",\"urlTemplate\":\"https:\/\/www.eveline.hu\/2016\/?s={search_term_string}\"},\"query-input\":\"required name=search_term_string\"}],\"inLanguage\":\"hu\"}]}<\/script>\n<!-- \/ Yoast SEO plugin. -->","yoast_head_json":{"title":"FOOT CARE MED+ puh\u00edt\u00f3 peeling-habk\u0151 l\u00e1bra 100ml - Eveline Cosmetics Magyarorsz\u00e1g","robots":{"index":"index","follow":"follow","max-snippet":"max-snippet:-1","max-image-preview":"max-image-preview:large","max-video-preview":"max-video-preview:-1"},"canonical":"https:\/\/www.eveline.hu\/2016\/eveline-kozmetikumok-szepsegapolas\/szepsegapolas\/labapolas\/foot-care-med-puhito-peeling-habko-labra-100ml\/","og_locale":"hu_HU","og_type":"article","og_title":"FOOT CARE MED+ puh\u00edt\u00f3 peeling-habk\u0151 l\u00e1bra 100ml - Eveline Cosmetics Magyarorsz\u00e1g","og_description":"100ml ( 13900 FT\/L)","og_url":"https:\/\/www.eveline.hu\/2016\/eveline-kozmetikumok-szepsegapolas\/szepsegapolas\/labapolas\/foot-care-med-puhito-peeling-habko-labra-100ml\/","og_site_name":"Eveline Cosmetics Magyarorsz\u00e1g","article_modified_time":"2022-12-09T14:52:25+00:00","og_image":[{"width":750,"height":750,"url":"https:\/\/www.eveline.hu\/2016\/wp-content\/uploads\/2021\/08\/5903416026471-FOOT-CARE-MED-FOOT-SCRUB-PUMICE-w.png","type":"image\/png"}],"twitter_card":"summary_large_image","twitter_misc":{"Becs\u00fclt olvas\u00e1si id\u0151":"1 perc"},"schema":{"@context":"https:\/\/schema.org","@graph":[{"@type":"WebPage","@id":"https:\/\/www.eveline.hu\/2016\/eveline-kozmetikumok-szepsegapolas\/szepsegapolas\/labapolas\/foot-care-med-puhito-peeling-habko-labra-100ml\/","url":"https:\/\/www.eveline.hu\/2016\/eveline-kozmetikumok-szepsegapolas\/szepsegapolas\/labapolas\/foot-care-med-puhito-peeling-habko-labra-100ml\/","name":"FOOT CARE MED+ puh\u00edt\u00f3 peeling-habk\u0151 l\u00e1bra 100ml - Eveline Cosmetics Magyarorsz\u00e1g","isPartOf":{"@id":"https:\/\/www.eveline.hu\/2016\/#website"},"primaryImageOfPage":{"@id":"https:\/\/www.eveline.hu\/2016\/eveline-kozmetikumok-szepsegapolas\/szepsegapolas\/labapolas\/foot-care-med-puhito-peeling-habko-labra-100ml\/#primaryimage"},"image":{"@id":"https:\/\/www.eveline.hu\/2016\/eveline-kozmetikumok-szepsegapolas\/szepsegapolas\/labapolas\/foot-care-med-puhito-peeling-habko-labra-100ml\/#primaryimage"},"thumbnailUrl":"https:\/\/www.eveline.hu\/2016\/wp-content\/uploads\/2021\/08\/5903416026471-FOOT-CARE-MED-FOOT-SCRUB-PUMICE-w.png","datePublished":"2021-08-30T14:24:15+00:00","dateModified":"2022-12-09T14:52:25+00:00","breadcrumb":{"@id":"https:\/\/www.eveline.hu\/2016\/eveline-kozmetikumok-szepsegapolas\/szepsegapolas\/labapolas\/foot-care-med-puhito-peeling-habko-labra-100ml\/#breadcrumb"},"inLanguage":"hu","potentialAction":[{"@type":"ReadAction","target":["https:\/\/www.eveline.hu\/2016\/eveline-kozmetikumok-szepsegapolas\/szepsegapolas\/labapolas\/foot-care-med-puhito-peeling-habko-labra-100ml\/"]}]},{"@type":"ImageObject","inLanguage":"hu","@id":"https:\/\/www.eveline.hu\/2016\/eveline-kozmetikumok-szepsegapolas\/szepsegapolas\/labapolas\/foot-care-med-puhito-peeling-habko-labra-100ml\/#primaryimage","url":"https:\/\/www.eveline.hu\/2016\/wp-content\/uploads\/2021\/08\/5903416026471-FOOT-CARE-MED-FOOT-SCRUB-PUMICE-w.png","contentUrl":"https:\/\/www.eveline.hu\/2016\/wp-content\/uploads\/2021\/08\/5903416026471-FOOT-CARE-MED-FOOT-SCRUB-PUMICE-w.png","width":750,"height":750},{"@type":"BreadcrumbList","@id":"https:\/\/www.eveline.hu\/2016\/eveline-kozmetikumok-szepsegapolas\/szepsegapolas\/labapolas\/foot-care-med-puhito-peeling-habko-labra-100ml\/#breadcrumb","itemListElement":[{"@type":"ListItem","position":1,"name":"Home","item":"https:\/\/www.eveline.hu\/2016\/"},{"@type":"ListItem","position":2,"name":"Term\u00e9kek","item":"https:\/\/www.eveline.hu\/2016\/shop\/"},{"@type":"ListItem","position":3,"name":"FOOT CARE MED+ puh\u00edt\u00f3 peeling-habk\u0151 l\u00e1bra 100ml"}]},{"@type":"WebSite","@id":"https:\/\/www.eveline.hu\/2016\/#website","url":"https:\/\/www.eveline.hu\/2016\/","name":"Eveline Cosmetics Magyarorsz\u00e1g","description":"Min\u0151s\u00e9gi kozmetikumok Lengyelorsz\u00e1gb\u00f3l","potentialAction":[{"@type":"SearchAction","target":{"@type":"EntryPoint","urlTemplate":"https:\/\/www.eveline.hu\/2016\/?s={search_term_string}"},"query-input":"required name=search_term_string"}],"inLanguage":"hu"}]}},"_links":{"self":[{"href":"https:\/\/www.eveline.hu\/2016\/wp-json\/wp\/v2\/product\/27546"}],"collection":[{"href":"https:\/\/www.eveline.hu\/2016\/wp-json\/wp\/v2\/product"}],"about":[{"href":"https:\/\/www.eveline.hu\/2016\/wp-json\/wp\/v2\/types\/product"}],"replies":[{"embeddable":true,"href":"https:\/\/www.eveline.hu\/2016\/wp-json\/wp\/v2\/comments?post=27546"}],"wp:featuredmedia":[{"embeddable":true,"href":"https:\/\/www.eveline.hu\/2016\/wp-json\/wp\/v2\/media\/27547"}],"wp:attachment":[{"href":"https:\/\/www.eveline.hu\/2016\/wp-json\/wp\/v2\/media?parent=27546"}],"wp:term":[{"taxonomy":"product_cat","embeddable":true,"href":"https:\/\/www.eveline.hu\/2016\/wp-json\/wp\/v2\/product_cat?post=27546"},{"taxonomy":"product_tag","embeddable":true,"href":"https:\/\/www.eveline.hu\/2016\/wp-json\/wp\/v2\/product_tag?post=27546"}],"curies":[{"name":"wp","href":"https:\/\/api.w.org\/{rel}","templated":true}]}}