{"id":27421,"date":"2021-07-16T11:49:07","date_gmt":"2021-07-16T09:49:07","guid":{"rendered":"https:\/\/www.eveline.hu\/2016\/?post_type=product&#038;p=27421"},"modified":"2022-02-18T09:11:39","modified_gmt":"2022-02-18T08:11:39","slug":"make-a-shape-szajceruza-rosewood","status":"publish","type":"product","link":"https:\/\/www.eveline.hu\/2016\/eveline-kozmetikumok-szepsegapolas\/smink\/szaj\/szajkonturok\/make-a-shape-szajceruza-rosewood\/","title":{"rendered":"MAKE A SHAPE  sz\u00e1jceruza ROSEWOOD"},"content":{"rendered":"<p>Automata sz\u00e1jceruza<\/p>\n<p>Haszn\u00e1lhat\u00f3 r\u00fazs helyett vagy kont\u00fark\u00e9nt, <span class=\"VIiyi\" lang=\"hu\"><span class=\"JLqJ4b ChMk0b C1N51c\" data-language-for-alternatives=\"hu\" data-language-to-translate-into=\"pl\" data-phrase-index=\"4\">amely prec\u00edzen kiemeli ajkait. <\/span><\/span><\/p>\n<p><span class=\"VIiyi\" lang=\"hu\"><span class=\"JLqJ4b ChMk0b C1N51c\" data-language-for-alternatives=\"hu\" data-language-to-translate-into=\"pl\" data-phrase-index=\"4\">A t\u00f6k\u00e9letes pigment\u00e1ci\u00f3 sok\u00e1ig megmarad az ajkakon.<\/span><\/span><\/p>\n","protected":false},"excerpt":{"rendered":"<p>Automata sz\u00e1jceruza Haszn\u00e1lhat\u00f3 r\u00fazs helyett vagy kont\u00fark\u00e9nt, amely prec\u00edzen kiemeli ajkait. A t\u00f6k\u00e9letes pigment\u00e1ci\u00f3 sok\u00e1ig megmarad az ajkakon.<\/p>\n","protected":false},"featured_media":27422,"comment_status":"open","ping_status":"closed","template":"","meta":[],"product_cat":[130,152,155],"product_tag":[],"yoast_head":"<!-- This site is optimized with the Yoast SEO plugin v22.2 - https:\/\/yoast.com\/wordpress\/plugins\/seo\/ -->\n<title>MAKE A SHAPE sz\u00e1jceruza ROSEWOOD - Eveline Cosmetics Magyarorsz\u00e1g<\/title>\n<meta name=\"robots\" content=\"index, follow, max-snippet:-1, max-image-preview:large, max-video-preview:-1\" \/>\n<link rel=\"canonical\" href=\"https:\/\/www.eveline.hu\/2016\/eveline-kozmetikumok-szepsegapolas\/smink\/szaj\/szajkonturok\/make-a-shape-szajceruza-rosewood\/\" \/>\n<meta property=\"og:locale\" content=\"hu_HU\" \/>\n<meta property=\"og:type\" content=\"article\" \/>\n<meta property=\"og:title\" content=\"MAKE A SHAPE sz\u00e1jceruza ROSEWOOD - Eveline Cosmetics Magyarorsz\u00e1g\" \/>\n<meta property=\"og:description\" content=\"Automata sz\u00e1jceruza Haszn\u00e1lhat\u00f3 r\u00fazs helyett vagy kont\u00fark\u00e9nt, amely prec\u00edzen kiemeli ajkait. A t\u00f6k\u00e9letes pigment\u00e1ci\u00f3 sok\u00e1ig megmarad az ajkakon.\" \/>\n<meta property=\"og:url\" content=\"https:\/\/www.eveline.hu\/2016\/eveline-kozmetikumok-szepsegapolas\/smink\/szaj\/szajkonturok\/make-a-shape-szajceruza-rosewood\/\" \/>\n<meta property=\"og:site_name\" content=\"Eveline Cosmetics Magyarorsz\u00e1g\" \/>\n<meta property=\"article:modified_time\" content=\"2022-02-18T08:11:39+00:00\" \/>\n<meta property=\"og:image\" content=\"https:\/\/www.eveline.hu\/2016\/wp-content\/uploads\/2021\/07\/5903416027218-AUTOMATIC-LIP-LINER-MAKE-A-SHAPE-ROSEWOOD-w.png\" \/>\n\t<meta property=\"og:image:width\" content=\"750\" \/>\n\t<meta property=\"og:image:height\" content=\"750\" \/>\n\t<meta property=\"og:image:type\" content=\"image\/png\" \/>\n<meta name=\"twitter:card\" content=\"summary_large_image\" \/>\n<script type=\"application\/ld+json\" class=\"yoast-schema-graph\">{\"@context\":\"https:\/\/schema.org\",\"@graph\":[{\"@type\":\"WebPage\",\"@id\":\"https:\/\/www.eveline.hu\/2016\/eveline-kozmetikumok-szepsegapolas\/smink\/szaj\/szajkonturok\/make-a-shape-szajceruza-rosewood\/\",\"url\":\"https:\/\/www.eveline.hu\/2016\/eveline-kozmetikumok-szepsegapolas\/smink\/szaj\/szajkonturok\/make-a-shape-szajceruza-rosewood\/\",\"name\":\"MAKE A SHAPE sz\u00e1jceruza ROSEWOOD - Eveline Cosmetics Magyarorsz\u00e1g\",\"isPartOf\":{\"@id\":\"https:\/\/www.eveline.hu\/2016\/#website\"},\"primaryImageOfPage\":{\"@id\":\"https:\/\/www.eveline.hu\/2016\/eveline-kozmetikumok-szepsegapolas\/smink\/szaj\/szajkonturok\/make-a-shape-szajceruza-rosewood\/#primaryimage\"},\"image\":{\"@id\":\"https:\/\/www.eveline.hu\/2016\/eveline-kozmetikumok-szepsegapolas\/smink\/szaj\/szajkonturok\/make-a-shape-szajceruza-rosewood\/#primaryimage\"},\"thumbnailUrl\":\"https:\/\/www.eveline.hu\/2016\/wp-content\/uploads\/2021\/07\/5903416027218-AUTOMATIC-LIP-LINER-MAKE-A-SHAPE-ROSEWOOD-w.png\",\"datePublished\":\"2021-07-16T09:49:07+00:00\",\"dateModified\":\"2022-02-18T08:11:39+00:00\",\"breadcrumb\":{\"@id\":\"https:\/\/www.eveline.hu\/2016\/eveline-kozmetikumok-szepsegapolas\/smink\/szaj\/szajkonturok\/make-a-shape-szajceruza-rosewood\/#breadcrumb\"},\"inLanguage\":\"hu\",\"potentialAction\":[{\"@type\":\"ReadAction\",\"target\":[\"https:\/\/www.eveline.hu\/2016\/eveline-kozmetikumok-szepsegapolas\/smink\/szaj\/szajkonturok\/make-a-shape-szajceruza-rosewood\/\"]}]},{\"@type\":\"ImageObject\",\"inLanguage\":\"hu\",\"@id\":\"https:\/\/www.eveline.hu\/2016\/eveline-kozmetikumok-szepsegapolas\/smink\/szaj\/szajkonturok\/make-a-shape-szajceruza-rosewood\/#primaryimage\",\"url\":\"https:\/\/www.eveline.hu\/2016\/wp-content\/uploads\/2021\/07\/5903416027218-AUTOMATIC-LIP-LINER-MAKE-A-SHAPE-ROSEWOOD-w.png\",\"contentUrl\":\"https:\/\/www.eveline.hu\/2016\/wp-content\/uploads\/2021\/07\/5903416027218-AUTOMATIC-LIP-LINER-MAKE-A-SHAPE-ROSEWOOD-w.png\",\"width\":750,\"height\":750},{\"@type\":\"BreadcrumbList\",\"@id\":\"https:\/\/www.eveline.hu\/2016\/eveline-kozmetikumok-szepsegapolas\/smink\/szaj\/szajkonturok\/make-a-shape-szajceruza-rosewood\/#breadcrumb\",\"itemListElement\":[{\"@type\":\"ListItem\",\"position\":1,\"name\":\"Home\",\"item\":\"https:\/\/www.eveline.hu\/2016\/\"},{\"@type\":\"ListItem\",\"position\":2,\"name\":\"Term\u00e9kek\",\"item\":\"https:\/\/www.eveline.hu\/2016\/shop\/\"},{\"@type\":\"ListItem\",\"position\":3,\"name\":\"MAKE A SHAPE sz\u00e1jceruza ROSEWOOD\"}]},{\"@type\":\"WebSite\",\"@id\":\"https:\/\/www.eveline.hu\/2016\/#website\",\"url\":\"https:\/\/www.eveline.hu\/2016\/\",\"name\":\"Eveline Cosmetics Magyarorsz\u00e1g\",\"description\":\"Min\u0151s\u00e9gi kozmetikumok Lengyelorsz\u00e1gb\u00f3l\",\"potentialAction\":[{\"@type\":\"SearchAction\",\"target\":{\"@type\":\"EntryPoint\",\"urlTemplate\":\"https:\/\/www.eveline.hu\/2016\/?s={search_term_string}\"},\"query-input\":\"required name=search_term_string\"}],\"inLanguage\":\"hu\"}]}<\/script>\n<!-- \/ Yoast SEO plugin. -->","yoast_head_json":{"title":"MAKE A SHAPE sz\u00e1jceruza ROSEWOOD - Eveline Cosmetics Magyarorsz\u00e1g","robots":{"index":"index","follow":"follow","max-snippet":"max-snippet:-1","max-image-preview":"max-image-preview:large","max-video-preview":"max-video-preview:-1"},"canonical":"https:\/\/www.eveline.hu\/2016\/eveline-kozmetikumok-szepsegapolas\/smink\/szaj\/szajkonturok\/make-a-shape-szajceruza-rosewood\/","og_locale":"hu_HU","og_type":"article","og_title":"MAKE A SHAPE sz\u00e1jceruza ROSEWOOD - Eveline Cosmetics Magyarorsz\u00e1g","og_description":"Automata sz\u00e1jceruza Haszn\u00e1lhat\u00f3 r\u00fazs helyett vagy kont\u00fark\u00e9nt, amely prec\u00edzen kiemeli ajkait. A t\u00f6k\u00e9letes pigment\u00e1ci\u00f3 sok\u00e1ig megmarad az ajkakon.","og_url":"https:\/\/www.eveline.hu\/2016\/eveline-kozmetikumok-szepsegapolas\/smink\/szaj\/szajkonturok\/make-a-shape-szajceruza-rosewood\/","og_site_name":"Eveline Cosmetics Magyarorsz\u00e1g","article_modified_time":"2022-02-18T08:11:39+00:00","og_image":[{"width":750,"height":750,"url":"https:\/\/www.eveline.hu\/2016\/wp-content\/uploads\/2021\/07\/5903416027218-AUTOMATIC-LIP-LINER-MAKE-A-SHAPE-ROSEWOOD-w.png","type":"image\/png"}],"twitter_card":"summary_large_image","schema":{"@context":"https:\/\/schema.org","@graph":[{"@type":"WebPage","@id":"https:\/\/www.eveline.hu\/2016\/eveline-kozmetikumok-szepsegapolas\/smink\/szaj\/szajkonturok\/make-a-shape-szajceruza-rosewood\/","url":"https:\/\/www.eveline.hu\/2016\/eveline-kozmetikumok-szepsegapolas\/smink\/szaj\/szajkonturok\/make-a-shape-szajceruza-rosewood\/","name":"MAKE A SHAPE sz\u00e1jceruza ROSEWOOD - Eveline Cosmetics Magyarorsz\u00e1g","isPartOf":{"@id":"https:\/\/www.eveline.hu\/2016\/#website"},"primaryImageOfPage":{"@id":"https:\/\/www.eveline.hu\/2016\/eveline-kozmetikumok-szepsegapolas\/smink\/szaj\/szajkonturok\/make-a-shape-szajceruza-rosewood\/#primaryimage"},"image":{"@id":"https:\/\/www.eveline.hu\/2016\/eveline-kozmetikumok-szepsegapolas\/smink\/szaj\/szajkonturok\/make-a-shape-szajceruza-rosewood\/#primaryimage"},"thumbnailUrl":"https:\/\/www.eveline.hu\/2016\/wp-content\/uploads\/2021\/07\/5903416027218-AUTOMATIC-LIP-LINER-MAKE-A-SHAPE-ROSEWOOD-w.png","datePublished":"2021-07-16T09:49:07+00:00","dateModified":"2022-02-18T08:11:39+00:00","breadcrumb":{"@id":"https:\/\/www.eveline.hu\/2016\/eveline-kozmetikumok-szepsegapolas\/smink\/szaj\/szajkonturok\/make-a-shape-szajceruza-rosewood\/#breadcrumb"},"inLanguage":"hu","potentialAction":[{"@type":"ReadAction","target":["https:\/\/www.eveline.hu\/2016\/eveline-kozmetikumok-szepsegapolas\/smink\/szaj\/szajkonturok\/make-a-shape-szajceruza-rosewood\/"]}]},{"@type":"ImageObject","inLanguage":"hu","@id":"https:\/\/www.eveline.hu\/2016\/eveline-kozmetikumok-szepsegapolas\/smink\/szaj\/szajkonturok\/make-a-shape-szajceruza-rosewood\/#primaryimage","url":"https:\/\/www.eveline.hu\/2016\/wp-content\/uploads\/2021\/07\/5903416027218-AUTOMATIC-LIP-LINER-MAKE-A-SHAPE-ROSEWOOD-w.png","contentUrl":"https:\/\/www.eveline.hu\/2016\/wp-content\/uploads\/2021\/07\/5903416027218-AUTOMATIC-LIP-LINER-MAKE-A-SHAPE-ROSEWOOD-w.png","width":750,"height":750},{"@type":"BreadcrumbList","@id":"https:\/\/www.eveline.hu\/2016\/eveline-kozmetikumok-szepsegapolas\/smink\/szaj\/szajkonturok\/make-a-shape-szajceruza-rosewood\/#breadcrumb","itemListElement":[{"@type":"ListItem","position":1,"name":"Home","item":"https:\/\/www.eveline.hu\/2016\/"},{"@type":"ListItem","position":2,"name":"Term\u00e9kek","item":"https:\/\/www.eveline.hu\/2016\/shop\/"},{"@type":"ListItem","position":3,"name":"MAKE A SHAPE sz\u00e1jceruza ROSEWOOD"}]},{"@type":"WebSite","@id":"https:\/\/www.eveline.hu\/2016\/#website","url":"https:\/\/www.eveline.hu\/2016\/","name":"Eveline Cosmetics Magyarorsz\u00e1g","description":"Min\u0151s\u00e9gi kozmetikumok Lengyelorsz\u00e1gb\u00f3l","potentialAction":[{"@type":"SearchAction","target":{"@type":"EntryPoint","urlTemplate":"https:\/\/www.eveline.hu\/2016\/?s={search_term_string}"},"query-input":"required name=search_term_string"}],"inLanguage":"hu"}]}},"_links":{"self":[{"href":"https:\/\/www.eveline.hu\/2016\/wp-json\/wp\/v2\/product\/27421"}],"collection":[{"href":"https:\/\/www.eveline.hu\/2016\/wp-json\/wp\/v2\/product"}],"about":[{"href":"https:\/\/www.eveline.hu\/2016\/wp-json\/wp\/v2\/types\/product"}],"replies":[{"embeddable":true,"href":"https:\/\/www.eveline.hu\/2016\/wp-json\/wp\/v2\/comments?post=27421"}],"wp:featuredmedia":[{"embeddable":true,"href":"https:\/\/www.eveline.hu\/2016\/wp-json\/wp\/v2\/media\/27422"}],"wp:attachment":[{"href":"https:\/\/www.eveline.hu\/2016\/wp-json\/wp\/v2\/media?parent=27421"}],"wp:term":[{"taxonomy":"product_cat","embeddable":true,"href":"https:\/\/www.eveline.hu\/2016\/wp-json\/wp\/v2\/product_cat?post=27421"},{"taxonomy":"product_tag","embeddable":true,"href":"https:\/\/www.eveline.hu\/2016\/wp-json\/wp\/v2\/product_tag?post=27421"}],"curies":[{"name":"wp","href":"https:\/\/api.w.org\/{rel}","templated":true}]}}