{"id":27251,"date":"2021-06-06T13:39:04","date_gmt":"2021-06-06T11:39:04","guid":{"rendered":"https:\/\/www.eveline.hu\/2016\/?post_type=product&#038;p=27251"},"modified":"2022-12-26T21:47:00","modified_gmt":"2022-12-26T20:47:00","slug":"bioaktiv-bojtorjan-sampon-400ml","status":"publish","type":"product","link":"https:\/\/www.eveline.hu\/2016\/eveline-kozmetikumok-szepsegapolas\/szepsegapolas\/hajapolas\/bioaktiv-bojtorjan-sampon-400ml\/","title":{"rendered":"Bioakt\u00edv Bojtorj\u00e1n Sampon 400ml"},"content":{"rendered":"<p>Hajhull\u00e1sra hajlamos elv\u00e9konyodott, elgyeng\u00fclt hajra.<br \/>\n1. Cs\u00f6kkenti a hajhull\u00e1st.\u00a0 2. Serkenti a haj n\u00f6veked\u00e9s\u00e9t.<br \/>\n3. Csillap\u00edtja az irrit\u00e1ci\u00f3 t\u00fcneteit. 4. Megakad\u00e1lyozza a hajv\u00e9gek hasad\u00e1s\u00e1t.<br \/>\n5. Vitalit\u00e1st ad.\u00a0 6. \u00dajj\u00e1\u00e9p\u00edti a haj szerkezet\u00e9t.<br \/>\n<strong>Akt\u00edv \u00f6sszetev\u0151k<\/strong>: <strong>bio bojtorj\u00e1n kivonat<\/strong> \u2013 egyed\u00fcl\u00e1ll\u00f3 biol\u00f3giailag akt\u00edv anyagok kever\u00e9k\u00e9t tartalmazza, amelyek semleges\u00edtik a hajhull\u00e1s\u00e9rt felel\u0151s enzimeket \u00e9s serkentik a mikrokering\u00e9st, hogy megfelel\u0151 t\u00e1pl\u00e1l\u00e9kot ny\u00fajtsanak a hajhagym\u00e1nak. Er\u0151s antibakteri\u00e1lis tulajdons\u00e1g\u00fa.<\/p>\n<p><strong>bio zsurl\u00f3 kivonat<\/strong> \u2013 intenz\u00edv er\u0151s\u00edt\u0151 hat\u00e1s\u00fa, megakad\u00e1lyozza a hajhull\u00e1st \u00e9s t\u00f6redez\u00e9st.<\/p>\n<p><strong>Equisetum \u00e9s csal\u00e1n kivonat \u2013 <\/strong>helyre\u00e1ll\u00edtja a fejb\u0151r hidrolipid egyens\u00faly\u00e1t.<\/p>\n<p><strong>Centella asiatica<\/strong> \u2013 er\u0151s regener\u00e1l\u00f3 tulajdons\u00e1g\u00fa.<\/p>\n<p><strong>Selyem proteinek<\/strong> \u2013 a haj puha \u00e9s f\u00e9nyes lesz, melyet k\u00f6nny\u0171 f\u00e9s\u00fclni.<\/p>\n<p><strong>Rozmaring \u00e9s kakukkf\u0171 olajok<\/strong> \u2013 seg\u00edt a faggy\u00famirigyek m\u0171k\u00f6d\u00e9s\u00e9nek szab\u00e1lyoz\u00e1s\u00e1ban \u00e9s a fejb\u0151r mikrofl\u00f3ra normaliz\u00e1l\u00e1s\u00e1ban.<\/p>\n<p><strong>Haszn\u00e1lati utas\u00edt\u00e1s<\/strong>: kis mennyis\u00e9g\u0171 sampont vigyen a nedves hajra \u00e9s gyeng\u00e9den massz\u00edrozza habz\u00e1sig. \u00a0\u00d6bl\u00edtse le alaposan. Ism\u00e9telje meg a hajmos\u00e1st, ha sz\u00fcks\u00e9ges. Aj\u00e1nlott mindennapi haszn\u00e1latra.<\/p>\n","protected":false},"excerpt":{"rendered":"<p>400ml ( 3873 Ft\/l)<\/p>\n","protected":false},"featured_media":27252,"comment_status":"open","ping_status":"closed","template":"","meta":[],"product_cat":[125,136,80,109],"product_tag":[],"yoast_head":"<!-- This site is optimized with the Yoast SEO plugin v22.2 - https:\/\/yoast.com\/wordpress\/plugins\/seo\/ -->\n<title>Bioakt\u00edv Bojtorj\u00e1n Sampon 400ml - Eveline Cosmetics Magyarorsz\u00e1g<\/title>\n<meta name=\"robots\" content=\"index, follow, max-snippet:-1, max-image-preview:large, max-video-preview:-1\" \/>\n<link rel=\"canonical\" href=\"https:\/\/www.eveline.hu\/2016\/eveline-kozmetikumok-szepsegapolas\/szepsegapolas\/hajapolas\/bioaktiv-bojtorjan-sampon-400ml\/\" \/>\n<meta property=\"og:locale\" content=\"hu_HU\" \/>\n<meta property=\"og:type\" content=\"article\" \/>\n<meta property=\"og:title\" content=\"Bioakt\u00edv Bojtorj\u00e1n Sampon 400ml - Eveline Cosmetics Magyarorsz\u00e1g\" \/>\n<meta property=\"og:description\" content=\"400ml ( 3873 Ft\/l)\" \/>\n<meta property=\"og:url\" content=\"https:\/\/www.eveline.hu\/2016\/eveline-kozmetikumok-szepsegapolas\/szepsegapolas\/hajapolas\/bioaktiv-bojtorjan-sampon-400ml\/\" \/>\n<meta property=\"og:site_name\" content=\"Eveline Cosmetics Magyarorsz\u00e1g\" \/>\n<meta property=\"article:modified_time\" content=\"2022-12-26T20:47:00+00:00\" \/>\n<meta property=\"og:image\" content=\"https:\/\/www.eveline.hu\/2016\/wp-content\/uploads\/2021\/06\/5901761986846-BIO-BURDOCK-SHAMPOO-400ML-w.png\" \/>\n\t<meta property=\"og:image:width\" content=\"750\" \/>\n\t<meta property=\"og:image:height\" content=\"750\" \/>\n\t<meta property=\"og:image:type\" content=\"image\/png\" \/>\n<meta name=\"twitter:card\" content=\"summary_large_image\" \/>\n<meta name=\"twitter:label1\" content=\"Becs\u00fclt olvas\u00e1si id\u0151\" \/>\n\t<meta name=\"twitter:data1\" content=\"1 perc\" \/>\n<script type=\"application\/ld+json\" class=\"yoast-schema-graph\">{\"@context\":\"https:\/\/schema.org\",\"@graph\":[{\"@type\":\"WebPage\",\"@id\":\"https:\/\/www.eveline.hu\/2016\/eveline-kozmetikumok-szepsegapolas\/szepsegapolas\/hajapolas\/bioaktiv-bojtorjan-sampon-400ml\/\",\"url\":\"https:\/\/www.eveline.hu\/2016\/eveline-kozmetikumok-szepsegapolas\/szepsegapolas\/hajapolas\/bioaktiv-bojtorjan-sampon-400ml\/\",\"name\":\"Bioakt\u00edv Bojtorj\u00e1n Sampon 400ml - Eveline Cosmetics Magyarorsz\u00e1g\",\"isPartOf\":{\"@id\":\"https:\/\/www.eveline.hu\/2016\/#website\"},\"primaryImageOfPage\":{\"@id\":\"https:\/\/www.eveline.hu\/2016\/eveline-kozmetikumok-szepsegapolas\/szepsegapolas\/hajapolas\/bioaktiv-bojtorjan-sampon-400ml\/#primaryimage\"},\"image\":{\"@id\":\"https:\/\/www.eveline.hu\/2016\/eveline-kozmetikumok-szepsegapolas\/szepsegapolas\/hajapolas\/bioaktiv-bojtorjan-sampon-400ml\/#primaryimage\"},\"thumbnailUrl\":\"https:\/\/www.eveline.hu\/2016\/wp-content\/uploads\/2021\/06\/5901761986846-BIO-BURDOCK-SHAMPOO-400ML-w.png\",\"datePublished\":\"2021-06-06T11:39:04+00:00\",\"dateModified\":\"2022-12-26T20:47:00+00:00\",\"breadcrumb\":{\"@id\":\"https:\/\/www.eveline.hu\/2016\/eveline-kozmetikumok-szepsegapolas\/szepsegapolas\/hajapolas\/bioaktiv-bojtorjan-sampon-400ml\/#breadcrumb\"},\"inLanguage\":\"hu\",\"potentialAction\":[{\"@type\":\"ReadAction\",\"target\":[\"https:\/\/www.eveline.hu\/2016\/eveline-kozmetikumok-szepsegapolas\/szepsegapolas\/hajapolas\/bioaktiv-bojtorjan-sampon-400ml\/\"]}]},{\"@type\":\"ImageObject\",\"inLanguage\":\"hu\",\"@id\":\"https:\/\/www.eveline.hu\/2016\/eveline-kozmetikumok-szepsegapolas\/szepsegapolas\/hajapolas\/bioaktiv-bojtorjan-sampon-400ml\/#primaryimage\",\"url\":\"https:\/\/www.eveline.hu\/2016\/wp-content\/uploads\/2021\/06\/5901761986846-BIO-BURDOCK-SHAMPOO-400ML-w.png\",\"contentUrl\":\"https:\/\/www.eveline.hu\/2016\/wp-content\/uploads\/2021\/06\/5901761986846-BIO-BURDOCK-SHAMPOO-400ML-w.png\",\"width\":750,\"height\":750},{\"@type\":\"BreadcrumbList\",\"@id\":\"https:\/\/www.eveline.hu\/2016\/eveline-kozmetikumok-szepsegapolas\/szepsegapolas\/hajapolas\/bioaktiv-bojtorjan-sampon-400ml\/#breadcrumb\",\"itemListElement\":[{\"@type\":\"ListItem\",\"position\":1,\"name\":\"Home\",\"item\":\"https:\/\/www.eveline.hu\/2016\/\"},{\"@type\":\"ListItem\",\"position\":2,\"name\":\"Term\u00e9kek\",\"item\":\"https:\/\/www.eveline.hu\/2016\/shop\/\"},{\"@type\":\"ListItem\",\"position\":3,\"name\":\"Bioakt\u00edv Bojtorj\u00e1n Sampon 400ml\"}]},{\"@type\":\"WebSite\",\"@id\":\"https:\/\/www.eveline.hu\/2016\/#website\",\"url\":\"https:\/\/www.eveline.hu\/2016\/\",\"name\":\"Eveline Cosmetics Magyarorsz\u00e1g\",\"description\":\"Min\u0151s\u00e9gi kozmetikumok Lengyelorsz\u00e1gb\u00f3l\",\"potentialAction\":[{\"@type\":\"SearchAction\",\"target\":{\"@type\":\"EntryPoint\",\"urlTemplate\":\"https:\/\/www.eveline.hu\/2016\/?s={search_term_string}\"},\"query-input\":\"required name=search_term_string\"}],\"inLanguage\":\"hu\"}]}<\/script>\n<!-- \/ Yoast SEO plugin. -->","yoast_head_json":{"title":"Bioakt\u00edv Bojtorj\u00e1n Sampon 400ml - Eveline Cosmetics Magyarorsz\u00e1g","robots":{"index":"index","follow":"follow","max-snippet":"max-snippet:-1","max-image-preview":"max-image-preview:large","max-video-preview":"max-video-preview:-1"},"canonical":"https:\/\/www.eveline.hu\/2016\/eveline-kozmetikumok-szepsegapolas\/szepsegapolas\/hajapolas\/bioaktiv-bojtorjan-sampon-400ml\/","og_locale":"hu_HU","og_type":"article","og_title":"Bioakt\u00edv Bojtorj\u00e1n Sampon 400ml - Eveline Cosmetics Magyarorsz\u00e1g","og_description":"400ml ( 3873 Ft\/l)","og_url":"https:\/\/www.eveline.hu\/2016\/eveline-kozmetikumok-szepsegapolas\/szepsegapolas\/hajapolas\/bioaktiv-bojtorjan-sampon-400ml\/","og_site_name":"Eveline Cosmetics Magyarorsz\u00e1g","article_modified_time":"2022-12-26T20:47:00+00:00","og_image":[{"width":750,"height":750,"url":"https:\/\/www.eveline.hu\/2016\/wp-content\/uploads\/2021\/06\/5901761986846-BIO-BURDOCK-SHAMPOO-400ML-w.png","type":"image\/png"}],"twitter_card":"summary_large_image","twitter_misc":{"Becs\u00fclt olvas\u00e1si id\u0151":"1 perc"},"schema":{"@context":"https:\/\/schema.org","@graph":[{"@type":"WebPage","@id":"https:\/\/www.eveline.hu\/2016\/eveline-kozmetikumok-szepsegapolas\/szepsegapolas\/hajapolas\/bioaktiv-bojtorjan-sampon-400ml\/","url":"https:\/\/www.eveline.hu\/2016\/eveline-kozmetikumok-szepsegapolas\/szepsegapolas\/hajapolas\/bioaktiv-bojtorjan-sampon-400ml\/","name":"Bioakt\u00edv Bojtorj\u00e1n Sampon 400ml - Eveline Cosmetics Magyarorsz\u00e1g","isPartOf":{"@id":"https:\/\/www.eveline.hu\/2016\/#website"},"primaryImageOfPage":{"@id":"https:\/\/www.eveline.hu\/2016\/eveline-kozmetikumok-szepsegapolas\/szepsegapolas\/hajapolas\/bioaktiv-bojtorjan-sampon-400ml\/#primaryimage"},"image":{"@id":"https:\/\/www.eveline.hu\/2016\/eveline-kozmetikumok-szepsegapolas\/szepsegapolas\/hajapolas\/bioaktiv-bojtorjan-sampon-400ml\/#primaryimage"},"thumbnailUrl":"https:\/\/www.eveline.hu\/2016\/wp-content\/uploads\/2021\/06\/5901761986846-BIO-BURDOCK-SHAMPOO-400ML-w.png","datePublished":"2021-06-06T11:39:04+00:00","dateModified":"2022-12-26T20:47:00+00:00","breadcrumb":{"@id":"https:\/\/www.eveline.hu\/2016\/eveline-kozmetikumok-szepsegapolas\/szepsegapolas\/hajapolas\/bioaktiv-bojtorjan-sampon-400ml\/#breadcrumb"},"inLanguage":"hu","potentialAction":[{"@type":"ReadAction","target":["https:\/\/www.eveline.hu\/2016\/eveline-kozmetikumok-szepsegapolas\/szepsegapolas\/hajapolas\/bioaktiv-bojtorjan-sampon-400ml\/"]}]},{"@type":"ImageObject","inLanguage":"hu","@id":"https:\/\/www.eveline.hu\/2016\/eveline-kozmetikumok-szepsegapolas\/szepsegapolas\/hajapolas\/bioaktiv-bojtorjan-sampon-400ml\/#primaryimage","url":"https:\/\/www.eveline.hu\/2016\/wp-content\/uploads\/2021\/06\/5901761986846-BIO-BURDOCK-SHAMPOO-400ML-w.png","contentUrl":"https:\/\/www.eveline.hu\/2016\/wp-content\/uploads\/2021\/06\/5901761986846-BIO-BURDOCK-SHAMPOO-400ML-w.png","width":750,"height":750},{"@type":"BreadcrumbList","@id":"https:\/\/www.eveline.hu\/2016\/eveline-kozmetikumok-szepsegapolas\/szepsegapolas\/hajapolas\/bioaktiv-bojtorjan-sampon-400ml\/#breadcrumb","itemListElement":[{"@type":"ListItem","position":1,"name":"Home","item":"https:\/\/www.eveline.hu\/2016\/"},{"@type":"ListItem","position":2,"name":"Term\u00e9kek","item":"https:\/\/www.eveline.hu\/2016\/shop\/"},{"@type":"ListItem","position":3,"name":"Bioakt\u00edv Bojtorj\u00e1n Sampon 400ml"}]},{"@type":"WebSite","@id":"https:\/\/www.eveline.hu\/2016\/#website","url":"https:\/\/www.eveline.hu\/2016\/","name":"Eveline Cosmetics Magyarorsz\u00e1g","description":"Min\u0151s\u00e9gi kozmetikumok Lengyelorsz\u00e1gb\u00f3l","potentialAction":[{"@type":"SearchAction","target":{"@type":"EntryPoint","urlTemplate":"https:\/\/www.eveline.hu\/2016\/?s={search_term_string}"},"query-input":"required name=search_term_string"}],"inLanguage":"hu"}]}},"_links":{"self":[{"href":"https:\/\/www.eveline.hu\/2016\/wp-json\/wp\/v2\/product\/27251"}],"collection":[{"href":"https:\/\/www.eveline.hu\/2016\/wp-json\/wp\/v2\/product"}],"about":[{"href":"https:\/\/www.eveline.hu\/2016\/wp-json\/wp\/v2\/types\/product"}],"replies":[{"embeddable":true,"href":"https:\/\/www.eveline.hu\/2016\/wp-json\/wp\/v2\/comments?post=27251"}],"wp:featuredmedia":[{"embeddable":true,"href":"https:\/\/www.eveline.hu\/2016\/wp-json\/wp\/v2\/media\/27252"}],"wp:attachment":[{"href":"https:\/\/www.eveline.hu\/2016\/wp-json\/wp\/v2\/media?parent=27251"}],"wp:term":[{"taxonomy":"product_cat","embeddable":true,"href":"https:\/\/www.eveline.hu\/2016\/wp-json\/wp\/v2\/product_cat?post=27251"},{"taxonomy":"product_tag","embeddable":true,"href":"https:\/\/www.eveline.hu\/2016\/wp-json\/wp\/v2\/product_tag?post=27251"}],"curies":[{"name":"wp","href":"https:\/\/api.w.org\/{rel}","templated":true}]}}