{"id":27156,"date":"2021-05-16T15:45:26","date_gmt":"2021-05-16T13:45:26","guid":{"rendered":"https:\/\/www.eveline.hu\/2016\/?post_type=product&#038;p=27156"},"modified":"2022-12-28T15:01:18","modified_gmt":"2022-12-28T14:01:18","slug":"magical-cc-krem-aloe-vera-30ml-vanilla","status":"publish","type":"product","link":"https:\/\/www.eveline.hu\/2016\/eveline-kozmetikumok-szepsegapolas\/smink\/arc\/krempuderek\/magical-cc-krem-aloe-vera-30ml-vanilla\/","title":{"rendered":"Magical CC kr\u00e9m aloe vera 30ml Vanilla"},"content":{"rendered":"<p><span class=\"VIiyi\" lang=\"hu\"><span class=\"JLqJ4b ChMk0b\" data-language-for-alternatives=\"hu\" data-language-to-translate-into=\"pl\" data-phrase-index=\"4\">A CC Bio Organic kr\u00e9m finom, hat\u00e9kony formula, amely sim\u00e1v\u00e1, hidrat\u00e1ltabb\u00e1 \u00e9s ragyog\u00f3bb\u00e1 var\u00e1zsolja arc\u00e1t.<\/span><\/span><\/p>\n<p><span class=\"VIiyi\" lang=\"hu\"> <span class=\"JLqJ4b ChMk0b\" data-language-for-alternatives=\"hu\" data-language-to-translate-into=\"pl\" data-phrase-index=\"5\">Csod\u00e1latos \u00f6sszetev\u0151k, mint p\u00e9ld\u00e1ul: a hialuronsav, az A-, C-vitamin \u00e9s a szerves bio aloe vera t\u00e1pl\u00e1lja, regener\u00e1lja \u00e9s kiegyenl\u00edti a sz\u00ednt.<\/span> <\/span><\/p>\n<p><span class=\"VIiyi\" lang=\"hu\"><span class=\"JLqJ4b ChMk0b\" data-language-for-alternatives=\"hu\" data-language-to-translate-into=\"pl\" data-phrase-index=\"6\">Az UV-sz\u0171r\u0151 (SPF 15) megv\u00e9di az arc finom b\u0151r\u00e9t a napf\u00e9nyt\u0151l.<\/span> <span class=\"JLqJ4b ChMk0b\" data-language-for-alternatives=\"hu\" data-language-to-translate-into=\"pl\" data-phrase-index=\"7\">A kr\u00e9m garant\u00e1lja a tart\u00f3s frissess\u00e9get!<\/span> <\/span><\/p>\n<p><span class=\"VIiyi\" lang=\"hu\"><span class=\"JLqJ4b ChMk0b\" data-language-for-alternatives=\"hu\" data-language-to-translate-into=\"pl\" data-phrase-index=\"9\">Alkalmaz\u00e1s: Vigye fel a kr\u00e9met az arc\u00e1ra, \u00e9s ter\u00edtse el ujjbegyeivel, k\u00f6rk\u00f6r\u00f6s mozdulatokkal d\u00f6rzs\u00f6lje k\u00f6z\u00e9pr\u0151l kifel\u00e9.<\/span> <span class=\"JLqJ4b ChMk0b\" data-language-for-alternatives=\"hu\" data-language-to-translate-into=\"pl\" data-phrase-index=\"10\">\u00c9p\u00edtheti a lefedetts\u00e9g szintj\u00e9t egy m\u00e1sik r\u00e9teg alkalmaz\u00e1s\u00e1val.<\/span><\/span><\/p>\n","protected":false},"excerpt":{"rendered":"<p>A CC Bio Organic kr\u00e9m finom, hat\u00e9kony formula, amely sim\u00e1v\u00e1, hidrat\u00e1ltabb\u00e1 \u00e9s ragyog\u00f3bb\u00e1 var\u00e1zsolja arc\u00e1t. Csod\u00e1latos \u00f6sszetev\u0151k, mint p\u00e9ld\u00e1ul: a hialuronsav, az A-, C-vitamin \u00e9s a szerves bio aloe vera t\u00e1pl\u00e1lja, regener\u00e1lja \u00e9s kiegyenl\u00edti a sz\u00ednt. Az UV-sz\u0171r\u0151 (SPF 15) [&hellip;]<\/p>\n","protected":false},"featured_media":27157,"comment_status":"open","ping_status":"closed","template":"","meta":[],"product_cat":[130,144],"product_tag":[],"yoast_head":"<!-- This site is optimized with the Yoast SEO plugin v22.2 - https:\/\/yoast.com\/wordpress\/plugins\/seo\/ -->\n<title>Magical CC kr\u00e9m aloe vera 30ml Vanilla - Eveline Cosmetics Magyarorsz\u00e1g<\/title>\n<meta name=\"robots\" content=\"index, follow, max-snippet:-1, max-image-preview:large, max-video-preview:-1\" \/>\n<link rel=\"canonical\" href=\"https:\/\/www.eveline.hu\/2016\/eveline-kozmetikumok-szepsegapolas\/smink\/arc\/krempuderek\/magical-cc-krem-aloe-vera-30ml-vanilla\/\" \/>\n<meta property=\"og:locale\" content=\"hu_HU\" \/>\n<meta property=\"og:type\" content=\"article\" \/>\n<meta property=\"og:title\" content=\"Magical CC kr\u00e9m aloe vera 30ml Vanilla - Eveline Cosmetics Magyarorsz\u00e1g\" \/>\n<meta property=\"og:description\" content=\"A CC Bio Organic kr\u00e9m finom, hat\u00e9kony formula, amely sim\u00e1v\u00e1, hidrat\u00e1ltabb\u00e1 \u00e9s ragyog\u00f3bb\u00e1 var\u00e1zsolja arc\u00e1t. Csod\u00e1latos \u00f6sszetev\u0151k, mint p\u00e9ld\u00e1ul: a hialuronsav, az A-, C-vitamin \u00e9s a szerves bio aloe vera t\u00e1pl\u00e1lja, regener\u00e1lja \u00e9s kiegyenl\u00edti a sz\u00ednt. Az UV-sz\u0171r\u0151 (SPF 15) [&hellip;]\" \/>\n<meta property=\"og:url\" content=\"https:\/\/www.eveline.hu\/2016\/eveline-kozmetikumok-szepsegapolas\/smink\/arc\/krempuderek\/magical-cc-krem-aloe-vera-30ml-vanilla\/\" \/>\n<meta property=\"og:site_name\" content=\"Eveline Cosmetics Magyarorsz\u00e1g\" \/>\n<meta property=\"article:modified_time\" content=\"2022-12-28T14:01:18+00:00\" \/>\n<meta property=\"og:image\" content=\"https:\/\/www.eveline.hu\/2016\/wp-content\/uploads\/2021\/05\/MAGICAL-CC-CREAM-BIO-ORGANIC-ALOE-VERA-VANILLA-30ML-w.png\" \/>\n\t<meta property=\"og:image:width\" content=\"750\" \/>\n\t<meta property=\"og:image:height\" content=\"750\" \/>\n\t<meta property=\"og:image:type\" content=\"image\/png\" \/>\n<meta name=\"twitter:card\" content=\"summary_large_image\" \/>\n<meta name=\"twitter:label1\" content=\"Becs\u00fclt olvas\u00e1si id\u0151\" \/>\n\t<meta name=\"twitter:data1\" content=\"1 perc\" \/>\n<script type=\"application\/ld+json\" class=\"yoast-schema-graph\">{\"@context\":\"https:\/\/schema.org\",\"@graph\":[{\"@type\":\"WebPage\",\"@id\":\"https:\/\/www.eveline.hu\/2016\/eveline-kozmetikumok-szepsegapolas\/smink\/arc\/krempuderek\/magical-cc-krem-aloe-vera-30ml-vanilla\/\",\"url\":\"https:\/\/www.eveline.hu\/2016\/eveline-kozmetikumok-szepsegapolas\/smink\/arc\/krempuderek\/magical-cc-krem-aloe-vera-30ml-vanilla\/\",\"name\":\"Magical CC kr\u00e9m aloe vera 30ml Vanilla - Eveline Cosmetics Magyarorsz\u00e1g\",\"isPartOf\":{\"@id\":\"https:\/\/www.eveline.hu\/2016\/#website\"},\"primaryImageOfPage\":{\"@id\":\"https:\/\/www.eveline.hu\/2016\/eveline-kozmetikumok-szepsegapolas\/smink\/arc\/krempuderek\/magical-cc-krem-aloe-vera-30ml-vanilla\/#primaryimage\"},\"image\":{\"@id\":\"https:\/\/www.eveline.hu\/2016\/eveline-kozmetikumok-szepsegapolas\/smink\/arc\/krempuderek\/magical-cc-krem-aloe-vera-30ml-vanilla\/#primaryimage\"},\"thumbnailUrl\":\"https:\/\/www.eveline.hu\/2016\/wp-content\/uploads\/2021\/05\/MAGICAL-CC-CREAM-BIO-ORGANIC-ALOE-VERA-VANILLA-30ML-w.png\",\"datePublished\":\"2021-05-16T13:45:26+00:00\",\"dateModified\":\"2022-12-28T14:01:18+00:00\",\"breadcrumb\":{\"@id\":\"https:\/\/www.eveline.hu\/2016\/eveline-kozmetikumok-szepsegapolas\/smink\/arc\/krempuderek\/magical-cc-krem-aloe-vera-30ml-vanilla\/#breadcrumb\"},\"inLanguage\":\"hu\",\"potentialAction\":[{\"@type\":\"ReadAction\",\"target\":[\"https:\/\/www.eveline.hu\/2016\/eveline-kozmetikumok-szepsegapolas\/smink\/arc\/krempuderek\/magical-cc-krem-aloe-vera-30ml-vanilla\/\"]}]},{\"@type\":\"ImageObject\",\"inLanguage\":\"hu\",\"@id\":\"https:\/\/www.eveline.hu\/2016\/eveline-kozmetikumok-szepsegapolas\/smink\/arc\/krempuderek\/magical-cc-krem-aloe-vera-30ml-vanilla\/#primaryimage\",\"url\":\"https:\/\/www.eveline.hu\/2016\/wp-content\/uploads\/2021\/05\/MAGICAL-CC-CREAM-BIO-ORGANIC-ALOE-VERA-VANILLA-30ML-w.png\",\"contentUrl\":\"https:\/\/www.eveline.hu\/2016\/wp-content\/uploads\/2021\/05\/MAGICAL-CC-CREAM-BIO-ORGANIC-ALOE-VERA-VANILLA-30ML-w.png\",\"width\":750,\"height\":750},{\"@type\":\"BreadcrumbList\",\"@id\":\"https:\/\/www.eveline.hu\/2016\/eveline-kozmetikumok-szepsegapolas\/smink\/arc\/krempuderek\/magical-cc-krem-aloe-vera-30ml-vanilla\/#breadcrumb\",\"itemListElement\":[{\"@type\":\"ListItem\",\"position\":1,\"name\":\"Home\",\"item\":\"https:\/\/www.eveline.hu\/2016\/\"},{\"@type\":\"ListItem\",\"position\":2,\"name\":\"Term\u00e9kek\",\"item\":\"https:\/\/www.eveline.hu\/2016\/shop\/\"},{\"@type\":\"ListItem\",\"position\":3,\"name\":\"Magical CC kr\u00e9m aloe vera 30ml Vanilla\"}]},{\"@type\":\"WebSite\",\"@id\":\"https:\/\/www.eveline.hu\/2016\/#website\",\"url\":\"https:\/\/www.eveline.hu\/2016\/\",\"name\":\"Eveline Cosmetics Magyarorsz\u00e1g\",\"description\":\"Min\u0151s\u00e9gi kozmetikumok Lengyelorsz\u00e1gb\u00f3l\",\"potentialAction\":[{\"@type\":\"SearchAction\",\"target\":{\"@type\":\"EntryPoint\",\"urlTemplate\":\"https:\/\/www.eveline.hu\/2016\/?s={search_term_string}\"},\"query-input\":\"required name=search_term_string\"}],\"inLanguage\":\"hu\"}]}<\/script>\n<!-- \/ Yoast SEO plugin. -->","yoast_head_json":{"title":"Magical CC kr\u00e9m aloe vera 30ml Vanilla - Eveline Cosmetics Magyarorsz\u00e1g","robots":{"index":"index","follow":"follow","max-snippet":"max-snippet:-1","max-image-preview":"max-image-preview:large","max-video-preview":"max-video-preview:-1"},"canonical":"https:\/\/www.eveline.hu\/2016\/eveline-kozmetikumok-szepsegapolas\/smink\/arc\/krempuderek\/magical-cc-krem-aloe-vera-30ml-vanilla\/","og_locale":"hu_HU","og_type":"article","og_title":"Magical CC kr\u00e9m aloe vera 30ml Vanilla - Eveline Cosmetics Magyarorsz\u00e1g","og_description":"A CC Bio Organic kr\u00e9m finom, hat\u00e9kony formula, amely sim\u00e1v\u00e1, hidrat\u00e1ltabb\u00e1 \u00e9s ragyog\u00f3bb\u00e1 var\u00e1zsolja arc\u00e1t. Csod\u00e1latos \u00f6sszetev\u0151k, mint p\u00e9ld\u00e1ul: a hialuronsav, az A-, C-vitamin \u00e9s a szerves bio aloe vera t\u00e1pl\u00e1lja, regener\u00e1lja \u00e9s kiegyenl\u00edti a sz\u00ednt. Az UV-sz\u0171r\u0151 (SPF 15) [&hellip;]","og_url":"https:\/\/www.eveline.hu\/2016\/eveline-kozmetikumok-szepsegapolas\/smink\/arc\/krempuderek\/magical-cc-krem-aloe-vera-30ml-vanilla\/","og_site_name":"Eveline Cosmetics Magyarorsz\u00e1g","article_modified_time":"2022-12-28T14:01:18+00:00","og_image":[{"width":750,"height":750,"url":"https:\/\/www.eveline.hu\/2016\/wp-content\/uploads\/2021\/05\/MAGICAL-CC-CREAM-BIO-ORGANIC-ALOE-VERA-VANILLA-30ML-w.png","type":"image\/png"}],"twitter_card":"summary_large_image","twitter_misc":{"Becs\u00fclt olvas\u00e1si id\u0151":"1 perc"},"schema":{"@context":"https:\/\/schema.org","@graph":[{"@type":"WebPage","@id":"https:\/\/www.eveline.hu\/2016\/eveline-kozmetikumok-szepsegapolas\/smink\/arc\/krempuderek\/magical-cc-krem-aloe-vera-30ml-vanilla\/","url":"https:\/\/www.eveline.hu\/2016\/eveline-kozmetikumok-szepsegapolas\/smink\/arc\/krempuderek\/magical-cc-krem-aloe-vera-30ml-vanilla\/","name":"Magical CC kr\u00e9m aloe vera 30ml Vanilla - Eveline Cosmetics Magyarorsz\u00e1g","isPartOf":{"@id":"https:\/\/www.eveline.hu\/2016\/#website"},"primaryImageOfPage":{"@id":"https:\/\/www.eveline.hu\/2016\/eveline-kozmetikumok-szepsegapolas\/smink\/arc\/krempuderek\/magical-cc-krem-aloe-vera-30ml-vanilla\/#primaryimage"},"image":{"@id":"https:\/\/www.eveline.hu\/2016\/eveline-kozmetikumok-szepsegapolas\/smink\/arc\/krempuderek\/magical-cc-krem-aloe-vera-30ml-vanilla\/#primaryimage"},"thumbnailUrl":"https:\/\/www.eveline.hu\/2016\/wp-content\/uploads\/2021\/05\/MAGICAL-CC-CREAM-BIO-ORGANIC-ALOE-VERA-VANILLA-30ML-w.png","datePublished":"2021-05-16T13:45:26+00:00","dateModified":"2022-12-28T14:01:18+00:00","breadcrumb":{"@id":"https:\/\/www.eveline.hu\/2016\/eveline-kozmetikumok-szepsegapolas\/smink\/arc\/krempuderek\/magical-cc-krem-aloe-vera-30ml-vanilla\/#breadcrumb"},"inLanguage":"hu","potentialAction":[{"@type":"ReadAction","target":["https:\/\/www.eveline.hu\/2016\/eveline-kozmetikumok-szepsegapolas\/smink\/arc\/krempuderek\/magical-cc-krem-aloe-vera-30ml-vanilla\/"]}]},{"@type":"ImageObject","inLanguage":"hu","@id":"https:\/\/www.eveline.hu\/2016\/eveline-kozmetikumok-szepsegapolas\/smink\/arc\/krempuderek\/magical-cc-krem-aloe-vera-30ml-vanilla\/#primaryimage","url":"https:\/\/www.eveline.hu\/2016\/wp-content\/uploads\/2021\/05\/MAGICAL-CC-CREAM-BIO-ORGANIC-ALOE-VERA-VANILLA-30ML-w.png","contentUrl":"https:\/\/www.eveline.hu\/2016\/wp-content\/uploads\/2021\/05\/MAGICAL-CC-CREAM-BIO-ORGANIC-ALOE-VERA-VANILLA-30ML-w.png","width":750,"height":750},{"@type":"BreadcrumbList","@id":"https:\/\/www.eveline.hu\/2016\/eveline-kozmetikumok-szepsegapolas\/smink\/arc\/krempuderek\/magical-cc-krem-aloe-vera-30ml-vanilla\/#breadcrumb","itemListElement":[{"@type":"ListItem","position":1,"name":"Home","item":"https:\/\/www.eveline.hu\/2016\/"},{"@type":"ListItem","position":2,"name":"Term\u00e9kek","item":"https:\/\/www.eveline.hu\/2016\/shop\/"},{"@type":"ListItem","position":3,"name":"Magical CC kr\u00e9m aloe vera 30ml Vanilla"}]},{"@type":"WebSite","@id":"https:\/\/www.eveline.hu\/2016\/#website","url":"https:\/\/www.eveline.hu\/2016\/","name":"Eveline Cosmetics Magyarorsz\u00e1g","description":"Min\u0151s\u00e9gi kozmetikumok Lengyelorsz\u00e1gb\u00f3l","potentialAction":[{"@type":"SearchAction","target":{"@type":"EntryPoint","urlTemplate":"https:\/\/www.eveline.hu\/2016\/?s={search_term_string}"},"query-input":"required name=search_term_string"}],"inLanguage":"hu"}]}},"_links":{"self":[{"href":"https:\/\/www.eveline.hu\/2016\/wp-json\/wp\/v2\/product\/27156"}],"collection":[{"href":"https:\/\/www.eveline.hu\/2016\/wp-json\/wp\/v2\/product"}],"about":[{"href":"https:\/\/www.eveline.hu\/2016\/wp-json\/wp\/v2\/types\/product"}],"replies":[{"embeddable":true,"href":"https:\/\/www.eveline.hu\/2016\/wp-json\/wp\/v2\/comments?post=27156"}],"wp:featuredmedia":[{"embeddable":true,"href":"https:\/\/www.eveline.hu\/2016\/wp-json\/wp\/v2\/media\/27157"}],"wp:attachment":[{"href":"https:\/\/www.eveline.hu\/2016\/wp-json\/wp\/v2\/media?parent=27156"}],"wp:term":[{"taxonomy":"product_cat","embeddable":true,"href":"https:\/\/www.eveline.hu\/2016\/wp-json\/wp\/v2\/product_cat?post=27156"},{"taxonomy":"product_tag","embeddable":true,"href":"https:\/\/www.eveline.hu\/2016\/wp-json\/wp\/v2\/product_tag?post=27156"}],"curies":[{"name":"wp","href":"https:\/\/api.w.org\/{rel}","templated":true}]}}