{"id":26601,"date":"2021-01-31T13:40:59","date_gmt":"2021-01-31T12:40:59","guid":{"rendered":"https:\/\/www.eveline.hu\/2016\/?post_type=product&#038;p=26601"},"modified":"2023-04-04T09:01:05","modified_gmt":"2023-04-04T07:01:05","slug":"rich-coconut-multi-hidratalo-kokuszos-arckrem-50ml","status":"publish","type":"product","link":"https:\/\/www.eveline.hu\/2016\/eveline-kozmetikumok-szepsegapolas\/termekcsaladok\/rich-coconut\/rich-coconut-multi-hidratalo-kokuszos-arckrem-50ml\/","title":{"rendered":"rich coconut &#8211; Multi hidrat\u00e1l\u00f3 k\u00f3kuszos arckr\u00e9m 50ml"},"content":{"rendered":"<p>Minden b\u0151rt\u00edpusra, \u00e9rz\u00e9kenyre is.<\/p>\n<p>A gazdag, veg\u00e1n formula, amely 97% -ban term\u00e9szetes eredet\u0171 \u00f6sszetev\u0151k\u00f6n \u00e9s organikus k\u00f3kuszolajon alapul, azonnal helyre\u00e1ll\u00edtja a b\u0151r megfelel\u0151 hidrat\u00e1lts\u00e1g\u00e1t, term\u00e9szetes f\u00e9nyt adva neki. A hidrat\u00e1l\u00f3 \u00e1sv\u00e1nyi kokt\u00e9l lez\u00e1rja az epidermisz hidrolipid r\u00e9teg\u00e9t, feler\u0151s\u00edti a b\u0151r t\u00f3nus\u00e1t \u00e9s cs\u00f6kkenti a f\u00e1radts\u00e1g t\u00fcneteit. Az antioxid\u00e1nsok gazdags\u00e1g\u00e1nak k\u00f6sz\u00f6nhet\u0151en a b\u0151r visszanyeri a megfelel\u0151 rugalmass\u00e1got \u00e9s selymes simas\u00e1got.<\/p>\n<p><strong>Term\u00e9szetes, hidrat\u00e1l\u00f3 \u00e1sv\u00e1nyi kokt\u00e9l<\/strong>:<\/p>\n<p><strong>Organikus \u00a0k\u00f3kuszolaj<\/strong> &#8211; er\u0151sen hidrat\u00e1lja \u00e9s m\u00e9lyen t\u00e1pl\u00e1lja, revitaliz\u00e1lja a b\u0151rt.<\/p>\n<p><strong>Tengeri s\u00f3 kivonat<\/strong> \u2013 \u00e1sv\u00e1nyok forr\u00e1sa, er\u0151s\u00edti a b\u0151rt, megnyugtatja az irrit\u00e1ci\u00f3 \u00e9s kipirosod\u00e1s t\u00fcneteit.<\/p>\n<p><strong>Upcycling m\u00e1lna kivonat<\/strong> \u2013 a sz\u00f6rp k\u00e9sz\u00edt\u00e9s mell\u00e9kterm\u00e9ke, t\u00e1pl\u00e1l\u00f3, regener\u00e1l\u00f3 t\u00e1panyagokban gazdag.<\/p>\n<p><strong>Camu camu<\/strong> &#8211; magas C-vitamin tartalm\u00e1nak k\u00f6sz\u00f6nhet\u0151en er\u0151s antioxid\u00e1ns hat\u00e1s\u00fa.<\/p>\n<p><strong>Hialuronsav<\/strong> \u2013 m\u00e9lyen hidrat\u00e1l, cs\u00f6kkenti az apr\u00f3 r\u00e1ncokat.<\/p>\n<p><strong>Probiotikumok<\/strong> &#8211; v\u00e9dik a term\u00e9szetes, egyedi mikrobi\u00f3mot.<\/p>\n<p><strong>Haszn\u00e1lat<\/strong>: Vigye fel a kr\u00e9met a megtiszt\u00edtott arcra \u00e9s nyakra, reggel \u00e9s este. Ide\u00e1lis smink al\u00e1.<\/p>\n<p>\u00d6sszetev\u0151k:Aqua (Water), Butyrospermum Parkii Butter, Caprylic\/Capric Triglyceride, Cetyl Alcohol, Glyceryl Stearates, Myristyl Myristate, Glycerin, Disodium Cetearyl Sulfosuccinate, Octyldodecanol, Cocos Nucifera Oil, Rubus Idaeus Seed Oil, Polymnia Sonchifolia Root Juice, Myrciaria Dubia Fruit Extract, Sodium Hyaluronate, Betaine, Maris Sal, Alpha-Glucan Oligosaccharide, Lactobacillus, Tocopheryl Acetate, Phenoxyethanol, Hydroxyacetophenone, Ethylhexylglycerin, Potassium Sorbate, Sodium Benzoate, Parfum (Fragrance), Acrylates\/C10-30 Alkyl Acrylate Crosspolymer, Triethanolamine, Tapioca Starch, Citric Acid, Maltodextrin, Coumarin.<\/p>\n","protected":false},"excerpt":{"rendered":"<p>50ml ( 44980 Ft\/L)<\/p>\n","protected":false},"featured_media":26585,"comment_status":"open","ping_status":"closed","template":"","meta":[],"product_cat":[291,80],"product_tag":[],"yoast_head":"<!-- This site is optimized with the Yoast SEO plugin v22.2 - https:\/\/yoast.com\/wordpress\/plugins\/seo\/ -->\n<title>rich coconut - Multi hidrat\u00e1l\u00f3 k\u00f3kuszos arckr\u00e9m 50ml - Eveline Cosmetics Magyarorsz\u00e1g<\/title>\n<meta name=\"robots\" content=\"index, follow, max-snippet:-1, max-image-preview:large, max-video-preview:-1\" \/>\n<link rel=\"canonical\" href=\"https:\/\/www.eveline.hu\/2016\/eveline-kozmetikumok-szepsegapolas\/termekcsaladok\/rich-coconut\/rich-coconut-multi-hidratalo-kokuszos-arckrem-50ml\/\" \/>\n<meta property=\"og:locale\" content=\"hu_HU\" \/>\n<meta property=\"og:type\" content=\"article\" \/>\n<meta property=\"og:title\" content=\"rich coconut - Multi hidrat\u00e1l\u00f3 k\u00f3kuszos arckr\u00e9m 50ml - Eveline Cosmetics Magyarorsz\u00e1g\" \/>\n<meta property=\"og:description\" content=\"50ml ( 44980 Ft\/L)\" \/>\n<meta property=\"og:url\" content=\"https:\/\/www.eveline.hu\/2016\/eveline-kozmetikumok-szepsegapolas\/termekcsaladok\/rich-coconut\/rich-coconut-multi-hidratalo-kokuszos-arckrem-50ml\/\" \/>\n<meta property=\"og:site_name\" content=\"Eveline Cosmetics Magyarorsz\u00e1g\" \/>\n<meta property=\"article:modified_time\" content=\"2023-04-04T07:01:05+00:00\" \/>\n<meta property=\"og:image\" content=\"https:\/\/www.eveline.hu\/2016\/wp-content\/uploads\/2021\/01\/rich-coco-hidrat\u00e1l\u00f3-w.png\" \/>\n\t<meta property=\"og:image:width\" content=\"750\" \/>\n\t<meta property=\"og:image:height\" content=\"750\" \/>\n\t<meta property=\"og:image:type\" content=\"image\/png\" \/>\n<meta name=\"twitter:card\" content=\"summary_large_image\" \/>\n<meta name=\"twitter:label1\" content=\"Becs\u00fclt olvas\u00e1si id\u0151\" \/>\n\t<meta name=\"twitter:data1\" content=\"1 perc\" \/>\n<script type=\"application\/ld+json\" class=\"yoast-schema-graph\">{\"@context\":\"https:\/\/schema.org\",\"@graph\":[{\"@type\":\"WebPage\",\"@id\":\"https:\/\/www.eveline.hu\/2016\/eveline-kozmetikumok-szepsegapolas\/termekcsaladok\/rich-coconut\/rich-coconut-multi-hidratalo-kokuszos-arckrem-50ml\/\",\"url\":\"https:\/\/www.eveline.hu\/2016\/eveline-kozmetikumok-szepsegapolas\/termekcsaladok\/rich-coconut\/rich-coconut-multi-hidratalo-kokuszos-arckrem-50ml\/\",\"name\":\"rich coconut - Multi hidrat\u00e1l\u00f3 k\u00f3kuszos arckr\u00e9m 50ml - Eveline Cosmetics Magyarorsz\u00e1g\",\"isPartOf\":{\"@id\":\"https:\/\/www.eveline.hu\/2016\/#website\"},\"primaryImageOfPage\":{\"@id\":\"https:\/\/www.eveline.hu\/2016\/eveline-kozmetikumok-szepsegapolas\/termekcsaladok\/rich-coconut\/rich-coconut-multi-hidratalo-kokuszos-arckrem-50ml\/#primaryimage\"},\"image\":{\"@id\":\"https:\/\/www.eveline.hu\/2016\/eveline-kozmetikumok-szepsegapolas\/termekcsaladok\/rich-coconut\/rich-coconut-multi-hidratalo-kokuszos-arckrem-50ml\/#primaryimage\"},\"thumbnailUrl\":\"https:\/\/www.eveline.hu\/2016\/wp-content\/uploads\/2021\/01\/rich-coco-hidrat\u00e1l\u00f3-w.png\",\"datePublished\":\"2021-01-31T12:40:59+00:00\",\"dateModified\":\"2023-04-04T07:01:05+00:00\",\"breadcrumb\":{\"@id\":\"https:\/\/www.eveline.hu\/2016\/eveline-kozmetikumok-szepsegapolas\/termekcsaladok\/rich-coconut\/rich-coconut-multi-hidratalo-kokuszos-arckrem-50ml\/#breadcrumb\"},\"inLanguage\":\"hu\",\"potentialAction\":[{\"@type\":\"ReadAction\",\"target\":[\"https:\/\/www.eveline.hu\/2016\/eveline-kozmetikumok-szepsegapolas\/termekcsaladok\/rich-coconut\/rich-coconut-multi-hidratalo-kokuszos-arckrem-50ml\/\"]}]},{\"@type\":\"ImageObject\",\"inLanguage\":\"hu\",\"@id\":\"https:\/\/www.eveline.hu\/2016\/eveline-kozmetikumok-szepsegapolas\/termekcsaladok\/rich-coconut\/rich-coconut-multi-hidratalo-kokuszos-arckrem-50ml\/#primaryimage\",\"url\":\"https:\/\/www.eveline.hu\/2016\/wp-content\/uploads\/2021\/01\/rich-coco-hidrat\u00e1l\u00f3-w.png\",\"contentUrl\":\"https:\/\/www.eveline.hu\/2016\/wp-content\/uploads\/2021\/01\/rich-coco-hidrat\u00e1l\u00f3-w.png\",\"width\":750,\"height\":750},{\"@type\":\"BreadcrumbList\",\"@id\":\"https:\/\/www.eveline.hu\/2016\/eveline-kozmetikumok-szepsegapolas\/termekcsaladok\/rich-coconut\/rich-coconut-multi-hidratalo-kokuszos-arckrem-50ml\/#breadcrumb\",\"itemListElement\":[{\"@type\":\"ListItem\",\"position\":1,\"name\":\"Home\",\"item\":\"https:\/\/www.eveline.hu\/2016\/\"},{\"@type\":\"ListItem\",\"position\":2,\"name\":\"Term\u00e9kek\",\"item\":\"https:\/\/www.eveline.hu\/2016\/shop\/\"},{\"@type\":\"ListItem\",\"position\":3,\"name\":\"rich coconut &#8211; Multi hidrat\u00e1l\u00f3 k\u00f3kuszos arckr\u00e9m 50ml\"}]},{\"@type\":\"WebSite\",\"@id\":\"https:\/\/www.eveline.hu\/2016\/#website\",\"url\":\"https:\/\/www.eveline.hu\/2016\/\",\"name\":\"Eveline Cosmetics Magyarorsz\u00e1g\",\"description\":\"Min\u0151s\u00e9gi kozmetikumok Lengyelorsz\u00e1gb\u00f3l\",\"potentialAction\":[{\"@type\":\"SearchAction\",\"target\":{\"@type\":\"EntryPoint\",\"urlTemplate\":\"https:\/\/www.eveline.hu\/2016\/?s={search_term_string}\"},\"query-input\":\"required name=search_term_string\"}],\"inLanguage\":\"hu\"}]}<\/script>\n<!-- \/ Yoast SEO plugin. -->","yoast_head_json":{"title":"rich coconut - Multi hidrat\u00e1l\u00f3 k\u00f3kuszos arckr\u00e9m 50ml - Eveline Cosmetics Magyarorsz\u00e1g","robots":{"index":"index","follow":"follow","max-snippet":"max-snippet:-1","max-image-preview":"max-image-preview:large","max-video-preview":"max-video-preview:-1"},"canonical":"https:\/\/www.eveline.hu\/2016\/eveline-kozmetikumok-szepsegapolas\/termekcsaladok\/rich-coconut\/rich-coconut-multi-hidratalo-kokuszos-arckrem-50ml\/","og_locale":"hu_HU","og_type":"article","og_title":"rich coconut - Multi hidrat\u00e1l\u00f3 k\u00f3kuszos arckr\u00e9m 50ml - Eveline Cosmetics Magyarorsz\u00e1g","og_description":"50ml ( 44980 Ft\/L)","og_url":"https:\/\/www.eveline.hu\/2016\/eveline-kozmetikumok-szepsegapolas\/termekcsaladok\/rich-coconut\/rich-coconut-multi-hidratalo-kokuszos-arckrem-50ml\/","og_site_name":"Eveline Cosmetics Magyarorsz\u00e1g","article_modified_time":"2023-04-04T07:01:05+00:00","og_image":[{"width":750,"height":750,"url":"https:\/\/www.eveline.hu\/2016\/wp-content\/uploads\/2021\/01\/rich-coco-hidrat\u00e1l\u00f3-w.png","type":"image\/png"}],"twitter_card":"summary_large_image","twitter_misc":{"Becs\u00fclt olvas\u00e1si id\u0151":"1 perc"},"schema":{"@context":"https:\/\/schema.org","@graph":[{"@type":"WebPage","@id":"https:\/\/www.eveline.hu\/2016\/eveline-kozmetikumok-szepsegapolas\/termekcsaladok\/rich-coconut\/rich-coconut-multi-hidratalo-kokuszos-arckrem-50ml\/","url":"https:\/\/www.eveline.hu\/2016\/eveline-kozmetikumok-szepsegapolas\/termekcsaladok\/rich-coconut\/rich-coconut-multi-hidratalo-kokuszos-arckrem-50ml\/","name":"rich coconut - Multi hidrat\u00e1l\u00f3 k\u00f3kuszos arckr\u00e9m 50ml - Eveline Cosmetics Magyarorsz\u00e1g","isPartOf":{"@id":"https:\/\/www.eveline.hu\/2016\/#website"},"primaryImageOfPage":{"@id":"https:\/\/www.eveline.hu\/2016\/eveline-kozmetikumok-szepsegapolas\/termekcsaladok\/rich-coconut\/rich-coconut-multi-hidratalo-kokuszos-arckrem-50ml\/#primaryimage"},"image":{"@id":"https:\/\/www.eveline.hu\/2016\/eveline-kozmetikumok-szepsegapolas\/termekcsaladok\/rich-coconut\/rich-coconut-multi-hidratalo-kokuszos-arckrem-50ml\/#primaryimage"},"thumbnailUrl":"https:\/\/www.eveline.hu\/2016\/wp-content\/uploads\/2021\/01\/rich-coco-hidrat\u00e1l\u00f3-w.png","datePublished":"2021-01-31T12:40:59+00:00","dateModified":"2023-04-04T07:01:05+00:00","breadcrumb":{"@id":"https:\/\/www.eveline.hu\/2016\/eveline-kozmetikumok-szepsegapolas\/termekcsaladok\/rich-coconut\/rich-coconut-multi-hidratalo-kokuszos-arckrem-50ml\/#breadcrumb"},"inLanguage":"hu","potentialAction":[{"@type":"ReadAction","target":["https:\/\/www.eveline.hu\/2016\/eveline-kozmetikumok-szepsegapolas\/termekcsaladok\/rich-coconut\/rich-coconut-multi-hidratalo-kokuszos-arckrem-50ml\/"]}]},{"@type":"ImageObject","inLanguage":"hu","@id":"https:\/\/www.eveline.hu\/2016\/eveline-kozmetikumok-szepsegapolas\/termekcsaladok\/rich-coconut\/rich-coconut-multi-hidratalo-kokuszos-arckrem-50ml\/#primaryimage","url":"https:\/\/www.eveline.hu\/2016\/wp-content\/uploads\/2021\/01\/rich-coco-hidrat\u00e1l\u00f3-w.png","contentUrl":"https:\/\/www.eveline.hu\/2016\/wp-content\/uploads\/2021\/01\/rich-coco-hidrat\u00e1l\u00f3-w.png","width":750,"height":750},{"@type":"BreadcrumbList","@id":"https:\/\/www.eveline.hu\/2016\/eveline-kozmetikumok-szepsegapolas\/termekcsaladok\/rich-coconut\/rich-coconut-multi-hidratalo-kokuszos-arckrem-50ml\/#breadcrumb","itemListElement":[{"@type":"ListItem","position":1,"name":"Home","item":"https:\/\/www.eveline.hu\/2016\/"},{"@type":"ListItem","position":2,"name":"Term\u00e9kek","item":"https:\/\/www.eveline.hu\/2016\/shop\/"},{"@type":"ListItem","position":3,"name":"rich coconut &#8211; Multi hidrat\u00e1l\u00f3 k\u00f3kuszos arckr\u00e9m 50ml"}]},{"@type":"WebSite","@id":"https:\/\/www.eveline.hu\/2016\/#website","url":"https:\/\/www.eveline.hu\/2016\/","name":"Eveline Cosmetics Magyarorsz\u00e1g","description":"Min\u0151s\u00e9gi kozmetikumok Lengyelorsz\u00e1gb\u00f3l","potentialAction":[{"@type":"SearchAction","target":{"@type":"EntryPoint","urlTemplate":"https:\/\/www.eveline.hu\/2016\/?s={search_term_string}"},"query-input":"required name=search_term_string"}],"inLanguage":"hu"}]}},"_links":{"self":[{"href":"https:\/\/www.eveline.hu\/2016\/wp-json\/wp\/v2\/product\/26601"}],"collection":[{"href":"https:\/\/www.eveline.hu\/2016\/wp-json\/wp\/v2\/product"}],"about":[{"href":"https:\/\/www.eveline.hu\/2016\/wp-json\/wp\/v2\/types\/product"}],"replies":[{"embeddable":true,"href":"https:\/\/www.eveline.hu\/2016\/wp-json\/wp\/v2\/comments?post=26601"}],"wp:featuredmedia":[{"embeddable":true,"href":"https:\/\/www.eveline.hu\/2016\/wp-json\/wp\/v2\/media\/26585"}],"wp:attachment":[{"href":"https:\/\/www.eveline.hu\/2016\/wp-json\/wp\/v2\/media?parent=26601"}],"wp:term":[{"taxonomy":"product_cat","embeddable":true,"href":"https:\/\/www.eveline.hu\/2016\/wp-json\/wp\/v2\/product_cat?post=26601"},{"taxonomy":"product_tag","embeddable":true,"href":"https:\/\/www.eveline.hu\/2016\/wp-json\/wp\/v2\/product_tag?post=26601"}],"curies":[{"name":"wp","href":"https:\/\/api.w.org\/{rel}","templated":true}]}}