{"id":26143,"date":"2020-10-29T17:33:17","date_gmt":"2020-10-29T16:33:17","guid":{"rendered":"https:\/\/www.eveline.hu\/2016\/?post_type=product&#038;p=26143"},"modified":"2023-03-14T13:16:18","modified_gmt":"2023-03-14T12:16:18","slug":"christian-laurent-bakuchiol-fiatalito-a-bor-suruseget-javito-krem-60-50ml","status":"publish","type":"product","link":"https:\/\/www.eveline.hu\/2016\/eveline-kozmetikumok-szepsegapolas\/szepsegapolas\/arcapolas\/christian-laurent-bakuchiol-fiatalito-a-bor-suruseget-javito-krem-60-50ml\/","title":{"rendered":"CHRISTIAN LAURENT\u00ae BAKUCHIOL fiatal\u00edt\u00f3, a b\u0151r s\u0171r\u0171s\u00e9g\u00e9t jav\u00edt\u00f3 kr\u00e9m 60+  50ml"},"content":{"rendered":"<p>A kr\u00e9m forradalmi formul\u00e1ja a bakuchiol, n\u00f6v\u00e9nyi retinolon alapul, amely az \u00e9rett b\u0151r\u00e1pol\u00e1s leg\u00fajabb eredm\u00e9nye, ugyanolyan hat\u00e9kony fiatal\u00edt\u00f3 hat\u00e1s\u00fa, mint a retinol, ugyanakkor nem v\u00e1ltja ki az irrit\u00e1ci\u00f3 t\u00fcneteit. A kr\u00e9m akt\u00edvan legy\u0151zi az \u00f6reged\u00e9s jeleit, amelyek 60 \u00e9ves kor ut\u00e1n jelentkeznek a b\u0151r\u00f6n.<\/p>\n<p>Y-RESHAPE VEKTOR TECHNOL\u00d3GIA<br \/>\n<strong>3 INTENZ\u00cdV B\u0150REMEL\u00c9SI SZINT<\/strong>:<\/p>\n<p><strong>Intenz\u00edv r\u00e1nctalan\u00edt\u00e1s<\/strong>: 2,5% bioRETINOL KOMPLEX alapja a bakuchiol, amely a retinolhoz hasonl\u00f3an a b\u0151r m\u00e9lyebb r\u00e9tegeit \u00e9rinti, serkenti a kollag\u00e9n \u00e9s az elasztin termel\u00e9s\u00e9t. Ennek eredm\u00e9nyek\u00e9nt az arcb\u0151r feszesebb\u00e9 \u00e9s rugalmasabb\u00e1 v\u00e1lik, mik\u00f6zben a r\u00e1ncok m\u00e9lys\u00e9ge cs\u00f6kken. A Ceramidok \u00e9s a fekete tulip\u00e1n kivonat t\u00f6k\u00e9letesen hidrat\u00e1lja \u00e9s \u00fajj\u00e1\u00e9p\u00edti a b\u0151r hidrolipid g\u00e1tj\u00e1t.<\/p>\n<p><strong>A B\u0151r s\u0171r\u0171s\u00e9g\u00e9nek jav\u00edt\u00e1sa<\/strong>: bazsar\u00f3zsa kivonat \u00e9s \u00e9rt\u00e9kes arany &#8211; serkenti a meg\u00fajul\u00e1s folyamat\u00e1t \u00e9s feszesit\u0151 hat\u00e1s\u00fa. A hialuron mikrosz\u00e1lak prec\u00edzen kit\u00f6ltik a r\u00e1ncokat, jav\u00edtj\u00e1k a b\u0151r s\u0171r\u0171s\u00e9g\u00e9t, l\u00e1that\u00f3an \u00e9l\u00e9nk\u00edtik azt.<\/p>\n<p><strong>Y Z\u00d3NA modellez\u00e9s<\/strong>: GRAVITY UP\u00ae \u00e9s ESSENSKIN \u2013 \u00f6sszetev\u0151k amelyek a vektoros cselekv\u00e9sre \u00f6sszpontos\u00edtanak, jav\u00edtva az arc, nyak \u00e9s dekolt\u00e1zs kont\u00farj\u00e1t &#8211; biztos\u00edtj\u00e1k a b\u0151r kisim\u00edt\u00e1s\u00e1nak \u00e9s emel\u00e9s\u00e9nek l\u00e1tv\u00e1nyos hat\u00e1s\u00e1t.<\/p>\n<p><strong>ALKALMAZ\u00c1S<\/strong>: Vektoros alkalmaz\u00e1si technika. Reggel \u00e9s este vigye fel a kr\u00e9met a megtiszt\u00edtott b\u0151rre, massz\u00edrozza a kr\u00e9met alulr\u00f3l felfel\u00e9, a nyakkiv\u00e1g\u00e1st\u00f3l kezdve, a nyakon \u00e1t, az arcig. Ezut\u00e1n k\u00f6rk\u00f6r\u00f6s mozdulatokkal d\u00f6rzs\u00f6lje be a kr\u00e9met az arc k\u00f6zep\u00e9t\u0151l kifel\u00e9.<\/p>\n","protected":false},"excerpt":{"rendered":"<p>50ml ( 71980 Ft\/L )<\/p>\n","protected":false},"featured_media":26144,"comment_status":"open","ping_status":"closed","template":"","meta":[],"product_cat":[288,125,126,80],"product_tag":[],"yoast_head":"<!-- This site is optimized with the Yoast SEO plugin v22.2 - https:\/\/yoast.com\/wordpress\/plugins\/seo\/ -->\n<title>CHRISTIAN LAURENT\u00ae BAKUCHIOL fiatal\u00edt\u00f3, a b\u0151r s\u0171r\u0171s\u00e9g\u00e9t jav\u00edt\u00f3 kr\u00e9m 60+ 50ml - Eveline Cosmetics Magyarorsz\u00e1g<\/title>\n<meta name=\"robots\" content=\"index, follow, max-snippet:-1, max-image-preview:large, max-video-preview:-1\" \/>\n<link rel=\"canonical\" href=\"https:\/\/www.eveline.hu\/2016\/eveline-kozmetikumok-szepsegapolas\/szepsegapolas\/arcapolas\/christian-laurent-bakuchiol-fiatalito-a-bor-suruseget-javito-krem-60-50ml\/\" \/>\n<meta property=\"og:locale\" content=\"hu_HU\" \/>\n<meta property=\"og:type\" content=\"article\" \/>\n<meta property=\"og:title\" content=\"CHRISTIAN LAURENT\u00ae BAKUCHIOL fiatal\u00edt\u00f3, a b\u0151r s\u0171r\u0171s\u00e9g\u00e9t jav\u00edt\u00f3 kr\u00e9m 60+ 50ml - Eveline Cosmetics Magyarorsz\u00e1g\" \/>\n<meta property=\"og:description\" content=\"50ml ( 71980 Ft\/L )\" \/>\n<meta property=\"og:url\" content=\"https:\/\/www.eveline.hu\/2016\/eveline-kozmetikumok-szepsegapolas\/szepsegapolas\/arcapolas\/christian-laurent-bakuchiol-fiatalito-a-bor-suruseget-javito-krem-60-50ml\/\" \/>\n<meta property=\"og:site_name\" content=\"Eveline Cosmetics Magyarorsz\u00e1g\" \/>\n<meta property=\"article:modified_time\" content=\"2023-03-14T12:16:18+00:00\" \/>\n<meta property=\"og:image\" content=\"https:\/\/www.eveline.hu\/2016\/wp-content\/uploads\/2020\/10\/Cl-Bakuchiol-60-w.png\" \/>\n\t<meta property=\"og:image:width\" content=\"750\" \/>\n\t<meta property=\"og:image:height\" content=\"750\" \/>\n\t<meta property=\"og:image:type\" content=\"image\/png\" \/>\n<meta name=\"twitter:card\" content=\"summary_large_image\" \/>\n<meta name=\"twitter:label1\" content=\"Becs\u00fclt olvas\u00e1si id\u0151\" \/>\n\t<meta name=\"twitter:data1\" content=\"2 perc\" \/>\n<script type=\"application\/ld+json\" class=\"yoast-schema-graph\">{\"@context\":\"https:\/\/schema.org\",\"@graph\":[{\"@type\":\"WebPage\",\"@id\":\"https:\/\/www.eveline.hu\/2016\/eveline-kozmetikumok-szepsegapolas\/szepsegapolas\/arcapolas\/christian-laurent-bakuchiol-fiatalito-a-bor-suruseget-javito-krem-60-50ml\/\",\"url\":\"https:\/\/www.eveline.hu\/2016\/eveline-kozmetikumok-szepsegapolas\/szepsegapolas\/arcapolas\/christian-laurent-bakuchiol-fiatalito-a-bor-suruseget-javito-krem-60-50ml\/\",\"name\":\"CHRISTIAN LAURENT\u00ae BAKUCHIOL fiatal\u00edt\u00f3, a b\u0151r s\u0171r\u0171s\u00e9g\u00e9t jav\u00edt\u00f3 kr\u00e9m 60+ 50ml - Eveline Cosmetics Magyarorsz\u00e1g\",\"isPartOf\":{\"@id\":\"https:\/\/www.eveline.hu\/2016\/#website\"},\"primaryImageOfPage\":{\"@id\":\"https:\/\/www.eveline.hu\/2016\/eveline-kozmetikumok-szepsegapolas\/szepsegapolas\/arcapolas\/christian-laurent-bakuchiol-fiatalito-a-bor-suruseget-javito-krem-60-50ml\/#primaryimage\"},\"image\":{\"@id\":\"https:\/\/www.eveline.hu\/2016\/eveline-kozmetikumok-szepsegapolas\/szepsegapolas\/arcapolas\/christian-laurent-bakuchiol-fiatalito-a-bor-suruseget-javito-krem-60-50ml\/#primaryimage\"},\"thumbnailUrl\":\"https:\/\/www.eveline.hu\/2016\/wp-content\/uploads\/2020\/10\/Cl-Bakuchiol-60-w.png\",\"datePublished\":\"2020-10-29T16:33:17+00:00\",\"dateModified\":\"2023-03-14T12:16:18+00:00\",\"breadcrumb\":{\"@id\":\"https:\/\/www.eveline.hu\/2016\/eveline-kozmetikumok-szepsegapolas\/szepsegapolas\/arcapolas\/christian-laurent-bakuchiol-fiatalito-a-bor-suruseget-javito-krem-60-50ml\/#breadcrumb\"},\"inLanguage\":\"hu\",\"potentialAction\":[{\"@type\":\"ReadAction\",\"target\":[\"https:\/\/www.eveline.hu\/2016\/eveline-kozmetikumok-szepsegapolas\/szepsegapolas\/arcapolas\/christian-laurent-bakuchiol-fiatalito-a-bor-suruseget-javito-krem-60-50ml\/\"]}]},{\"@type\":\"ImageObject\",\"inLanguage\":\"hu\",\"@id\":\"https:\/\/www.eveline.hu\/2016\/eveline-kozmetikumok-szepsegapolas\/szepsegapolas\/arcapolas\/christian-laurent-bakuchiol-fiatalito-a-bor-suruseget-javito-krem-60-50ml\/#primaryimage\",\"url\":\"https:\/\/www.eveline.hu\/2016\/wp-content\/uploads\/2020\/10\/Cl-Bakuchiol-60-w.png\",\"contentUrl\":\"https:\/\/www.eveline.hu\/2016\/wp-content\/uploads\/2020\/10\/Cl-Bakuchiol-60-w.png\",\"width\":750,\"height\":750},{\"@type\":\"BreadcrumbList\",\"@id\":\"https:\/\/www.eveline.hu\/2016\/eveline-kozmetikumok-szepsegapolas\/szepsegapolas\/arcapolas\/christian-laurent-bakuchiol-fiatalito-a-bor-suruseget-javito-krem-60-50ml\/#breadcrumb\",\"itemListElement\":[{\"@type\":\"ListItem\",\"position\":1,\"name\":\"Home\",\"item\":\"https:\/\/www.eveline.hu\/2016\/\"},{\"@type\":\"ListItem\",\"position\":2,\"name\":\"Term\u00e9kek\",\"item\":\"https:\/\/www.eveline.hu\/2016\/shop\/\"},{\"@type\":\"ListItem\",\"position\":3,\"name\":\"CHRISTIAN LAURENT\u00ae BAKUCHIOL fiatal\u00edt\u00f3, a b\u0151r s\u0171r\u0171s\u00e9g\u00e9t jav\u00edt\u00f3 kr\u00e9m 60+ 50ml\"}]},{\"@type\":\"WebSite\",\"@id\":\"https:\/\/www.eveline.hu\/2016\/#website\",\"url\":\"https:\/\/www.eveline.hu\/2016\/\",\"name\":\"Eveline Cosmetics Magyarorsz\u00e1g\",\"description\":\"Min\u0151s\u00e9gi kozmetikumok Lengyelorsz\u00e1gb\u00f3l\",\"potentialAction\":[{\"@type\":\"SearchAction\",\"target\":{\"@type\":\"EntryPoint\",\"urlTemplate\":\"https:\/\/www.eveline.hu\/2016\/?s={search_term_string}\"},\"query-input\":\"required name=search_term_string\"}],\"inLanguage\":\"hu\"}]}<\/script>\n<!-- \/ Yoast SEO plugin. -->","yoast_head_json":{"title":"CHRISTIAN LAURENT\u00ae BAKUCHIOL fiatal\u00edt\u00f3, a b\u0151r s\u0171r\u0171s\u00e9g\u00e9t jav\u00edt\u00f3 kr\u00e9m 60+ 50ml - Eveline Cosmetics Magyarorsz\u00e1g","robots":{"index":"index","follow":"follow","max-snippet":"max-snippet:-1","max-image-preview":"max-image-preview:large","max-video-preview":"max-video-preview:-1"},"canonical":"https:\/\/www.eveline.hu\/2016\/eveline-kozmetikumok-szepsegapolas\/szepsegapolas\/arcapolas\/christian-laurent-bakuchiol-fiatalito-a-bor-suruseget-javito-krem-60-50ml\/","og_locale":"hu_HU","og_type":"article","og_title":"CHRISTIAN LAURENT\u00ae BAKUCHIOL fiatal\u00edt\u00f3, a b\u0151r s\u0171r\u0171s\u00e9g\u00e9t jav\u00edt\u00f3 kr\u00e9m 60+ 50ml - Eveline Cosmetics Magyarorsz\u00e1g","og_description":"50ml ( 71980 Ft\/L )","og_url":"https:\/\/www.eveline.hu\/2016\/eveline-kozmetikumok-szepsegapolas\/szepsegapolas\/arcapolas\/christian-laurent-bakuchiol-fiatalito-a-bor-suruseget-javito-krem-60-50ml\/","og_site_name":"Eveline Cosmetics Magyarorsz\u00e1g","article_modified_time":"2023-03-14T12:16:18+00:00","og_image":[{"width":750,"height":750,"url":"https:\/\/www.eveline.hu\/2016\/wp-content\/uploads\/2020\/10\/Cl-Bakuchiol-60-w.png","type":"image\/png"}],"twitter_card":"summary_large_image","twitter_misc":{"Becs\u00fclt olvas\u00e1si id\u0151":"2 perc"},"schema":{"@context":"https:\/\/schema.org","@graph":[{"@type":"WebPage","@id":"https:\/\/www.eveline.hu\/2016\/eveline-kozmetikumok-szepsegapolas\/szepsegapolas\/arcapolas\/christian-laurent-bakuchiol-fiatalito-a-bor-suruseget-javito-krem-60-50ml\/","url":"https:\/\/www.eveline.hu\/2016\/eveline-kozmetikumok-szepsegapolas\/szepsegapolas\/arcapolas\/christian-laurent-bakuchiol-fiatalito-a-bor-suruseget-javito-krem-60-50ml\/","name":"CHRISTIAN LAURENT\u00ae BAKUCHIOL fiatal\u00edt\u00f3, a b\u0151r s\u0171r\u0171s\u00e9g\u00e9t jav\u00edt\u00f3 kr\u00e9m 60+ 50ml - Eveline Cosmetics Magyarorsz\u00e1g","isPartOf":{"@id":"https:\/\/www.eveline.hu\/2016\/#website"},"primaryImageOfPage":{"@id":"https:\/\/www.eveline.hu\/2016\/eveline-kozmetikumok-szepsegapolas\/szepsegapolas\/arcapolas\/christian-laurent-bakuchiol-fiatalito-a-bor-suruseget-javito-krem-60-50ml\/#primaryimage"},"image":{"@id":"https:\/\/www.eveline.hu\/2016\/eveline-kozmetikumok-szepsegapolas\/szepsegapolas\/arcapolas\/christian-laurent-bakuchiol-fiatalito-a-bor-suruseget-javito-krem-60-50ml\/#primaryimage"},"thumbnailUrl":"https:\/\/www.eveline.hu\/2016\/wp-content\/uploads\/2020\/10\/Cl-Bakuchiol-60-w.png","datePublished":"2020-10-29T16:33:17+00:00","dateModified":"2023-03-14T12:16:18+00:00","breadcrumb":{"@id":"https:\/\/www.eveline.hu\/2016\/eveline-kozmetikumok-szepsegapolas\/szepsegapolas\/arcapolas\/christian-laurent-bakuchiol-fiatalito-a-bor-suruseget-javito-krem-60-50ml\/#breadcrumb"},"inLanguage":"hu","potentialAction":[{"@type":"ReadAction","target":["https:\/\/www.eveline.hu\/2016\/eveline-kozmetikumok-szepsegapolas\/szepsegapolas\/arcapolas\/christian-laurent-bakuchiol-fiatalito-a-bor-suruseget-javito-krem-60-50ml\/"]}]},{"@type":"ImageObject","inLanguage":"hu","@id":"https:\/\/www.eveline.hu\/2016\/eveline-kozmetikumok-szepsegapolas\/szepsegapolas\/arcapolas\/christian-laurent-bakuchiol-fiatalito-a-bor-suruseget-javito-krem-60-50ml\/#primaryimage","url":"https:\/\/www.eveline.hu\/2016\/wp-content\/uploads\/2020\/10\/Cl-Bakuchiol-60-w.png","contentUrl":"https:\/\/www.eveline.hu\/2016\/wp-content\/uploads\/2020\/10\/Cl-Bakuchiol-60-w.png","width":750,"height":750},{"@type":"BreadcrumbList","@id":"https:\/\/www.eveline.hu\/2016\/eveline-kozmetikumok-szepsegapolas\/szepsegapolas\/arcapolas\/christian-laurent-bakuchiol-fiatalito-a-bor-suruseget-javito-krem-60-50ml\/#breadcrumb","itemListElement":[{"@type":"ListItem","position":1,"name":"Home","item":"https:\/\/www.eveline.hu\/2016\/"},{"@type":"ListItem","position":2,"name":"Term\u00e9kek","item":"https:\/\/www.eveline.hu\/2016\/shop\/"},{"@type":"ListItem","position":3,"name":"CHRISTIAN LAURENT\u00ae BAKUCHIOL fiatal\u00edt\u00f3, a b\u0151r s\u0171r\u0171s\u00e9g\u00e9t jav\u00edt\u00f3 kr\u00e9m 60+ 50ml"}]},{"@type":"WebSite","@id":"https:\/\/www.eveline.hu\/2016\/#website","url":"https:\/\/www.eveline.hu\/2016\/","name":"Eveline Cosmetics Magyarorsz\u00e1g","description":"Min\u0151s\u00e9gi kozmetikumok Lengyelorsz\u00e1gb\u00f3l","potentialAction":[{"@type":"SearchAction","target":{"@type":"EntryPoint","urlTemplate":"https:\/\/www.eveline.hu\/2016\/?s={search_term_string}"},"query-input":"required name=search_term_string"}],"inLanguage":"hu"}]}},"_links":{"self":[{"href":"https:\/\/www.eveline.hu\/2016\/wp-json\/wp\/v2\/product\/26143"}],"collection":[{"href":"https:\/\/www.eveline.hu\/2016\/wp-json\/wp\/v2\/product"}],"about":[{"href":"https:\/\/www.eveline.hu\/2016\/wp-json\/wp\/v2\/types\/product"}],"replies":[{"embeddable":true,"href":"https:\/\/www.eveline.hu\/2016\/wp-json\/wp\/v2\/comments?post=26143"}],"wp:featuredmedia":[{"embeddable":true,"href":"https:\/\/www.eveline.hu\/2016\/wp-json\/wp\/v2\/media\/26144"}],"wp:attachment":[{"href":"https:\/\/www.eveline.hu\/2016\/wp-json\/wp\/v2\/media?parent=26143"}],"wp:term":[{"taxonomy":"product_cat","embeddable":true,"href":"https:\/\/www.eveline.hu\/2016\/wp-json\/wp\/v2\/product_cat?post=26143"},{"taxonomy":"product_tag","embeddable":true,"href":"https:\/\/www.eveline.hu\/2016\/wp-json\/wp\/v2\/product_tag?post=26143"}],"curies":[{"name":"wp","href":"https:\/\/api.w.org\/{rel}","templated":true}]}}