{"id":26065,"date":"2020-10-12T15:52:05","date_gmt":"2020-10-12T13:52:05","guid":{"rendered":"https:\/\/www.eveline.hu\/2016\/?post_type=product&#038;p=26065"},"modified":"2023-10-23T20:15:20","modified_gmt":"2023-10-23T18:15:20","slug":"viva-full-lashes-szempillaspiral-10ml","status":"publish","type":"product","link":"https:\/\/www.eveline.hu\/2016\/eveline-kozmetikumok-szepsegapolas\/smink\/szem\/szempillaspiralok\/viva-full-lashes-szempillaspiral-10ml\/","title":{"rendered":"Viva Full Lashes szempillaspir\u00e1l 10ml"},"content":{"rendered":"<p>Sz\u00e9tv\u00e1laszt\u00f3, t\u00f6k\u00e9letesen fedi a szempill\u00e1kat.<\/p>\n<p><span class=\"tlid-translation translation\" lang=\"hu\"><span class=\"\" title=\"\">A kefe s\u00f6rt\u00e9i k\u00f6z\u00f6tt l\u00e9v\u0151 r\u00f6vid t\u00e1vols\u00e1gok lehet\u0151v\u00e9 teszik a szempill\u00e1k t\u00f6k\u00e9letes f\u00e9s\u00fcl\u00e9s\u00e9t ez\u00e1ltal k\u00f6nnyen\u00a0 eloszlik rajtuk a szempillaspir\u00e1l, aminek k\u00f6sz\u00f6nhet\u0151en a szempill\u00e1k nem tapadnak \u00f6ssze.<\/span><\/span><\/p>\n<p>\u00d6sszetev\u0151k:Aqua, Synthetic Beeswax, Paraffin, CI 77499, Acacia Senegal Gum, Stearic Acid, Triethanolamine, Palmitic Acid, Butylene Glycol, Copernicia Cerifera Cera, Glyceryl Stearate, Polybutene, VP\/Eicosene Copolymer, Oryza Sativa Bran Wax, Hydrogenated Rice Bran Wax, Hydroxyethylcellulose, Myristic Acid, Arachidic Acid, Behenic Acid, Oleic Acid, Phenoxyethanol, Methylparaben, Propylparaben<\/p>\n","protected":false},"excerpt":{"rendered":"<p>Sz\u00e9tv\u00e1laszt\u00f3, t\u00f6k\u00e9letesen fedi a szempill\u00e1kat. A kefe s\u00f6rt\u00e9i k\u00f6z\u00f6tt l\u00e9v\u0151 r\u00f6vid t\u00e1vols\u00e1gok lehet\u0151v\u00e9 teszik a szempill\u00e1k t\u00f6k\u00e9letes f\u00e9s\u00fcl\u00e9s\u00e9t ez\u00e1ltal k\u00f6nnyen\u00a0 eloszlik rajtuk a szempillaspir\u00e1l, aminek k\u00f6sz\u00f6nhet\u0151en a szempill\u00e1k nem tapadnak \u00f6ssze. \u00d6sszetev\u0151k:Aqua, Synthetic Beeswax, Paraffin, CI 77499, Acacia Senegal Gum, [&hellip;]<\/p>\n","protected":false},"featured_media":26066,"comment_status":"open","ping_status":"closed","template":"","meta":[],"product_cat":[286,130,132,149],"product_tag":[],"yoast_head":"<!-- This site is optimized with the Yoast SEO plugin v22.2 - https:\/\/yoast.com\/wordpress\/plugins\/seo\/ -->\n<title>Viva Full Lashes szempillaspir\u00e1l 10ml - Eveline Cosmetics Magyarorsz\u00e1g<\/title>\n<meta name=\"robots\" content=\"index, follow, max-snippet:-1, max-image-preview:large, max-video-preview:-1\" \/>\n<link rel=\"canonical\" href=\"https:\/\/www.eveline.hu\/2016\/eveline-kozmetikumok-szepsegapolas\/smink\/szem\/szempillaspiralok\/viva-full-lashes-szempillaspiral-10ml\/\" \/>\n<meta property=\"og:locale\" content=\"hu_HU\" \/>\n<meta property=\"og:type\" content=\"article\" \/>\n<meta property=\"og:title\" content=\"Viva Full Lashes szempillaspir\u00e1l 10ml - Eveline Cosmetics Magyarorsz\u00e1g\" \/>\n<meta property=\"og:description\" content=\"Sz\u00e9tv\u00e1laszt\u00f3, t\u00f6k\u00e9letesen fedi a szempill\u00e1kat. A kefe s\u00f6rt\u00e9i k\u00f6z\u00f6tt l\u00e9v\u0151 r\u00f6vid t\u00e1vols\u00e1gok lehet\u0151v\u00e9 teszik a szempill\u00e1k t\u00f6k\u00e9letes f\u00e9s\u00fcl\u00e9s\u00e9t ez\u00e1ltal k\u00f6nnyen\u00a0 eloszlik rajtuk a szempillaspir\u00e1l, aminek k\u00f6sz\u00f6nhet\u0151en a szempill\u00e1k nem tapadnak \u00f6ssze. \u00d6sszetev\u0151k:Aqua, Synthetic Beeswax, Paraffin, CI 77499, Acacia Senegal Gum, [&hellip;]\" \/>\n<meta property=\"og:url\" content=\"https:\/\/www.eveline.hu\/2016\/eveline-kozmetikumok-szepsegapolas\/smink\/szem\/szempillaspiralok\/viva-full-lashes-szempillaspiral-10ml\/\" \/>\n<meta property=\"og:site_name\" content=\"Eveline Cosmetics Magyarorsz\u00e1g\" \/>\n<meta property=\"article:modified_time\" content=\"2023-10-23T18:15:20+00:00\" \/>\n<meta property=\"og:image\" content=\"https:\/\/www.eveline.hu\/2016\/wp-content\/uploads\/2020\/10\/Viva-full-lashes-spir\u00e1l-w.png\" \/>\n\t<meta property=\"og:image:width\" content=\"750\" \/>\n\t<meta property=\"og:image:height\" content=\"750\" \/>\n\t<meta property=\"og:image:type\" content=\"image\/png\" \/>\n<meta name=\"twitter:card\" content=\"summary_large_image\" \/>\n<meta name=\"twitter:label1\" content=\"Becs\u00fclt olvas\u00e1si id\u0151\" \/>\n\t<meta name=\"twitter:data1\" content=\"1 perc\" \/>\n<script type=\"application\/ld+json\" class=\"yoast-schema-graph\">{\"@context\":\"https:\/\/schema.org\",\"@graph\":[{\"@type\":\"WebPage\",\"@id\":\"https:\/\/www.eveline.hu\/2016\/eveline-kozmetikumok-szepsegapolas\/smink\/szem\/szempillaspiralok\/viva-full-lashes-szempillaspiral-10ml\/\",\"url\":\"https:\/\/www.eveline.hu\/2016\/eveline-kozmetikumok-szepsegapolas\/smink\/szem\/szempillaspiralok\/viva-full-lashes-szempillaspiral-10ml\/\",\"name\":\"Viva Full Lashes szempillaspir\u00e1l 10ml - Eveline Cosmetics Magyarorsz\u00e1g\",\"isPartOf\":{\"@id\":\"https:\/\/www.eveline.hu\/2016\/#website\"},\"primaryImageOfPage\":{\"@id\":\"https:\/\/www.eveline.hu\/2016\/eveline-kozmetikumok-szepsegapolas\/smink\/szem\/szempillaspiralok\/viva-full-lashes-szempillaspiral-10ml\/#primaryimage\"},\"image\":{\"@id\":\"https:\/\/www.eveline.hu\/2016\/eveline-kozmetikumok-szepsegapolas\/smink\/szem\/szempillaspiralok\/viva-full-lashes-szempillaspiral-10ml\/#primaryimage\"},\"thumbnailUrl\":\"https:\/\/www.eveline.hu\/2016\/wp-content\/uploads\/2020\/10\/Viva-full-lashes-spir\u00e1l-w.png\",\"datePublished\":\"2020-10-12T13:52:05+00:00\",\"dateModified\":\"2023-10-23T18:15:20+00:00\",\"breadcrumb\":{\"@id\":\"https:\/\/www.eveline.hu\/2016\/eveline-kozmetikumok-szepsegapolas\/smink\/szem\/szempillaspiralok\/viva-full-lashes-szempillaspiral-10ml\/#breadcrumb\"},\"inLanguage\":\"hu\",\"potentialAction\":[{\"@type\":\"ReadAction\",\"target\":[\"https:\/\/www.eveline.hu\/2016\/eveline-kozmetikumok-szepsegapolas\/smink\/szem\/szempillaspiralok\/viva-full-lashes-szempillaspiral-10ml\/\"]}]},{\"@type\":\"ImageObject\",\"inLanguage\":\"hu\",\"@id\":\"https:\/\/www.eveline.hu\/2016\/eveline-kozmetikumok-szepsegapolas\/smink\/szem\/szempillaspiralok\/viva-full-lashes-szempillaspiral-10ml\/#primaryimage\",\"url\":\"https:\/\/www.eveline.hu\/2016\/wp-content\/uploads\/2020\/10\/Viva-full-lashes-spir\u00e1l-w.png\",\"contentUrl\":\"https:\/\/www.eveline.hu\/2016\/wp-content\/uploads\/2020\/10\/Viva-full-lashes-spir\u00e1l-w.png\",\"width\":750,\"height\":750},{\"@type\":\"BreadcrumbList\",\"@id\":\"https:\/\/www.eveline.hu\/2016\/eveline-kozmetikumok-szepsegapolas\/smink\/szem\/szempillaspiralok\/viva-full-lashes-szempillaspiral-10ml\/#breadcrumb\",\"itemListElement\":[{\"@type\":\"ListItem\",\"position\":1,\"name\":\"Home\",\"item\":\"https:\/\/www.eveline.hu\/2016\/\"},{\"@type\":\"ListItem\",\"position\":2,\"name\":\"Term\u00e9kek\",\"item\":\"https:\/\/www.eveline.hu\/2016\/shop\/\"},{\"@type\":\"ListItem\",\"position\":3,\"name\":\"Viva Full Lashes szempillaspir\u00e1l 10ml\"}]},{\"@type\":\"WebSite\",\"@id\":\"https:\/\/www.eveline.hu\/2016\/#website\",\"url\":\"https:\/\/www.eveline.hu\/2016\/\",\"name\":\"Eveline Cosmetics Magyarorsz\u00e1g\",\"description\":\"Min\u0151s\u00e9gi kozmetikumok Lengyelorsz\u00e1gb\u00f3l\",\"potentialAction\":[{\"@type\":\"SearchAction\",\"target\":{\"@type\":\"EntryPoint\",\"urlTemplate\":\"https:\/\/www.eveline.hu\/2016\/?s={search_term_string}\"},\"query-input\":\"required name=search_term_string\"}],\"inLanguage\":\"hu\"}]}<\/script>\n<!-- \/ Yoast SEO plugin. -->","yoast_head_json":{"title":"Viva Full Lashes szempillaspir\u00e1l 10ml - Eveline Cosmetics Magyarorsz\u00e1g","robots":{"index":"index","follow":"follow","max-snippet":"max-snippet:-1","max-image-preview":"max-image-preview:large","max-video-preview":"max-video-preview:-1"},"canonical":"https:\/\/www.eveline.hu\/2016\/eveline-kozmetikumok-szepsegapolas\/smink\/szem\/szempillaspiralok\/viva-full-lashes-szempillaspiral-10ml\/","og_locale":"hu_HU","og_type":"article","og_title":"Viva Full Lashes szempillaspir\u00e1l 10ml - Eveline Cosmetics Magyarorsz\u00e1g","og_description":"Sz\u00e9tv\u00e1laszt\u00f3, t\u00f6k\u00e9letesen fedi a szempill\u00e1kat. A kefe s\u00f6rt\u00e9i k\u00f6z\u00f6tt l\u00e9v\u0151 r\u00f6vid t\u00e1vols\u00e1gok lehet\u0151v\u00e9 teszik a szempill\u00e1k t\u00f6k\u00e9letes f\u00e9s\u00fcl\u00e9s\u00e9t ez\u00e1ltal k\u00f6nnyen\u00a0 eloszlik rajtuk a szempillaspir\u00e1l, aminek k\u00f6sz\u00f6nhet\u0151en a szempill\u00e1k nem tapadnak \u00f6ssze. \u00d6sszetev\u0151k:Aqua, Synthetic Beeswax, Paraffin, CI 77499, Acacia Senegal Gum, [&hellip;]","og_url":"https:\/\/www.eveline.hu\/2016\/eveline-kozmetikumok-szepsegapolas\/smink\/szem\/szempillaspiralok\/viva-full-lashes-szempillaspiral-10ml\/","og_site_name":"Eveline Cosmetics Magyarorsz\u00e1g","article_modified_time":"2023-10-23T18:15:20+00:00","og_image":[{"width":750,"height":750,"url":"https:\/\/www.eveline.hu\/2016\/wp-content\/uploads\/2020\/10\/Viva-full-lashes-spir\u00e1l-w.png","type":"image\/png"}],"twitter_card":"summary_large_image","twitter_misc":{"Becs\u00fclt olvas\u00e1si id\u0151":"1 perc"},"schema":{"@context":"https:\/\/schema.org","@graph":[{"@type":"WebPage","@id":"https:\/\/www.eveline.hu\/2016\/eveline-kozmetikumok-szepsegapolas\/smink\/szem\/szempillaspiralok\/viva-full-lashes-szempillaspiral-10ml\/","url":"https:\/\/www.eveline.hu\/2016\/eveline-kozmetikumok-szepsegapolas\/smink\/szem\/szempillaspiralok\/viva-full-lashes-szempillaspiral-10ml\/","name":"Viva Full Lashes szempillaspir\u00e1l 10ml - Eveline Cosmetics Magyarorsz\u00e1g","isPartOf":{"@id":"https:\/\/www.eveline.hu\/2016\/#website"},"primaryImageOfPage":{"@id":"https:\/\/www.eveline.hu\/2016\/eveline-kozmetikumok-szepsegapolas\/smink\/szem\/szempillaspiralok\/viva-full-lashes-szempillaspiral-10ml\/#primaryimage"},"image":{"@id":"https:\/\/www.eveline.hu\/2016\/eveline-kozmetikumok-szepsegapolas\/smink\/szem\/szempillaspiralok\/viva-full-lashes-szempillaspiral-10ml\/#primaryimage"},"thumbnailUrl":"https:\/\/www.eveline.hu\/2016\/wp-content\/uploads\/2020\/10\/Viva-full-lashes-spir\u00e1l-w.png","datePublished":"2020-10-12T13:52:05+00:00","dateModified":"2023-10-23T18:15:20+00:00","breadcrumb":{"@id":"https:\/\/www.eveline.hu\/2016\/eveline-kozmetikumok-szepsegapolas\/smink\/szem\/szempillaspiralok\/viva-full-lashes-szempillaspiral-10ml\/#breadcrumb"},"inLanguage":"hu","potentialAction":[{"@type":"ReadAction","target":["https:\/\/www.eveline.hu\/2016\/eveline-kozmetikumok-szepsegapolas\/smink\/szem\/szempillaspiralok\/viva-full-lashes-szempillaspiral-10ml\/"]}]},{"@type":"ImageObject","inLanguage":"hu","@id":"https:\/\/www.eveline.hu\/2016\/eveline-kozmetikumok-szepsegapolas\/smink\/szem\/szempillaspiralok\/viva-full-lashes-szempillaspiral-10ml\/#primaryimage","url":"https:\/\/www.eveline.hu\/2016\/wp-content\/uploads\/2020\/10\/Viva-full-lashes-spir\u00e1l-w.png","contentUrl":"https:\/\/www.eveline.hu\/2016\/wp-content\/uploads\/2020\/10\/Viva-full-lashes-spir\u00e1l-w.png","width":750,"height":750},{"@type":"BreadcrumbList","@id":"https:\/\/www.eveline.hu\/2016\/eveline-kozmetikumok-szepsegapolas\/smink\/szem\/szempillaspiralok\/viva-full-lashes-szempillaspiral-10ml\/#breadcrumb","itemListElement":[{"@type":"ListItem","position":1,"name":"Home","item":"https:\/\/www.eveline.hu\/2016\/"},{"@type":"ListItem","position":2,"name":"Term\u00e9kek","item":"https:\/\/www.eveline.hu\/2016\/shop\/"},{"@type":"ListItem","position":3,"name":"Viva Full Lashes szempillaspir\u00e1l 10ml"}]},{"@type":"WebSite","@id":"https:\/\/www.eveline.hu\/2016\/#website","url":"https:\/\/www.eveline.hu\/2016\/","name":"Eveline Cosmetics Magyarorsz\u00e1g","description":"Min\u0151s\u00e9gi kozmetikumok Lengyelorsz\u00e1gb\u00f3l","potentialAction":[{"@type":"SearchAction","target":{"@type":"EntryPoint","urlTemplate":"https:\/\/www.eveline.hu\/2016\/?s={search_term_string}"},"query-input":"required name=search_term_string"}],"inLanguage":"hu"}]}},"_links":{"self":[{"href":"https:\/\/www.eveline.hu\/2016\/wp-json\/wp\/v2\/product\/26065"}],"collection":[{"href":"https:\/\/www.eveline.hu\/2016\/wp-json\/wp\/v2\/product"}],"about":[{"href":"https:\/\/www.eveline.hu\/2016\/wp-json\/wp\/v2\/types\/product"}],"replies":[{"embeddable":true,"href":"https:\/\/www.eveline.hu\/2016\/wp-json\/wp\/v2\/comments?post=26065"}],"wp:featuredmedia":[{"embeddable":true,"href":"https:\/\/www.eveline.hu\/2016\/wp-json\/wp\/v2\/media\/26066"}],"wp:attachment":[{"href":"https:\/\/www.eveline.hu\/2016\/wp-json\/wp\/v2\/media?parent=26065"}],"wp:term":[{"taxonomy":"product_cat","embeddable":true,"href":"https:\/\/www.eveline.hu\/2016\/wp-json\/wp\/v2\/product_cat?post=26065"},{"taxonomy":"product_tag","embeddable":true,"href":"https:\/\/www.eveline.hu\/2016\/wp-json\/wp\/v2\/product_tag?post=26065"}],"curies":[{"name":"wp","href":"https:\/\/api.w.org\/{rel}","templated":true}]}}