{"id":25240,"date":"2020-04-10T10:53:21","date_gmt":"2020-04-10T08:53:21","guid":{"rendered":"https:\/\/www.eveline.hu\/2016\/?post_type=product&#038;p=25240"},"modified":"2022-02-21T18:19:21","modified_gmt":"2022-02-21T17:19:21","slug":"maximizer-ajakdusito-szajfeny-caribbean-05-45ml","status":"publish","type":"product","link":"https:\/\/www.eveline.hu\/2016\/eveline-kozmetikumok-szepsegapolas\/smink\/szaj\/szajfenyek\/maximizer-ajakdusito-szajfeny-caribbean-05-45ml\/","title":{"rendered":"MAXIMIZER Ajakd\u00fas\u00edt\u00f3 sz\u00e1jf\u00e9ny Caribbean  05 4,5ml"},"content":{"rendered":"<p>Akt\u00edv \u00f6sszetev\u0151k: Hialuronsav, chili, Jojobaolaj,\u00a0 kapszaicin, vitamin<br \/>\nAz ajakf\u00e9nyben tal\u00e1lhat\u00f3 \u00f6sszetev\u0151k bizserg\u0151 \u00e9rz\u00e9st okoznak, ami jobb v\u00e9rkering\u00e9st \u00e9s az ajkak telts\u00e9g\u00e9t eredm\u00e9nyezi.<\/p>\n<p>Hossz\u00fa ideig\u00a0megmarad.<\/p>\n","protected":false},"excerpt":{"rendered":"<p>Akt\u00edv \u00f6sszetev\u0151k: Hialuronsav, chili, Jojobaolaj,\u00a0 kapszaicin, vitamin Az ajakf\u00e9nyben tal\u00e1lhat\u00f3 \u00f6sszetev\u0151k bizserg\u0151 \u00e9rz\u00e9st okoznak, ami jobb v\u00e9rkering\u00e9st \u00e9s az ajkak telts\u00e9g\u00e9t eredm\u00e9nyezi. Hossz\u00fa ideig\u00a0megmarad.<\/p>\n","protected":false},"featured_media":25241,"comment_status":"open","ping_status":"closed","template":"","meta":[],"product_cat":[130,152,154],"product_tag":[],"yoast_head":"<!-- This site is optimized with the Yoast SEO plugin v22.2 - https:\/\/yoast.com\/wordpress\/plugins\/seo\/ -->\n<title>MAXIMIZER Ajakd\u00fas\u00edt\u00f3 sz\u00e1jf\u00e9ny Caribbean 05 4,5ml - Eveline Cosmetics Magyarorsz\u00e1g<\/title>\n<meta name=\"robots\" content=\"index, follow, max-snippet:-1, max-image-preview:large, max-video-preview:-1\" \/>\n<link rel=\"canonical\" href=\"https:\/\/www.eveline.hu\/2016\/eveline-kozmetikumok-szepsegapolas\/smink\/szaj\/szajfenyek\/maximizer-ajakdusito-szajfeny-caribbean-05-45ml\/\" \/>\n<meta property=\"og:locale\" content=\"hu_HU\" \/>\n<meta property=\"og:type\" content=\"article\" \/>\n<meta property=\"og:title\" content=\"MAXIMIZER Ajakd\u00fas\u00edt\u00f3 sz\u00e1jf\u00e9ny Caribbean 05 4,5ml - Eveline Cosmetics Magyarorsz\u00e1g\" \/>\n<meta property=\"og:description\" content=\"Akt\u00edv \u00f6sszetev\u0151k: Hialuronsav, chili, Jojobaolaj,\u00a0 kapszaicin, vitamin Az ajakf\u00e9nyben tal\u00e1lhat\u00f3 \u00f6sszetev\u0151k bizserg\u0151 \u00e9rz\u00e9st okoznak, ami jobb v\u00e9rkering\u00e9st \u00e9s az ajkak telts\u00e9g\u00e9t eredm\u00e9nyezi. Hossz\u00fa ideig\u00a0megmarad.\" \/>\n<meta property=\"og:url\" content=\"https:\/\/www.eveline.hu\/2016\/eveline-kozmetikumok-szepsegapolas\/smink\/szaj\/szajfenyek\/maximizer-ajakdusito-szajfeny-caribbean-05-45ml\/\" \/>\n<meta property=\"og:site_name\" content=\"Eveline Cosmetics Magyarorsz\u00e1g\" \/>\n<meta property=\"article:modified_time\" content=\"2022-02-21T17:19:21+00:00\" \/>\n<meta property=\"og:image\" content=\"https:\/\/www.eveline.hu\/2016\/wp-content\/uploads\/2020\/04\/XL-Lip-Maximizer-Carribien.png\" \/>\n\t<meta property=\"og:image:width\" content=\"750\" \/>\n\t<meta property=\"og:image:height\" content=\"750\" \/>\n\t<meta property=\"og:image:type\" content=\"image\/png\" \/>\n<meta name=\"twitter:card\" content=\"summary_large_image\" \/>\n<script type=\"application\/ld+json\" class=\"yoast-schema-graph\">{\"@context\":\"https:\/\/schema.org\",\"@graph\":[{\"@type\":\"WebPage\",\"@id\":\"https:\/\/www.eveline.hu\/2016\/eveline-kozmetikumok-szepsegapolas\/smink\/szaj\/szajfenyek\/maximizer-ajakdusito-szajfeny-caribbean-05-45ml\/\",\"url\":\"https:\/\/www.eveline.hu\/2016\/eveline-kozmetikumok-szepsegapolas\/smink\/szaj\/szajfenyek\/maximizer-ajakdusito-szajfeny-caribbean-05-45ml\/\",\"name\":\"MAXIMIZER Ajakd\u00fas\u00edt\u00f3 sz\u00e1jf\u00e9ny Caribbean 05 4,5ml - Eveline Cosmetics Magyarorsz\u00e1g\",\"isPartOf\":{\"@id\":\"https:\/\/www.eveline.hu\/2016\/#website\"},\"primaryImageOfPage\":{\"@id\":\"https:\/\/www.eveline.hu\/2016\/eveline-kozmetikumok-szepsegapolas\/smink\/szaj\/szajfenyek\/maximizer-ajakdusito-szajfeny-caribbean-05-45ml\/#primaryimage\"},\"image\":{\"@id\":\"https:\/\/www.eveline.hu\/2016\/eveline-kozmetikumok-szepsegapolas\/smink\/szaj\/szajfenyek\/maximizer-ajakdusito-szajfeny-caribbean-05-45ml\/#primaryimage\"},\"thumbnailUrl\":\"https:\/\/www.eveline.hu\/2016\/wp-content\/uploads\/2020\/04\/XL-Lip-Maximizer-Carribien.png\",\"datePublished\":\"2020-04-10T08:53:21+00:00\",\"dateModified\":\"2022-02-21T17:19:21+00:00\",\"breadcrumb\":{\"@id\":\"https:\/\/www.eveline.hu\/2016\/eveline-kozmetikumok-szepsegapolas\/smink\/szaj\/szajfenyek\/maximizer-ajakdusito-szajfeny-caribbean-05-45ml\/#breadcrumb\"},\"inLanguage\":\"hu\",\"potentialAction\":[{\"@type\":\"ReadAction\",\"target\":[\"https:\/\/www.eveline.hu\/2016\/eveline-kozmetikumok-szepsegapolas\/smink\/szaj\/szajfenyek\/maximizer-ajakdusito-szajfeny-caribbean-05-45ml\/\"]}]},{\"@type\":\"ImageObject\",\"inLanguage\":\"hu\",\"@id\":\"https:\/\/www.eveline.hu\/2016\/eveline-kozmetikumok-szepsegapolas\/smink\/szaj\/szajfenyek\/maximizer-ajakdusito-szajfeny-caribbean-05-45ml\/#primaryimage\",\"url\":\"https:\/\/www.eveline.hu\/2016\/wp-content\/uploads\/2020\/04\/XL-Lip-Maximizer-Carribien.png\",\"contentUrl\":\"https:\/\/www.eveline.hu\/2016\/wp-content\/uploads\/2020\/04\/XL-Lip-Maximizer-Carribien.png\",\"width\":750,\"height\":750},{\"@type\":\"BreadcrumbList\",\"@id\":\"https:\/\/www.eveline.hu\/2016\/eveline-kozmetikumok-szepsegapolas\/smink\/szaj\/szajfenyek\/maximizer-ajakdusito-szajfeny-caribbean-05-45ml\/#breadcrumb\",\"itemListElement\":[{\"@type\":\"ListItem\",\"position\":1,\"name\":\"Home\",\"item\":\"https:\/\/www.eveline.hu\/2016\/\"},{\"@type\":\"ListItem\",\"position\":2,\"name\":\"Term\u00e9kek\",\"item\":\"https:\/\/www.eveline.hu\/2016\/shop\/\"},{\"@type\":\"ListItem\",\"position\":3,\"name\":\"MAXIMIZER Ajakd\u00fas\u00edt\u00f3 sz\u00e1jf\u00e9ny Caribbean 05 4,5ml\"}]},{\"@type\":\"WebSite\",\"@id\":\"https:\/\/www.eveline.hu\/2016\/#website\",\"url\":\"https:\/\/www.eveline.hu\/2016\/\",\"name\":\"Eveline Cosmetics Magyarorsz\u00e1g\",\"description\":\"Min\u0151s\u00e9gi kozmetikumok Lengyelorsz\u00e1gb\u00f3l\",\"potentialAction\":[{\"@type\":\"SearchAction\",\"target\":{\"@type\":\"EntryPoint\",\"urlTemplate\":\"https:\/\/www.eveline.hu\/2016\/?s={search_term_string}\"},\"query-input\":\"required name=search_term_string\"}],\"inLanguage\":\"hu\"}]}<\/script>\n<!-- \/ Yoast SEO plugin. -->","yoast_head_json":{"title":"MAXIMIZER Ajakd\u00fas\u00edt\u00f3 sz\u00e1jf\u00e9ny Caribbean 05 4,5ml - Eveline Cosmetics Magyarorsz\u00e1g","robots":{"index":"index","follow":"follow","max-snippet":"max-snippet:-1","max-image-preview":"max-image-preview:large","max-video-preview":"max-video-preview:-1"},"canonical":"https:\/\/www.eveline.hu\/2016\/eveline-kozmetikumok-szepsegapolas\/smink\/szaj\/szajfenyek\/maximizer-ajakdusito-szajfeny-caribbean-05-45ml\/","og_locale":"hu_HU","og_type":"article","og_title":"MAXIMIZER Ajakd\u00fas\u00edt\u00f3 sz\u00e1jf\u00e9ny Caribbean 05 4,5ml - Eveline Cosmetics Magyarorsz\u00e1g","og_description":"Akt\u00edv \u00f6sszetev\u0151k: Hialuronsav, chili, Jojobaolaj,\u00a0 kapszaicin, vitamin Az ajakf\u00e9nyben tal\u00e1lhat\u00f3 \u00f6sszetev\u0151k bizserg\u0151 \u00e9rz\u00e9st okoznak, ami jobb v\u00e9rkering\u00e9st \u00e9s az ajkak telts\u00e9g\u00e9t eredm\u00e9nyezi. Hossz\u00fa ideig\u00a0megmarad.","og_url":"https:\/\/www.eveline.hu\/2016\/eveline-kozmetikumok-szepsegapolas\/smink\/szaj\/szajfenyek\/maximizer-ajakdusito-szajfeny-caribbean-05-45ml\/","og_site_name":"Eveline Cosmetics Magyarorsz\u00e1g","article_modified_time":"2022-02-21T17:19:21+00:00","og_image":[{"width":750,"height":750,"url":"https:\/\/www.eveline.hu\/2016\/wp-content\/uploads\/2020\/04\/XL-Lip-Maximizer-Carribien.png","type":"image\/png"}],"twitter_card":"summary_large_image","schema":{"@context":"https:\/\/schema.org","@graph":[{"@type":"WebPage","@id":"https:\/\/www.eveline.hu\/2016\/eveline-kozmetikumok-szepsegapolas\/smink\/szaj\/szajfenyek\/maximizer-ajakdusito-szajfeny-caribbean-05-45ml\/","url":"https:\/\/www.eveline.hu\/2016\/eveline-kozmetikumok-szepsegapolas\/smink\/szaj\/szajfenyek\/maximizer-ajakdusito-szajfeny-caribbean-05-45ml\/","name":"MAXIMIZER Ajakd\u00fas\u00edt\u00f3 sz\u00e1jf\u00e9ny Caribbean 05 4,5ml - Eveline Cosmetics Magyarorsz\u00e1g","isPartOf":{"@id":"https:\/\/www.eveline.hu\/2016\/#website"},"primaryImageOfPage":{"@id":"https:\/\/www.eveline.hu\/2016\/eveline-kozmetikumok-szepsegapolas\/smink\/szaj\/szajfenyek\/maximizer-ajakdusito-szajfeny-caribbean-05-45ml\/#primaryimage"},"image":{"@id":"https:\/\/www.eveline.hu\/2016\/eveline-kozmetikumok-szepsegapolas\/smink\/szaj\/szajfenyek\/maximizer-ajakdusito-szajfeny-caribbean-05-45ml\/#primaryimage"},"thumbnailUrl":"https:\/\/www.eveline.hu\/2016\/wp-content\/uploads\/2020\/04\/XL-Lip-Maximizer-Carribien.png","datePublished":"2020-04-10T08:53:21+00:00","dateModified":"2022-02-21T17:19:21+00:00","breadcrumb":{"@id":"https:\/\/www.eveline.hu\/2016\/eveline-kozmetikumok-szepsegapolas\/smink\/szaj\/szajfenyek\/maximizer-ajakdusito-szajfeny-caribbean-05-45ml\/#breadcrumb"},"inLanguage":"hu","potentialAction":[{"@type":"ReadAction","target":["https:\/\/www.eveline.hu\/2016\/eveline-kozmetikumok-szepsegapolas\/smink\/szaj\/szajfenyek\/maximizer-ajakdusito-szajfeny-caribbean-05-45ml\/"]}]},{"@type":"ImageObject","inLanguage":"hu","@id":"https:\/\/www.eveline.hu\/2016\/eveline-kozmetikumok-szepsegapolas\/smink\/szaj\/szajfenyek\/maximizer-ajakdusito-szajfeny-caribbean-05-45ml\/#primaryimage","url":"https:\/\/www.eveline.hu\/2016\/wp-content\/uploads\/2020\/04\/XL-Lip-Maximizer-Carribien.png","contentUrl":"https:\/\/www.eveline.hu\/2016\/wp-content\/uploads\/2020\/04\/XL-Lip-Maximizer-Carribien.png","width":750,"height":750},{"@type":"BreadcrumbList","@id":"https:\/\/www.eveline.hu\/2016\/eveline-kozmetikumok-szepsegapolas\/smink\/szaj\/szajfenyek\/maximizer-ajakdusito-szajfeny-caribbean-05-45ml\/#breadcrumb","itemListElement":[{"@type":"ListItem","position":1,"name":"Home","item":"https:\/\/www.eveline.hu\/2016\/"},{"@type":"ListItem","position":2,"name":"Term\u00e9kek","item":"https:\/\/www.eveline.hu\/2016\/shop\/"},{"@type":"ListItem","position":3,"name":"MAXIMIZER Ajakd\u00fas\u00edt\u00f3 sz\u00e1jf\u00e9ny Caribbean 05 4,5ml"}]},{"@type":"WebSite","@id":"https:\/\/www.eveline.hu\/2016\/#website","url":"https:\/\/www.eveline.hu\/2016\/","name":"Eveline Cosmetics Magyarorsz\u00e1g","description":"Min\u0151s\u00e9gi kozmetikumok Lengyelorsz\u00e1gb\u00f3l","potentialAction":[{"@type":"SearchAction","target":{"@type":"EntryPoint","urlTemplate":"https:\/\/www.eveline.hu\/2016\/?s={search_term_string}"},"query-input":"required name=search_term_string"}],"inLanguage":"hu"}]}},"_links":{"self":[{"href":"https:\/\/www.eveline.hu\/2016\/wp-json\/wp\/v2\/product\/25240"}],"collection":[{"href":"https:\/\/www.eveline.hu\/2016\/wp-json\/wp\/v2\/product"}],"about":[{"href":"https:\/\/www.eveline.hu\/2016\/wp-json\/wp\/v2\/types\/product"}],"replies":[{"embeddable":true,"href":"https:\/\/www.eveline.hu\/2016\/wp-json\/wp\/v2\/comments?post=25240"}],"wp:featuredmedia":[{"embeddable":true,"href":"https:\/\/www.eveline.hu\/2016\/wp-json\/wp\/v2\/media\/25241"}],"wp:attachment":[{"href":"https:\/\/www.eveline.hu\/2016\/wp-json\/wp\/v2\/media?parent=25240"}],"wp:term":[{"taxonomy":"product_cat","embeddable":true,"href":"https:\/\/www.eveline.hu\/2016\/wp-json\/wp\/v2\/product_cat?post=25240"},{"taxonomy":"product_tag","embeddable":true,"href":"https:\/\/www.eveline.hu\/2016\/wp-json\/wp\/v2\/product_tag?post=25240"}],"curies":[{"name":"wp","href":"https:\/\/api.w.org\/{rel}","templated":true}]}}