{"id":25202,"date":"2020-04-04T18:05:32","date_gmt":"2020-04-04T16:05:32","guid":{"rendered":"https:\/\/www.eveline.hu\/2016\/?post_type=product&#038;p=25202"},"modified":"2022-02-21T18:21:20","modified_gmt":"2022-02-21T17:21:20","slug":"oh-kiss-ruzs-13","status":"publish","type":"product","link":"https:\/\/www.eveline.hu\/2016\/eveline-kozmetikumok-szepsegapolas\/smink\/szaj\/ruzsok\/oh-kiss-ruzs-13\/","title":{"rendered":"OH! MY KISS R\u00fazs 13"},"content":{"rendered":"<p>Hangs\u00falyozza az ajkak sz\u00edn\u00e9t a kiv\u00e1lasztott sz\u00ednnel, kiemelve term\u00e9szetes ragyog\u00e1s\u00e1t, helyre\u00e1ll\u00edtva a\u00a0 hidrat\u00e1l\u00e1st. Modern peptidkomplexet \u00e9s shea vajat tartalmaz, amely t\u00e1pl\u00e1lja \u00e9s kisim\u00edtja az ajkakat, l\u00e1gyabb\u00e1 t\u00e9ve azokat.<\/p>\n","protected":false},"excerpt":{"rendered":"<p>Hangs\u00falyozza az ajkak sz\u00edn\u00e9t a kiv\u00e1lasztott sz\u00ednnel, kiemelve term\u00e9szetes ragyog\u00e1s\u00e1t, helyre\u00e1ll\u00edtva a\u00a0 hidrat\u00e1l\u00e1st. Modern peptidkomplexet \u00e9s shea vajat tartalmaz, amely t\u00e1pl\u00e1lja \u00e9s kisim\u00edtja az ajkakat, l\u00e1gyabb\u00e1 t\u00e9ve azokat.<\/p>\n","protected":false},"featured_media":25203,"comment_status":"open","ping_status":"closed","template":"","meta":[],"product_cat":[130,152,153],"product_tag":[],"yoast_head":"<!-- This site is optimized with the Yoast SEO plugin v22.2 - https:\/\/yoast.com\/wordpress\/plugins\/seo\/ -->\n<title>OH! MY KISS R\u00fazs 13 - Eveline Cosmetics Magyarorsz\u00e1g<\/title>\n<meta name=\"robots\" content=\"index, follow, max-snippet:-1, max-image-preview:large, max-video-preview:-1\" \/>\n<link rel=\"canonical\" href=\"https:\/\/www.eveline.hu\/2016\/eveline-kozmetikumok-szepsegapolas\/smink\/szaj\/ruzsok\/oh-kiss-ruzs-13\/\" \/>\n<meta property=\"og:locale\" content=\"hu_HU\" \/>\n<meta property=\"og:type\" content=\"article\" \/>\n<meta property=\"og:title\" content=\"OH! MY KISS R\u00fazs 13 - Eveline Cosmetics Magyarorsz\u00e1g\" \/>\n<meta property=\"og:description\" content=\"Hangs\u00falyozza az ajkak sz\u00edn\u00e9t a kiv\u00e1lasztott sz\u00ednnel, kiemelve term\u00e9szetes ragyog\u00e1s\u00e1t, helyre\u00e1ll\u00edtva a\u00a0 hidrat\u00e1l\u00e1st. Modern peptidkomplexet \u00e9s shea vajat tartalmaz, amely t\u00e1pl\u00e1lja \u00e9s kisim\u00edtja az ajkakat, l\u00e1gyabb\u00e1 t\u00e9ve azokat.\" \/>\n<meta property=\"og:url\" content=\"https:\/\/www.eveline.hu\/2016\/eveline-kozmetikumok-szepsegapolas\/smink\/szaj\/ruzsok\/oh-kiss-ruzs-13\/\" \/>\n<meta property=\"og:site_name\" content=\"Eveline Cosmetics Magyarorsz\u00e1g\" \/>\n<meta property=\"article:modified_time\" content=\"2022-02-21T17:21:20+00:00\" \/>\n<meta property=\"og:image\" content=\"https:\/\/www.eveline.hu\/2016\/wp-content\/uploads\/2020\/04\/OH-MY-KISS-R\u00fazs-13-w.png\" \/>\n\t<meta property=\"og:image:width\" content=\"750\" \/>\n\t<meta property=\"og:image:height\" content=\"750\" \/>\n\t<meta property=\"og:image:type\" content=\"image\/png\" \/>\n<meta name=\"twitter:card\" content=\"summary_large_image\" \/>\n<script type=\"application\/ld+json\" class=\"yoast-schema-graph\">{\"@context\":\"https:\/\/schema.org\",\"@graph\":[{\"@type\":\"WebPage\",\"@id\":\"https:\/\/www.eveline.hu\/2016\/eveline-kozmetikumok-szepsegapolas\/smink\/szaj\/ruzsok\/oh-kiss-ruzs-13\/\",\"url\":\"https:\/\/www.eveline.hu\/2016\/eveline-kozmetikumok-szepsegapolas\/smink\/szaj\/ruzsok\/oh-kiss-ruzs-13\/\",\"name\":\"OH! MY KISS R\u00fazs 13 - Eveline Cosmetics Magyarorsz\u00e1g\",\"isPartOf\":{\"@id\":\"https:\/\/www.eveline.hu\/2016\/#website\"},\"primaryImageOfPage\":{\"@id\":\"https:\/\/www.eveline.hu\/2016\/eveline-kozmetikumok-szepsegapolas\/smink\/szaj\/ruzsok\/oh-kiss-ruzs-13\/#primaryimage\"},\"image\":{\"@id\":\"https:\/\/www.eveline.hu\/2016\/eveline-kozmetikumok-szepsegapolas\/smink\/szaj\/ruzsok\/oh-kiss-ruzs-13\/#primaryimage\"},\"thumbnailUrl\":\"https:\/\/www.eveline.hu\/2016\/wp-content\/uploads\/2020\/04\/OH-MY-KISS-R\u00fazs-13-w.png\",\"datePublished\":\"2020-04-04T16:05:32+00:00\",\"dateModified\":\"2022-02-21T17:21:20+00:00\",\"breadcrumb\":{\"@id\":\"https:\/\/www.eveline.hu\/2016\/eveline-kozmetikumok-szepsegapolas\/smink\/szaj\/ruzsok\/oh-kiss-ruzs-13\/#breadcrumb\"},\"inLanguage\":\"hu\",\"potentialAction\":[{\"@type\":\"ReadAction\",\"target\":[\"https:\/\/www.eveline.hu\/2016\/eveline-kozmetikumok-szepsegapolas\/smink\/szaj\/ruzsok\/oh-kiss-ruzs-13\/\"]}]},{\"@type\":\"ImageObject\",\"inLanguage\":\"hu\",\"@id\":\"https:\/\/www.eveline.hu\/2016\/eveline-kozmetikumok-szepsegapolas\/smink\/szaj\/ruzsok\/oh-kiss-ruzs-13\/#primaryimage\",\"url\":\"https:\/\/www.eveline.hu\/2016\/wp-content\/uploads\/2020\/04\/OH-MY-KISS-R\u00fazs-13-w.png\",\"contentUrl\":\"https:\/\/www.eveline.hu\/2016\/wp-content\/uploads\/2020\/04\/OH-MY-KISS-R\u00fazs-13-w.png\",\"width\":750,\"height\":750},{\"@type\":\"BreadcrumbList\",\"@id\":\"https:\/\/www.eveline.hu\/2016\/eveline-kozmetikumok-szepsegapolas\/smink\/szaj\/ruzsok\/oh-kiss-ruzs-13\/#breadcrumb\",\"itemListElement\":[{\"@type\":\"ListItem\",\"position\":1,\"name\":\"Home\",\"item\":\"https:\/\/www.eveline.hu\/2016\/\"},{\"@type\":\"ListItem\",\"position\":2,\"name\":\"Term\u00e9kek\",\"item\":\"https:\/\/www.eveline.hu\/2016\/shop\/\"},{\"@type\":\"ListItem\",\"position\":3,\"name\":\"OH! MY KISS R\u00fazs 13\"}]},{\"@type\":\"WebSite\",\"@id\":\"https:\/\/www.eveline.hu\/2016\/#website\",\"url\":\"https:\/\/www.eveline.hu\/2016\/\",\"name\":\"Eveline Cosmetics Magyarorsz\u00e1g\",\"description\":\"Min\u0151s\u00e9gi kozmetikumok Lengyelorsz\u00e1gb\u00f3l\",\"potentialAction\":[{\"@type\":\"SearchAction\",\"target\":{\"@type\":\"EntryPoint\",\"urlTemplate\":\"https:\/\/www.eveline.hu\/2016\/?s={search_term_string}\"},\"query-input\":\"required name=search_term_string\"}],\"inLanguage\":\"hu\"}]}<\/script>\n<!-- \/ Yoast SEO plugin. -->","yoast_head_json":{"title":"OH! MY KISS R\u00fazs 13 - Eveline Cosmetics Magyarorsz\u00e1g","robots":{"index":"index","follow":"follow","max-snippet":"max-snippet:-1","max-image-preview":"max-image-preview:large","max-video-preview":"max-video-preview:-1"},"canonical":"https:\/\/www.eveline.hu\/2016\/eveline-kozmetikumok-szepsegapolas\/smink\/szaj\/ruzsok\/oh-kiss-ruzs-13\/","og_locale":"hu_HU","og_type":"article","og_title":"OH! MY KISS R\u00fazs 13 - Eveline Cosmetics Magyarorsz\u00e1g","og_description":"Hangs\u00falyozza az ajkak sz\u00edn\u00e9t a kiv\u00e1lasztott sz\u00ednnel, kiemelve term\u00e9szetes ragyog\u00e1s\u00e1t, helyre\u00e1ll\u00edtva a\u00a0 hidrat\u00e1l\u00e1st. Modern peptidkomplexet \u00e9s shea vajat tartalmaz, amely t\u00e1pl\u00e1lja \u00e9s kisim\u00edtja az ajkakat, l\u00e1gyabb\u00e1 t\u00e9ve azokat.","og_url":"https:\/\/www.eveline.hu\/2016\/eveline-kozmetikumok-szepsegapolas\/smink\/szaj\/ruzsok\/oh-kiss-ruzs-13\/","og_site_name":"Eveline Cosmetics Magyarorsz\u00e1g","article_modified_time":"2022-02-21T17:21:20+00:00","og_image":[{"width":750,"height":750,"url":"https:\/\/www.eveline.hu\/2016\/wp-content\/uploads\/2020\/04\/OH-MY-KISS-R\u00fazs-13-w.png","type":"image\/png"}],"twitter_card":"summary_large_image","schema":{"@context":"https:\/\/schema.org","@graph":[{"@type":"WebPage","@id":"https:\/\/www.eveline.hu\/2016\/eveline-kozmetikumok-szepsegapolas\/smink\/szaj\/ruzsok\/oh-kiss-ruzs-13\/","url":"https:\/\/www.eveline.hu\/2016\/eveline-kozmetikumok-szepsegapolas\/smink\/szaj\/ruzsok\/oh-kiss-ruzs-13\/","name":"OH! MY KISS R\u00fazs 13 - Eveline Cosmetics Magyarorsz\u00e1g","isPartOf":{"@id":"https:\/\/www.eveline.hu\/2016\/#website"},"primaryImageOfPage":{"@id":"https:\/\/www.eveline.hu\/2016\/eveline-kozmetikumok-szepsegapolas\/smink\/szaj\/ruzsok\/oh-kiss-ruzs-13\/#primaryimage"},"image":{"@id":"https:\/\/www.eveline.hu\/2016\/eveline-kozmetikumok-szepsegapolas\/smink\/szaj\/ruzsok\/oh-kiss-ruzs-13\/#primaryimage"},"thumbnailUrl":"https:\/\/www.eveline.hu\/2016\/wp-content\/uploads\/2020\/04\/OH-MY-KISS-R\u00fazs-13-w.png","datePublished":"2020-04-04T16:05:32+00:00","dateModified":"2022-02-21T17:21:20+00:00","breadcrumb":{"@id":"https:\/\/www.eveline.hu\/2016\/eveline-kozmetikumok-szepsegapolas\/smink\/szaj\/ruzsok\/oh-kiss-ruzs-13\/#breadcrumb"},"inLanguage":"hu","potentialAction":[{"@type":"ReadAction","target":["https:\/\/www.eveline.hu\/2016\/eveline-kozmetikumok-szepsegapolas\/smink\/szaj\/ruzsok\/oh-kiss-ruzs-13\/"]}]},{"@type":"ImageObject","inLanguage":"hu","@id":"https:\/\/www.eveline.hu\/2016\/eveline-kozmetikumok-szepsegapolas\/smink\/szaj\/ruzsok\/oh-kiss-ruzs-13\/#primaryimage","url":"https:\/\/www.eveline.hu\/2016\/wp-content\/uploads\/2020\/04\/OH-MY-KISS-R\u00fazs-13-w.png","contentUrl":"https:\/\/www.eveline.hu\/2016\/wp-content\/uploads\/2020\/04\/OH-MY-KISS-R\u00fazs-13-w.png","width":750,"height":750},{"@type":"BreadcrumbList","@id":"https:\/\/www.eveline.hu\/2016\/eveline-kozmetikumok-szepsegapolas\/smink\/szaj\/ruzsok\/oh-kiss-ruzs-13\/#breadcrumb","itemListElement":[{"@type":"ListItem","position":1,"name":"Home","item":"https:\/\/www.eveline.hu\/2016\/"},{"@type":"ListItem","position":2,"name":"Term\u00e9kek","item":"https:\/\/www.eveline.hu\/2016\/shop\/"},{"@type":"ListItem","position":3,"name":"OH! MY KISS R\u00fazs 13"}]},{"@type":"WebSite","@id":"https:\/\/www.eveline.hu\/2016\/#website","url":"https:\/\/www.eveline.hu\/2016\/","name":"Eveline Cosmetics Magyarorsz\u00e1g","description":"Min\u0151s\u00e9gi kozmetikumok Lengyelorsz\u00e1gb\u00f3l","potentialAction":[{"@type":"SearchAction","target":{"@type":"EntryPoint","urlTemplate":"https:\/\/www.eveline.hu\/2016\/?s={search_term_string}"},"query-input":"required name=search_term_string"}],"inLanguage":"hu"}]}},"_links":{"self":[{"href":"https:\/\/www.eveline.hu\/2016\/wp-json\/wp\/v2\/product\/25202"}],"collection":[{"href":"https:\/\/www.eveline.hu\/2016\/wp-json\/wp\/v2\/product"}],"about":[{"href":"https:\/\/www.eveline.hu\/2016\/wp-json\/wp\/v2\/types\/product"}],"replies":[{"embeddable":true,"href":"https:\/\/www.eveline.hu\/2016\/wp-json\/wp\/v2\/comments?post=25202"}],"wp:featuredmedia":[{"embeddable":true,"href":"https:\/\/www.eveline.hu\/2016\/wp-json\/wp\/v2\/media\/25203"}],"wp:attachment":[{"href":"https:\/\/www.eveline.hu\/2016\/wp-json\/wp\/v2\/media?parent=25202"}],"wp:term":[{"taxonomy":"product_cat","embeddable":true,"href":"https:\/\/www.eveline.hu\/2016\/wp-json\/wp\/v2\/product_cat?post=25202"},{"taxonomy":"product_tag","embeddable":true,"href":"https:\/\/www.eveline.hu\/2016\/wp-json\/wp\/v2\/product_tag?post=25202"}],"curies":[{"name":"wp","href":"https:\/\/api.w.org\/{rel}","templated":true}]}}