{"id":25155,"date":"2020-03-30T10:25:13","date_gmt":"2020-03-30T08:25:13","guid":{"rendered":"https:\/\/www.eveline.hu\/2016\/?post_type=product&#038;p=25155"},"modified":"2022-12-09T12:07:53","modified_gmt":"2022-12-09T11:07:53","slug":"white-prestige-4d-intim-mosakodo-gel-250ml","status":"publish","type":"product","link":"https:\/\/www.eveline.hu\/2016\/eveline-kozmetikumok-szepsegapolas\/termekcsaladok\/white-prestige-4d\/white-prestige-4d-intim-mosakodo-gel-250ml\/","title":{"rendered":"White Prestige 4D Intim Mosakod\u00f3 G\u00e9l  250ml"},"content":{"rendered":"<p>A<strong> FRACTO2 ILLUMI LASERX\u2122 <\/strong>\u00a0cs\u00facstechnol\u00f3gi\u00e1j\u00e1n alapul, a l\u00e9zernyal\u00e1b koncentr\u00e1lt erej\u00e9nek felhaszn\u00e1l\u00e1s\u00e1val, amely behatol az epidermisz m\u00e9lyebb r\u00e9tegeibe, el\u0151seg\u00edtve az utat a vil\u00e1gos\u00edt\u00f3 <strong>Lumiwhite\u2122 <\/strong>komplexnek.<\/p>\n<p>A <strong>Lumiwhite\u2122 <\/strong>komplex lebontja az elsz\u00ednez\u0151d\u00e9s hely\u00e9n felhalmoz\u00f3dott melanint finomabb molekul\u00e1kk\u00e1, amelyek ezut\u00e1n automatikusan felsz\u00edv\u00f3dnak.<\/p>\n<p>Akt\u00edv \u00f6sszetev\u0151k: Tejsavval \u00e9s kamillakivonattal d\u00fas\u00edtott feh\u00e9r\u00edt\u0151 g\u00e9l, mely finoman tiszt\u00edtja az \u00e9rz\u00e9keny ter\u00fcleteket. Intenz\u00edven hidrat\u00e1l \u00e9s meger\u0151s\u00edti a term\u00e9szetes v\u00e9d\u0151g\u00e1tat, fenntartva a megfelel\u0151 ph-\u00e9rt\u00e9ket. Enyh\u00edti az irrit\u00e1ci\u00f3s t\u00fcneteket \u00e9s tart\u00f3san friss\u00edt.<\/p>\n","protected":false},"excerpt":{"rendered":"<p>250ml ( 7000 Ft\/l )<\/p>\n","protected":false},"featured_media":25156,"comment_status":"open","ping_status":"closed","template":"","meta":[],"product_cat":[125,94],"product_tag":[],"yoast_head":"<!-- This site is optimized with the Yoast SEO plugin v22.2 - https:\/\/yoast.com\/wordpress\/plugins\/seo\/ -->\n<title>White Prestige 4D Intim Mosakod\u00f3 G\u00e9l 250ml - Eveline Cosmetics Magyarorsz\u00e1g<\/title>\n<meta name=\"robots\" content=\"index, follow, max-snippet:-1, max-image-preview:large, max-video-preview:-1\" \/>\n<link rel=\"canonical\" href=\"https:\/\/www.eveline.hu\/2016\/eveline-kozmetikumok-szepsegapolas\/termekcsaladok\/white-prestige-4d\/white-prestige-4d-intim-mosakodo-gel-250ml\/\" \/>\n<meta property=\"og:locale\" content=\"hu_HU\" \/>\n<meta property=\"og:type\" content=\"article\" \/>\n<meta property=\"og:title\" content=\"White Prestige 4D Intim Mosakod\u00f3 G\u00e9l 250ml - Eveline Cosmetics Magyarorsz\u00e1g\" \/>\n<meta property=\"og:description\" content=\"250ml ( 7000 Ft\/l )\" \/>\n<meta property=\"og:url\" content=\"https:\/\/www.eveline.hu\/2016\/eveline-kozmetikumok-szepsegapolas\/termekcsaladok\/white-prestige-4d\/white-prestige-4d-intim-mosakodo-gel-250ml\/\" \/>\n<meta property=\"og:site_name\" content=\"Eveline Cosmetics Magyarorsz\u00e1g\" \/>\n<meta property=\"article:modified_time\" content=\"2022-12-09T11:07:53+00:00\" \/>\n<meta property=\"og:image\" content=\"https:\/\/www.eveline.hu\/2016\/wp-content\/uploads\/2020\/03\/JB250WP4DHI-5907609397621-INTIMATE-GEL-w.png\" \/>\n\t<meta property=\"og:image:width\" content=\"750\" \/>\n\t<meta property=\"og:image:height\" content=\"750\" \/>\n\t<meta property=\"og:image:type\" content=\"image\/png\" \/>\n<meta name=\"twitter:card\" content=\"summary_large_image\" \/>\n<meta name=\"twitter:label1\" content=\"Becs\u00fclt olvas\u00e1si id\u0151\" \/>\n\t<meta name=\"twitter:data1\" content=\"1 perc\" \/>\n<script type=\"application\/ld+json\" class=\"yoast-schema-graph\">{\"@context\":\"https:\/\/schema.org\",\"@graph\":[{\"@type\":\"WebPage\",\"@id\":\"https:\/\/www.eveline.hu\/2016\/eveline-kozmetikumok-szepsegapolas\/termekcsaladok\/white-prestige-4d\/white-prestige-4d-intim-mosakodo-gel-250ml\/\",\"url\":\"https:\/\/www.eveline.hu\/2016\/eveline-kozmetikumok-szepsegapolas\/termekcsaladok\/white-prestige-4d\/white-prestige-4d-intim-mosakodo-gel-250ml\/\",\"name\":\"White Prestige 4D Intim Mosakod\u00f3 G\u00e9l 250ml - Eveline Cosmetics Magyarorsz\u00e1g\",\"isPartOf\":{\"@id\":\"https:\/\/www.eveline.hu\/2016\/#website\"},\"primaryImageOfPage\":{\"@id\":\"https:\/\/www.eveline.hu\/2016\/eveline-kozmetikumok-szepsegapolas\/termekcsaladok\/white-prestige-4d\/white-prestige-4d-intim-mosakodo-gel-250ml\/#primaryimage\"},\"image\":{\"@id\":\"https:\/\/www.eveline.hu\/2016\/eveline-kozmetikumok-szepsegapolas\/termekcsaladok\/white-prestige-4d\/white-prestige-4d-intim-mosakodo-gel-250ml\/#primaryimage\"},\"thumbnailUrl\":\"https:\/\/www.eveline.hu\/2016\/wp-content\/uploads\/2020\/03\/JB250WP4DHI-5907609397621-INTIMATE-GEL-w.png\",\"datePublished\":\"2020-03-30T08:25:13+00:00\",\"dateModified\":\"2022-12-09T11:07:53+00:00\",\"breadcrumb\":{\"@id\":\"https:\/\/www.eveline.hu\/2016\/eveline-kozmetikumok-szepsegapolas\/termekcsaladok\/white-prestige-4d\/white-prestige-4d-intim-mosakodo-gel-250ml\/#breadcrumb\"},\"inLanguage\":\"hu\",\"potentialAction\":[{\"@type\":\"ReadAction\",\"target\":[\"https:\/\/www.eveline.hu\/2016\/eveline-kozmetikumok-szepsegapolas\/termekcsaladok\/white-prestige-4d\/white-prestige-4d-intim-mosakodo-gel-250ml\/\"]}]},{\"@type\":\"ImageObject\",\"inLanguage\":\"hu\",\"@id\":\"https:\/\/www.eveline.hu\/2016\/eveline-kozmetikumok-szepsegapolas\/termekcsaladok\/white-prestige-4d\/white-prestige-4d-intim-mosakodo-gel-250ml\/#primaryimage\",\"url\":\"https:\/\/www.eveline.hu\/2016\/wp-content\/uploads\/2020\/03\/JB250WP4DHI-5907609397621-INTIMATE-GEL-w.png\",\"contentUrl\":\"https:\/\/www.eveline.hu\/2016\/wp-content\/uploads\/2020\/03\/JB250WP4DHI-5907609397621-INTIMATE-GEL-w.png\",\"width\":750,\"height\":750},{\"@type\":\"BreadcrumbList\",\"@id\":\"https:\/\/www.eveline.hu\/2016\/eveline-kozmetikumok-szepsegapolas\/termekcsaladok\/white-prestige-4d\/white-prestige-4d-intim-mosakodo-gel-250ml\/#breadcrumb\",\"itemListElement\":[{\"@type\":\"ListItem\",\"position\":1,\"name\":\"Home\",\"item\":\"https:\/\/www.eveline.hu\/2016\/\"},{\"@type\":\"ListItem\",\"position\":2,\"name\":\"Term\u00e9kek\",\"item\":\"https:\/\/www.eveline.hu\/2016\/shop\/\"},{\"@type\":\"ListItem\",\"position\":3,\"name\":\"White Prestige 4D Intim Mosakod\u00f3 G\u00e9l 250ml\"}]},{\"@type\":\"WebSite\",\"@id\":\"https:\/\/www.eveline.hu\/2016\/#website\",\"url\":\"https:\/\/www.eveline.hu\/2016\/\",\"name\":\"Eveline Cosmetics Magyarorsz\u00e1g\",\"description\":\"Min\u0151s\u00e9gi kozmetikumok Lengyelorsz\u00e1gb\u00f3l\",\"potentialAction\":[{\"@type\":\"SearchAction\",\"target\":{\"@type\":\"EntryPoint\",\"urlTemplate\":\"https:\/\/www.eveline.hu\/2016\/?s={search_term_string}\"},\"query-input\":\"required name=search_term_string\"}],\"inLanguage\":\"hu\"}]}<\/script>\n<!-- \/ Yoast SEO plugin. -->","yoast_head_json":{"title":"White Prestige 4D Intim Mosakod\u00f3 G\u00e9l 250ml - Eveline Cosmetics Magyarorsz\u00e1g","robots":{"index":"index","follow":"follow","max-snippet":"max-snippet:-1","max-image-preview":"max-image-preview:large","max-video-preview":"max-video-preview:-1"},"canonical":"https:\/\/www.eveline.hu\/2016\/eveline-kozmetikumok-szepsegapolas\/termekcsaladok\/white-prestige-4d\/white-prestige-4d-intim-mosakodo-gel-250ml\/","og_locale":"hu_HU","og_type":"article","og_title":"White Prestige 4D Intim Mosakod\u00f3 G\u00e9l 250ml - Eveline Cosmetics Magyarorsz\u00e1g","og_description":"250ml ( 7000 Ft\/l )","og_url":"https:\/\/www.eveline.hu\/2016\/eveline-kozmetikumok-szepsegapolas\/termekcsaladok\/white-prestige-4d\/white-prestige-4d-intim-mosakodo-gel-250ml\/","og_site_name":"Eveline Cosmetics Magyarorsz\u00e1g","article_modified_time":"2022-12-09T11:07:53+00:00","og_image":[{"width":750,"height":750,"url":"https:\/\/www.eveline.hu\/2016\/wp-content\/uploads\/2020\/03\/JB250WP4DHI-5907609397621-INTIMATE-GEL-w.png","type":"image\/png"}],"twitter_card":"summary_large_image","twitter_misc":{"Becs\u00fclt olvas\u00e1si id\u0151":"1 perc"},"schema":{"@context":"https:\/\/schema.org","@graph":[{"@type":"WebPage","@id":"https:\/\/www.eveline.hu\/2016\/eveline-kozmetikumok-szepsegapolas\/termekcsaladok\/white-prestige-4d\/white-prestige-4d-intim-mosakodo-gel-250ml\/","url":"https:\/\/www.eveline.hu\/2016\/eveline-kozmetikumok-szepsegapolas\/termekcsaladok\/white-prestige-4d\/white-prestige-4d-intim-mosakodo-gel-250ml\/","name":"White Prestige 4D Intim Mosakod\u00f3 G\u00e9l 250ml - Eveline Cosmetics Magyarorsz\u00e1g","isPartOf":{"@id":"https:\/\/www.eveline.hu\/2016\/#website"},"primaryImageOfPage":{"@id":"https:\/\/www.eveline.hu\/2016\/eveline-kozmetikumok-szepsegapolas\/termekcsaladok\/white-prestige-4d\/white-prestige-4d-intim-mosakodo-gel-250ml\/#primaryimage"},"image":{"@id":"https:\/\/www.eveline.hu\/2016\/eveline-kozmetikumok-szepsegapolas\/termekcsaladok\/white-prestige-4d\/white-prestige-4d-intim-mosakodo-gel-250ml\/#primaryimage"},"thumbnailUrl":"https:\/\/www.eveline.hu\/2016\/wp-content\/uploads\/2020\/03\/JB250WP4DHI-5907609397621-INTIMATE-GEL-w.png","datePublished":"2020-03-30T08:25:13+00:00","dateModified":"2022-12-09T11:07:53+00:00","breadcrumb":{"@id":"https:\/\/www.eveline.hu\/2016\/eveline-kozmetikumok-szepsegapolas\/termekcsaladok\/white-prestige-4d\/white-prestige-4d-intim-mosakodo-gel-250ml\/#breadcrumb"},"inLanguage":"hu","potentialAction":[{"@type":"ReadAction","target":["https:\/\/www.eveline.hu\/2016\/eveline-kozmetikumok-szepsegapolas\/termekcsaladok\/white-prestige-4d\/white-prestige-4d-intim-mosakodo-gel-250ml\/"]}]},{"@type":"ImageObject","inLanguage":"hu","@id":"https:\/\/www.eveline.hu\/2016\/eveline-kozmetikumok-szepsegapolas\/termekcsaladok\/white-prestige-4d\/white-prestige-4d-intim-mosakodo-gel-250ml\/#primaryimage","url":"https:\/\/www.eveline.hu\/2016\/wp-content\/uploads\/2020\/03\/JB250WP4DHI-5907609397621-INTIMATE-GEL-w.png","contentUrl":"https:\/\/www.eveline.hu\/2016\/wp-content\/uploads\/2020\/03\/JB250WP4DHI-5907609397621-INTIMATE-GEL-w.png","width":750,"height":750},{"@type":"BreadcrumbList","@id":"https:\/\/www.eveline.hu\/2016\/eveline-kozmetikumok-szepsegapolas\/termekcsaladok\/white-prestige-4d\/white-prestige-4d-intim-mosakodo-gel-250ml\/#breadcrumb","itemListElement":[{"@type":"ListItem","position":1,"name":"Home","item":"https:\/\/www.eveline.hu\/2016\/"},{"@type":"ListItem","position":2,"name":"Term\u00e9kek","item":"https:\/\/www.eveline.hu\/2016\/shop\/"},{"@type":"ListItem","position":3,"name":"White Prestige 4D Intim Mosakod\u00f3 G\u00e9l 250ml"}]},{"@type":"WebSite","@id":"https:\/\/www.eveline.hu\/2016\/#website","url":"https:\/\/www.eveline.hu\/2016\/","name":"Eveline Cosmetics Magyarorsz\u00e1g","description":"Min\u0151s\u00e9gi kozmetikumok Lengyelorsz\u00e1gb\u00f3l","potentialAction":[{"@type":"SearchAction","target":{"@type":"EntryPoint","urlTemplate":"https:\/\/www.eveline.hu\/2016\/?s={search_term_string}"},"query-input":"required name=search_term_string"}],"inLanguage":"hu"}]}},"_links":{"self":[{"href":"https:\/\/www.eveline.hu\/2016\/wp-json\/wp\/v2\/product\/25155"}],"collection":[{"href":"https:\/\/www.eveline.hu\/2016\/wp-json\/wp\/v2\/product"}],"about":[{"href":"https:\/\/www.eveline.hu\/2016\/wp-json\/wp\/v2\/types\/product"}],"replies":[{"embeddable":true,"href":"https:\/\/www.eveline.hu\/2016\/wp-json\/wp\/v2\/comments?post=25155"}],"wp:featuredmedia":[{"embeddable":true,"href":"https:\/\/www.eveline.hu\/2016\/wp-json\/wp\/v2\/media\/25156"}],"wp:attachment":[{"href":"https:\/\/www.eveline.hu\/2016\/wp-json\/wp\/v2\/media?parent=25155"}],"wp:term":[{"taxonomy":"product_cat","embeddable":true,"href":"https:\/\/www.eveline.hu\/2016\/wp-json\/wp\/v2\/product_cat?post=25155"},{"taxonomy":"product_tag","embeddable":true,"href":"https:\/\/www.eveline.hu\/2016\/wp-json\/wp\/v2\/product_tag?post=25155"}],"curies":[{"name":"wp","href":"https:\/\/api.w.org\/{rel}","templated":true}]}}