{"id":24987,"date":"2020-02-21T15:16:50","date_gmt":"2020-02-21T14:16:50","guid":{"rendered":"https:\/\/www.eveline.hu\/2016\/?post_type=product&#038;p=24987"},"modified":"2024-11-19T17:49:48","modified_gmt":"2024-11-19T16:49:48","slug":"szemhejfestek-8-szinu-modern-glam-03-96gr","status":"publish","type":"product","link":"https:\/\/www.eveline.hu\/2016\/eveline-kozmetikumok-szepsegapolas\/smink\/szem\/szemhej-festekek\/szemhejfestek-8-szinu-modern-glam-03-96gr\/","title":{"rendered":"Szemh\u00e9jfest\u00e9k 8 szin\u0171 Modern Glam 03  9,6gr"},"content":{"rendered":"<p>Szemh\u00e9jfest\u00e9k 8 \u00e1rnyalatban<\/p>\n<p>&nbsp;<\/p>\n<p>\u00f6sszetev\u0151k: Talc, Mica, Magnesium Myristate, Kaolin, Paraffinum Liquidum, Ethylhexyl Palmitate, Polyisobutene, Phenoxyethanol. May contain: CI 77491, CI 77492, CI 77499, CI 16035, CI 77742, CI 77891.<\/p>\n","protected":false},"excerpt":{"rendered":"<p>Szemh\u00e9jfest\u00e9k 8 \u00e1rnyalatban &nbsp; \u00f6sszetev\u0151k: Talc, Mica, Magnesium Myristate, Kaolin, Paraffinum Liquidum, Ethylhexyl Palmitate, Polyisobutene, Phenoxyethanol. May contain: CI 77491, CI 77492, CI 77499, CI 16035, CI 77742, CI 77891.<\/p>\n","protected":false},"featured_media":24990,"comment_status":"open","ping_status":"closed","template":"","meta":[],"product_cat":[130,132,151],"product_tag":[],"yoast_head":"<!-- This site is optimized with the Yoast SEO plugin v22.2 - https:\/\/yoast.com\/wordpress\/plugins\/seo\/ -->\n<title>Szemh\u00e9jfest\u00e9k 8 szin\u0171 Modern Glam 03 9,6gr - Eveline Cosmetics Magyarorsz\u00e1g<\/title>\n<meta name=\"robots\" content=\"index, follow, max-snippet:-1, max-image-preview:large, max-video-preview:-1\" \/>\n<link rel=\"canonical\" href=\"https:\/\/www.eveline.hu\/2016\/eveline-kozmetikumok-szepsegapolas\/smink\/szem\/szemhej-festekek\/szemhejfestek-8-szinu-modern-glam-03-96gr\/\" \/>\n<meta property=\"og:locale\" content=\"hu_HU\" \/>\n<meta property=\"og:type\" content=\"article\" \/>\n<meta property=\"og:title\" content=\"Szemh\u00e9jfest\u00e9k 8 szin\u0171 Modern Glam 03 9,6gr - Eveline Cosmetics Magyarorsz\u00e1g\" \/>\n<meta property=\"og:description\" content=\"Szemh\u00e9jfest\u00e9k 8 \u00e1rnyalatban &nbsp; \u00f6sszetev\u0151k: Talc, Mica, Magnesium Myristate, Kaolin, Paraffinum Liquidum, Ethylhexyl Palmitate, Polyisobutene, Phenoxyethanol. May contain: CI 77491, CI 77492, CI 77499, CI 16035, CI 77742, CI 77891.\" \/>\n<meta property=\"og:url\" content=\"https:\/\/www.eveline.hu\/2016\/eveline-kozmetikumok-szepsegapolas\/smink\/szem\/szemhej-festekek\/szemhejfestek-8-szinu-modern-glam-03-96gr\/\" \/>\n<meta property=\"og:site_name\" content=\"Eveline Cosmetics Magyarorsz\u00e1g\" \/>\n<meta property=\"article:modified_time\" content=\"2024-11-19T16:49:48+00:00\" \/>\n<meta property=\"og:image\" content=\"https:\/\/www.eveline.hu\/2016\/wp-content\/uploads\/2020\/02\/JMKCIEN8PAL3-5901761984620-EYESHADOW-8-COLOURS-PALLETTE-MODERN-GLAM-1.png\" \/>\n\t<meta property=\"og:image:width\" content=\"1754\" \/>\n\t<meta property=\"og:image:height\" content=\"1754\" \/>\n\t<meta property=\"og:image:type\" content=\"image\/png\" \/>\n<meta name=\"twitter:card\" content=\"summary_large_image\" \/>\n<meta name=\"twitter:label1\" content=\"Becs\u00fclt olvas\u00e1si id\u0151\" \/>\n\t<meta name=\"twitter:data1\" content=\"1 perc\" \/>\n<script type=\"application\/ld+json\" class=\"yoast-schema-graph\">{\"@context\":\"https:\/\/schema.org\",\"@graph\":[{\"@type\":\"WebPage\",\"@id\":\"https:\/\/www.eveline.hu\/2016\/eveline-kozmetikumok-szepsegapolas\/smink\/szem\/szemhej-festekek\/szemhejfestek-8-szinu-modern-glam-03-96gr\/\",\"url\":\"https:\/\/www.eveline.hu\/2016\/eveline-kozmetikumok-szepsegapolas\/smink\/szem\/szemhej-festekek\/szemhejfestek-8-szinu-modern-glam-03-96gr\/\",\"name\":\"Szemh\u00e9jfest\u00e9k 8 szin\u0171 Modern Glam 03 9,6gr - Eveline Cosmetics Magyarorsz\u00e1g\",\"isPartOf\":{\"@id\":\"https:\/\/www.eveline.hu\/2016\/#website\"},\"primaryImageOfPage\":{\"@id\":\"https:\/\/www.eveline.hu\/2016\/eveline-kozmetikumok-szepsegapolas\/smink\/szem\/szemhej-festekek\/szemhejfestek-8-szinu-modern-glam-03-96gr\/#primaryimage\"},\"image\":{\"@id\":\"https:\/\/www.eveline.hu\/2016\/eveline-kozmetikumok-szepsegapolas\/smink\/szem\/szemhej-festekek\/szemhejfestek-8-szinu-modern-glam-03-96gr\/#primaryimage\"},\"thumbnailUrl\":\"https:\/\/www.eveline.hu\/2016\/wp-content\/uploads\/2020\/02\/JMKCIEN8PAL3-5901761984620-EYESHADOW-8-COLOURS-PALLETTE-MODERN-GLAM-1.png\",\"datePublished\":\"2020-02-21T14:16:50+00:00\",\"dateModified\":\"2024-11-19T16:49:48+00:00\",\"breadcrumb\":{\"@id\":\"https:\/\/www.eveline.hu\/2016\/eveline-kozmetikumok-szepsegapolas\/smink\/szem\/szemhej-festekek\/szemhejfestek-8-szinu-modern-glam-03-96gr\/#breadcrumb\"},\"inLanguage\":\"hu\",\"potentialAction\":[{\"@type\":\"ReadAction\",\"target\":[\"https:\/\/www.eveline.hu\/2016\/eveline-kozmetikumok-szepsegapolas\/smink\/szem\/szemhej-festekek\/szemhejfestek-8-szinu-modern-glam-03-96gr\/\"]}]},{\"@type\":\"ImageObject\",\"inLanguage\":\"hu\",\"@id\":\"https:\/\/www.eveline.hu\/2016\/eveline-kozmetikumok-szepsegapolas\/smink\/szem\/szemhej-festekek\/szemhejfestek-8-szinu-modern-glam-03-96gr\/#primaryimage\",\"url\":\"https:\/\/www.eveline.hu\/2016\/wp-content\/uploads\/2020\/02\/JMKCIEN8PAL3-5901761984620-EYESHADOW-8-COLOURS-PALLETTE-MODERN-GLAM-1.png\",\"contentUrl\":\"https:\/\/www.eveline.hu\/2016\/wp-content\/uploads\/2020\/02\/JMKCIEN8PAL3-5901761984620-EYESHADOW-8-COLOURS-PALLETTE-MODERN-GLAM-1.png\",\"width\":1754,\"height\":1754},{\"@type\":\"BreadcrumbList\",\"@id\":\"https:\/\/www.eveline.hu\/2016\/eveline-kozmetikumok-szepsegapolas\/smink\/szem\/szemhej-festekek\/szemhejfestek-8-szinu-modern-glam-03-96gr\/#breadcrumb\",\"itemListElement\":[{\"@type\":\"ListItem\",\"position\":1,\"name\":\"Home\",\"item\":\"https:\/\/www.eveline.hu\/2016\/\"},{\"@type\":\"ListItem\",\"position\":2,\"name\":\"Term\u00e9kek\",\"item\":\"https:\/\/www.eveline.hu\/2016\/shop\/\"},{\"@type\":\"ListItem\",\"position\":3,\"name\":\"Szemh\u00e9jfest\u00e9k 8 szin\u0171 Modern Glam 03 9,6gr\"}]},{\"@type\":\"WebSite\",\"@id\":\"https:\/\/www.eveline.hu\/2016\/#website\",\"url\":\"https:\/\/www.eveline.hu\/2016\/\",\"name\":\"Eveline Cosmetics Magyarorsz\u00e1g\",\"description\":\"Min\u0151s\u00e9gi kozmetikumok Lengyelorsz\u00e1gb\u00f3l\",\"potentialAction\":[{\"@type\":\"SearchAction\",\"target\":{\"@type\":\"EntryPoint\",\"urlTemplate\":\"https:\/\/www.eveline.hu\/2016\/?s={search_term_string}\"},\"query-input\":\"required name=search_term_string\"}],\"inLanguage\":\"hu\"}]}<\/script>\n<!-- \/ Yoast SEO plugin. -->","yoast_head_json":{"title":"Szemh\u00e9jfest\u00e9k 8 szin\u0171 Modern Glam 03 9,6gr - Eveline Cosmetics Magyarorsz\u00e1g","robots":{"index":"index","follow":"follow","max-snippet":"max-snippet:-1","max-image-preview":"max-image-preview:large","max-video-preview":"max-video-preview:-1"},"canonical":"https:\/\/www.eveline.hu\/2016\/eveline-kozmetikumok-szepsegapolas\/smink\/szem\/szemhej-festekek\/szemhejfestek-8-szinu-modern-glam-03-96gr\/","og_locale":"hu_HU","og_type":"article","og_title":"Szemh\u00e9jfest\u00e9k 8 szin\u0171 Modern Glam 03 9,6gr - Eveline Cosmetics Magyarorsz\u00e1g","og_description":"Szemh\u00e9jfest\u00e9k 8 \u00e1rnyalatban &nbsp; \u00f6sszetev\u0151k: Talc, Mica, Magnesium Myristate, Kaolin, Paraffinum Liquidum, Ethylhexyl Palmitate, Polyisobutene, Phenoxyethanol. May contain: CI 77491, CI 77492, CI 77499, CI 16035, CI 77742, CI 77891.","og_url":"https:\/\/www.eveline.hu\/2016\/eveline-kozmetikumok-szepsegapolas\/smink\/szem\/szemhej-festekek\/szemhejfestek-8-szinu-modern-glam-03-96gr\/","og_site_name":"Eveline Cosmetics Magyarorsz\u00e1g","article_modified_time":"2024-11-19T16:49:48+00:00","og_image":[{"width":1754,"height":1754,"url":"https:\/\/www.eveline.hu\/2016\/wp-content\/uploads\/2020\/02\/JMKCIEN8PAL3-5901761984620-EYESHADOW-8-COLOURS-PALLETTE-MODERN-GLAM-1.png","type":"image\/png"}],"twitter_card":"summary_large_image","twitter_misc":{"Becs\u00fclt olvas\u00e1si id\u0151":"1 perc"},"schema":{"@context":"https:\/\/schema.org","@graph":[{"@type":"WebPage","@id":"https:\/\/www.eveline.hu\/2016\/eveline-kozmetikumok-szepsegapolas\/smink\/szem\/szemhej-festekek\/szemhejfestek-8-szinu-modern-glam-03-96gr\/","url":"https:\/\/www.eveline.hu\/2016\/eveline-kozmetikumok-szepsegapolas\/smink\/szem\/szemhej-festekek\/szemhejfestek-8-szinu-modern-glam-03-96gr\/","name":"Szemh\u00e9jfest\u00e9k 8 szin\u0171 Modern Glam 03 9,6gr - Eveline Cosmetics Magyarorsz\u00e1g","isPartOf":{"@id":"https:\/\/www.eveline.hu\/2016\/#website"},"primaryImageOfPage":{"@id":"https:\/\/www.eveline.hu\/2016\/eveline-kozmetikumok-szepsegapolas\/smink\/szem\/szemhej-festekek\/szemhejfestek-8-szinu-modern-glam-03-96gr\/#primaryimage"},"image":{"@id":"https:\/\/www.eveline.hu\/2016\/eveline-kozmetikumok-szepsegapolas\/smink\/szem\/szemhej-festekek\/szemhejfestek-8-szinu-modern-glam-03-96gr\/#primaryimage"},"thumbnailUrl":"https:\/\/www.eveline.hu\/2016\/wp-content\/uploads\/2020\/02\/JMKCIEN8PAL3-5901761984620-EYESHADOW-8-COLOURS-PALLETTE-MODERN-GLAM-1.png","datePublished":"2020-02-21T14:16:50+00:00","dateModified":"2024-11-19T16:49:48+00:00","breadcrumb":{"@id":"https:\/\/www.eveline.hu\/2016\/eveline-kozmetikumok-szepsegapolas\/smink\/szem\/szemhej-festekek\/szemhejfestek-8-szinu-modern-glam-03-96gr\/#breadcrumb"},"inLanguage":"hu","potentialAction":[{"@type":"ReadAction","target":["https:\/\/www.eveline.hu\/2016\/eveline-kozmetikumok-szepsegapolas\/smink\/szem\/szemhej-festekek\/szemhejfestek-8-szinu-modern-glam-03-96gr\/"]}]},{"@type":"ImageObject","inLanguage":"hu","@id":"https:\/\/www.eveline.hu\/2016\/eveline-kozmetikumok-szepsegapolas\/smink\/szem\/szemhej-festekek\/szemhejfestek-8-szinu-modern-glam-03-96gr\/#primaryimage","url":"https:\/\/www.eveline.hu\/2016\/wp-content\/uploads\/2020\/02\/JMKCIEN8PAL3-5901761984620-EYESHADOW-8-COLOURS-PALLETTE-MODERN-GLAM-1.png","contentUrl":"https:\/\/www.eveline.hu\/2016\/wp-content\/uploads\/2020\/02\/JMKCIEN8PAL3-5901761984620-EYESHADOW-8-COLOURS-PALLETTE-MODERN-GLAM-1.png","width":1754,"height":1754},{"@type":"BreadcrumbList","@id":"https:\/\/www.eveline.hu\/2016\/eveline-kozmetikumok-szepsegapolas\/smink\/szem\/szemhej-festekek\/szemhejfestek-8-szinu-modern-glam-03-96gr\/#breadcrumb","itemListElement":[{"@type":"ListItem","position":1,"name":"Home","item":"https:\/\/www.eveline.hu\/2016\/"},{"@type":"ListItem","position":2,"name":"Term\u00e9kek","item":"https:\/\/www.eveline.hu\/2016\/shop\/"},{"@type":"ListItem","position":3,"name":"Szemh\u00e9jfest\u00e9k 8 szin\u0171 Modern Glam 03 9,6gr"}]},{"@type":"WebSite","@id":"https:\/\/www.eveline.hu\/2016\/#website","url":"https:\/\/www.eveline.hu\/2016\/","name":"Eveline Cosmetics Magyarorsz\u00e1g","description":"Min\u0151s\u00e9gi kozmetikumok Lengyelorsz\u00e1gb\u00f3l","potentialAction":[{"@type":"SearchAction","target":{"@type":"EntryPoint","urlTemplate":"https:\/\/www.eveline.hu\/2016\/?s={search_term_string}"},"query-input":"required name=search_term_string"}],"inLanguage":"hu"}]}},"_links":{"self":[{"href":"https:\/\/www.eveline.hu\/2016\/wp-json\/wp\/v2\/product\/24987"}],"collection":[{"href":"https:\/\/www.eveline.hu\/2016\/wp-json\/wp\/v2\/product"}],"about":[{"href":"https:\/\/www.eveline.hu\/2016\/wp-json\/wp\/v2\/types\/product"}],"replies":[{"embeddable":true,"href":"https:\/\/www.eveline.hu\/2016\/wp-json\/wp\/v2\/comments?post=24987"}],"wp:featuredmedia":[{"embeddable":true,"href":"https:\/\/www.eveline.hu\/2016\/wp-json\/wp\/v2\/media\/24990"}],"wp:attachment":[{"href":"https:\/\/www.eveline.hu\/2016\/wp-json\/wp\/v2\/media?parent=24987"}],"wp:term":[{"taxonomy":"product_cat","embeddable":true,"href":"https:\/\/www.eveline.hu\/2016\/wp-json\/wp\/v2\/product_cat?post=24987"},{"taxonomy":"product_tag","embeddable":true,"href":"https:\/\/www.eveline.hu\/2016\/wp-json\/wp\/v2\/product_tag?post=24987"}],"curies":[{"name":"wp","href":"https:\/\/api.w.org\/{rel}","templated":true}]}}

Szemhéjfesték 8 szinű Modern Glam 03  9,6gr

<p>Szemhéjfesték 8 árnyalatban</p>
<p>&nbsp;</p>
<p>összetevők: Talc, Mica, Magnesium Myristate, Kaolin, Paraffinum Liquidum, Ethylhexyl Palmitate, Polyisobutene, Phenoxyethanol. May contain: CI 77491, CI 77492, CI 77499, CI 16035, CI 77742, CI 77891.</p>

<p>Szemhéjfesték 8 árnyalatban &nbsp; összetevők: Talc, Mica, Magnesium Myristate, Kaolin, Paraffinum Liquidum, Ethylhexyl Palmitate, Polyisobutene, Phenoxyethanol. May contain: CI 77491, CI 77492, CI 77499, CI 16035, CI 77742, CI 77891.</p>

<!-- This site is optimized with the Yoast SEO plugin v22.2 - https://yoast.com/wordpress/plugins/seo/ -->
<title>Szemhéjfesték 8 szinű Modern Glam 03 9,6gr - Eveline Cosmetics Magyarország</title>
<meta name="robots" content="index, follow, max-snippet:-1, max-image-preview:large, max-video-preview:-1" />
<link rel="canonical" href="https://www.eveline.hu/2016/eveline-kozmetikumok-szepsegapolas/smink/szem/szemhej-festekek/szemhejfestek-8-szinu-modern-glam-03-96gr/" />
<meta property="og:locale" content="hu_HU" />
<meta property="og:type" content="article" />
<meta property="og:title" content="Szemhéjfesték 8 szinű Modern Glam 03 9,6gr - Eveline Cosmetics Magyarország" />
<meta property="og:description" content="Szemhéjfesték 8 árnyalatban &nbsp; összetevők: Talc, Mica, Magnesium Myristate, Kaolin, Paraffinum Liquidum, Ethylhexyl Palmitate, Polyisobutene, Phenoxyethanol. May contain: CI 77491, CI 77492, CI 77499, CI 16035, CI 77742, CI 77891." />
<meta property="og:url" content="https://www.eveline.hu/2016/eveline-kozmetikumok-szepsegapolas/smink/szem/szemhej-festekek/szemhejfestek-8-szinu-modern-glam-03-96gr/" />
<meta property="og:site_name" content="Eveline Cosmetics Magyarország" />
<meta property="article:modified_time" content="2024-11-19T16:49:48+00:00" />
<meta property="og:image" content="https://www.eveline.hu/2016/wp-content/uploads/2020/02/JMKCIEN8PAL3-5901761984620-EYESHADOW-8-COLOURS-PALLETTE-MODERN-GLAM-1.png" />
	<meta property="og:image:width" content="1754" />
	<meta property="og:image:height" content="1754" />
	<meta property="og:image:type" content="image/png" />
<meta name="twitter:card" content="summary_large_image" />
<meta name="twitter:label1" content="Becsült olvasási idő" />
	<meta name="twitter:data1" content="1 perc" />
<script type="application/ld+json" class="yoast-schema-graph">{"@context":"https://schema.org","@graph":[{"@type":"WebPage","@id":"https://www.eveline.hu/2016/eveline-kozmetikumok-szepsegapolas/smink/szem/szemhej-festekek/szemhejfestek-8-szinu-modern-glam-03-96gr/","url":"https://www.eveline.hu/2016/eveline-kozmetikumok-szepsegapolas/smink/szem/szemhej-festekek/szemhejfestek-8-szinu-modern-glam-03-96gr/","name":"Szemhéjfesték 8 szinű Modern Glam 03 9,6gr - Eveline Cosmetics Magyarország","isPartOf":{"@id":"https://www.eveline.hu/2016/#website"},"primaryImageOfPage":{"@id":"https://www.eveline.hu/2016/eveline-kozmetikumok-szepsegapolas/smink/szem/szemhej-festekek/szemhejfestek-8-szinu-modern-glam-03-96gr/#primaryimage"},"image":{"@id":"https://www.eveline.hu/2016/eveline-kozmetikumok-szepsegapolas/smink/szem/szemhej-festekek/szemhejfestek-8-szinu-modern-glam-03-96gr/#primaryimage"},"thumbnailUrl":"https://www.eveline.hu/2016/wp-content/uploads/2020/02/JMKCIEN8PAL3-5901761984620-EYESHADOW-8-COLOURS-PALLETTE-MODERN-GLAM-1.png","datePublished":"2020-02-21T14:16:50+00:00","dateModified":"2024-11-19T16:49:48+00:00","breadcrumb":{"@id":"https://www.eveline.hu/2016/eveline-kozmetikumok-szepsegapolas/smink/szem/szemhej-festekek/szemhejfestek-8-szinu-modern-glam-03-96gr/#breadcrumb"},"inLanguage":"hu","potentialAction":[{"@type":"ReadAction","target":["https://www.eveline.hu/2016/eveline-kozmetikumok-szepsegapolas/smink/szem/szemhej-festekek/szemhejfestek-8-szinu-modern-glam-03-96gr/"]}]},{"@type":"ImageObject","inLanguage":"hu","@id":"https://www.eveline.hu/2016/eveline-kozmetikumok-szepsegapolas/smink/szem/szemhej-festekek/szemhejfestek-8-szinu-modern-glam-03-96gr/#primaryimage","url":"https://www.eveline.hu/2016/wp-content/uploads/2020/02/JMKCIEN8PAL3-5901761984620-EYESHADOW-8-COLOURS-PALLETTE-MODERN-GLAM-1.png","contentUrl":"https://www.eveline.hu/2016/wp-content/uploads/2020/02/JMKCIEN8PAL3-5901761984620-EYESHADOW-8-COLOURS-PALLETTE-MODERN-GLAM-1.png","width":1754,"height":1754},{"@type":"BreadcrumbList","@id":"https://www.eveline.hu/2016/eveline-kozmetikumok-szepsegapolas/smink/szem/szemhej-festekek/szemhejfestek-8-szinu-modern-glam-03-96gr/#breadcrumb","itemListElement":[{"@type":"ListItem","position":1,"name":"Home","item":"https://www.eveline.hu/2016/"},{"@type":"ListItem","position":2,"name":"Termékek","item":"https://www.eveline.hu/2016/shop/"},{"@type":"ListItem","position":3,"name":"Szemhéjfesték 8 szinű Modern Glam 03 9,6gr"}]},{"@type":"WebSite","@id":"https://www.eveline.hu/2016/#website","url":"https://www.eveline.hu/2016/","name":"Eveline Cosmetics Magyarország","description":"Minőségi kozmetikumok Lengyelországból","potentialAction":[{"@type":"SearchAction","target":{"@type":"EntryPoint","urlTemplate":"https://www.eveline.hu/2016/?s={search_term_string}"},"query-input":"required name=search_term_string"}],"inLanguage":"hu"}]}</script>
<!-- / Yoast SEO plugin. -->

Szemhéjfesték 8 szinű Modern Glam 03 9,6gr - Eveline Cosmetics Magyarország

Szemhéjfesték 8 árnyalatban &nbsp; összetevők: Talc, Mica, Magnesium Myristate, Kaolin, Paraffinum Liquidum, Ethylhexyl Palmitate, Polyisobutene, Phenoxyethanol. May contain: CI 77491, CI 77492, CI 77499, CI 16035, CI 77742, CI 77891.

Eveline Cosmetics Magyarország

Termékek

Szemhéjfesték 8 szinű Modern Glam 03 9,6gr

Minőségi kozmetikumok Lengyelországból
