{"id":24569,"date":"2019-10-14T07:45:05","date_gmt":"2019-10-14T05:45:05","guid":{"rendered":"https:\/\/www.eveline.hu\/2016\/?post_type=product&#038;p=24569"},"modified":"2022-02-18T18:44:18","modified_gmt":"2022-02-18T17:44:18","slug":"liquid-control-alapozo-32ml-warm-beige-nr-40","status":"publish","type":"product","link":"https:\/\/www.eveline.hu\/2016\/eveline-kozmetikumok-szepsegapolas\/smink\/arc\/alapozok\/liquid-control-alapozo-32ml-warm-beige-nr-40\/","title":{"rendered":"Liquid Control alapoz\u00f3 32ml Warm Beige nr.40"},"content":{"rendered":"<p><strong>Mattifying Drops Alapoz\u00f3<\/strong><\/p>\n<p>Foly\u00e9kony, nem zs\u00edros, k\u00f6nnyed \u00f6sszet\u00e9tel\u00e9nek k\u00f6sz\u00f6nhet\u0151en term\u00e9szetes hat\u00e1st biztos\u00edt. T\u00f6k\u00e9letesen takar \u00e9s 24 \u00f3r\u00e1n \u00e1t tart\u00f3san matt\u00edt, maszk-hat\u00e1s n\u00e9lk\u00fcl. Ide\u00e1lisan kiegyenl\u00edti az arcsz\u00ednt, biztos\u00edtva a feljav\u00edtott b\u0151r eredm\u00e9ny\u00e9t.<\/p>\n<p>Haszn\u00e1lat: Alkalmaz\u00e1sa el\u0151tt j\u00f3l r\u00e1zza fel. V\u00e9kony r\u00e9tegben vigye fel a megtiszt\u00edtott arcb\u0151rre.<\/p>\n<p>\u00f6sszetev\u0151k: Aqua (Water), Dimethicone, Trisiloxane, PEG-10 Dimethicone, Talc, Isododecane, Trimethylsiloxysilicate, Nylon-12, Glycerin, Propylene Glycol, Sodium Chloride, Phenoxyethanol, PEG\/PPG-18\/18 Dimethicone, Magnesium Sulfate, Disteardimonium Hectorite, Trimethoxycaprylylsilane, Caprylyl Glycol, DMDM Hydantoin, Parfum, Triethoxycaprylylsilane, Chlorphenesin, Propylene Carbonate, Disodium EDTA, Limonene. May contain (+\/-):CI 77891, CI 77491, CI 77492, CI 77499.<\/p>\n","protected":false},"excerpt":{"rendered":"<p>Mattifying Drops Alapoz\u00f3 Foly\u00e9kony, nem zs\u00edros, k\u00f6nnyed \u00f6sszet\u00e9tel\u00e9nek k\u00f6sz\u00f6nhet\u0151en term\u00e9szetes hat\u00e1st biztos\u00edt. T\u00f6k\u00e9letesen takar \u00e9s 24 \u00f3r\u00e1n \u00e1t tart\u00f3san matt\u00edt, maszk-hat\u00e1s n\u00e9lk\u00fcl. Ide\u00e1lisan kiegyenl\u00edti az arcsz\u00ednt, biztos\u00edtva a feljav\u00edtott b\u0151r eredm\u00e9ny\u00e9t. Haszn\u00e1lat: Alkalmaz\u00e1sa el\u0151tt j\u00f3l r\u00e1zza fel. V\u00e9kony r\u00e9tegben vigye [&hellip;]<\/p>\n","protected":false},"featured_media":24570,"comment_status":"open","ping_status":"closed","template":"","meta":[],"product_cat":[130,131,140],"product_tag":[],"yoast_head":"<!-- This site is optimized with the Yoast SEO plugin v22.2 - https:\/\/yoast.com\/wordpress\/plugins\/seo\/ -->\n<title>Liquid Control alapoz\u00f3 32ml Warm Beige nr.40 - Eveline Cosmetics Magyarorsz\u00e1g<\/title>\n<meta name=\"robots\" content=\"index, follow, max-snippet:-1, max-image-preview:large, max-video-preview:-1\" \/>\n<link rel=\"canonical\" href=\"https:\/\/www.eveline.hu\/2016\/eveline-kozmetikumok-szepsegapolas\/smink\/arc\/alapozok\/liquid-control-alapozo-32ml-warm-beige-nr-40\/\" \/>\n<meta property=\"og:locale\" content=\"hu_HU\" \/>\n<meta property=\"og:type\" content=\"article\" \/>\n<meta property=\"og:title\" content=\"Liquid Control alapoz\u00f3 32ml Warm Beige nr.40 - Eveline Cosmetics Magyarorsz\u00e1g\" \/>\n<meta property=\"og:description\" content=\"Mattifying Drops Alapoz\u00f3 Foly\u00e9kony, nem zs\u00edros, k\u00f6nnyed \u00f6sszet\u00e9tel\u00e9nek k\u00f6sz\u00f6nhet\u0151en term\u00e9szetes hat\u00e1st biztos\u00edt. T\u00f6k\u00e9letesen takar \u00e9s 24 \u00f3r\u00e1n \u00e1t tart\u00f3san matt\u00edt, maszk-hat\u00e1s n\u00e9lk\u00fcl. Ide\u00e1lisan kiegyenl\u00edti az arcsz\u00ednt, biztos\u00edtva a feljav\u00edtott b\u0151r eredm\u00e9ny\u00e9t. Haszn\u00e1lat: Alkalmaz\u00e1sa el\u0151tt j\u00f3l r\u00e1zza fel. V\u00e9kony r\u00e9tegben vigye [&hellip;]\" \/>\n<meta property=\"og:url\" content=\"https:\/\/www.eveline.hu\/2016\/eveline-kozmetikumok-szepsegapolas\/smink\/arc\/alapozok\/liquid-control-alapozo-32ml-warm-beige-nr-40\/\" \/>\n<meta property=\"og:site_name\" content=\"Eveline Cosmetics Magyarorsz\u00e1g\" \/>\n<meta property=\"article:modified_time\" content=\"2022-02-18T17:44:18+00:00\" \/>\n<meta property=\"og:image\" content=\"https:\/\/www.eveline.hu\/2016\/wp-content\/uploads\/2019\/10\/Liquid-C-40-web.png\" \/>\n\t<meta property=\"og:image:width\" content=\"750\" \/>\n\t<meta property=\"og:image:height\" content=\"750\" \/>\n\t<meta property=\"og:image:type\" content=\"image\/png\" \/>\n<meta name=\"twitter:card\" content=\"summary_large_image\" \/>\n<meta name=\"twitter:label1\" content=\"Becs\u00fclt olvas\u00e1si id\u0151\" \/>\n\t<meta name=\"twitter:data1\" content=\"1 perc\" \/>\n<script type=\"application\/ld+json\" class=\"yoast-schema-graph\">{\"@context\":\"https:\/\/schema.org\",\"@graph\":[{\"@type\":\"WebPage\",\"@id\":\"https:\/\/www.eveline.hu\/2016\/eveline-kozmetikumok-szepsegapolas\/smink\/arc\/alapozok\/liquid-control-alapozo-32ml-warm-beige-nr-40\/\",\"url\":\"https:\/\/www.eveline.hu\/2016\/eveline-kozmetikumok-szepsegapolas\/smink\/arc\/alapozok\/liquid-control-alapozo-32ml-warm-beige-nr-40\/\",\"name\":\"Liquid Control alapoz\u00f3 32ml Warm Beige nr.40 - Eveline Cosmetics Magyarorsz\u00e1g\",\"isPartOf\":{\"@id\":\"https:\/\/www.eveline.hu\/2016\/#website\"},\"primaryImageOfPage\":{\"@id\":\"https:\/\/www.eveline.hu\/2016\/eveline-kozmetikumok-szepsegapolas\/smink\/arc\/alapozok\/liquid-control-alapozo-32ml-warm-beige-nr-40\/#primaryimage\"},\"image\":{\"@id\":\"https:\/\/www.eveline.hu\/2016\/eveline-kozmetikumok-szepsegapolas\/smink\/arc\/alapozok\/liquid-control-alapozo-32ml-warm-beige-nr-40\/#primaryimage\"},\"thumbnailUrl\":\"https:\/\/www.eveline.hu\/2016\/wp-content\/uploads\/2019\/10\/Liquid-C-40-web.png\",\"datePublished\":\"2019-10-14T05:45:05+00:00\",\"dateModified\":\"2022-02-18T17:44:18+00:00\",\"breadcrumb\":{\"@id\":\"https:\/\/www.eveline.hu\/2016\/eveline-kozmetikumok-szepsegapolas\/smink\/arc\/alapozok\/liquid-control-alapozo-32ml-warm-beige-nr-40\/#breadcrumb\"},\"inLanguage\":\"hu\",\"potentialAction\":[{\"@type\":\"ReadAction\",\"target\":[\"https:\/\/www.eveline.hu\/2016\/eveline-kozmetikumok-szepsegapolas\/smink\/arc\/alapozok\/liquid-control-alapozo-32ml-warm-beige-nr-40\/\"]}]},{\"@type\":\"ImageObject\",\"inLanguage\":\"hu\",\"@id\":\"https:\/\/www.eveline.hu\/2016\/eveline-kozmetikumok-szepsegapolas\/smink\/arc\/alapozok\/liquid-control-alapozo-32ml-warm-beige-nr-40\/#primaryimage\",\"url\":\"https:\/\/www.eveline.hu\/2016\/wp-content\/uploads\/2019\/10\/Liquid-C-40-web.png\",\"contentUrl\":\"https:\/\/www.eveline.hu\/2016\/wp-content\/uploads\/2019\/10\/Liquid-C-40-web.png\",\"width\":750,\"height\":750},{\"@type\":\"BreadcrumbList\",\"@id\":\"https:\/\/www.eveline.hu\/2016\/eveline-kozmetikumok-szepsegapolas\/smink\/arc\/alapozok\/liquid-control-alapozo-32ml-warm-beige-nr-40\/#breadcrumb\",\"itemListElement\":[{\"@type\":\"ListItem\",\"position\":1,\"name\":\"Home\",\"item\":\"https:\/\/www.eveline.hu\/2016\/\"},{\"@type\":\"ListItem\",\"position\":2,\"name\":\"Term\u00e9kek\",\"item\":\"https:\/\/www.eveline.hu\/2016\/shop\/\"},{\"@type\":\"ListItem\",\"position\":3,\"name\":\"Liquid Control alapoz\u00f3 32ml Warm Beige nr.40\"}]},{\"@type\":\"WebSite\",\"@id\":\"https:\/\/www.eveline.hu\/2016\/#website\",\"url\":\"https:\/\/www.eveline.hu\/2016\/\",\"name\":\"Eveline Cosmetics Magyarorsz\u00e1g\",\"description\":\"Min\u0151s\u00e9gi kozmetikumok Lengyelorsz\u00e1gb\u00f3l\",\"potentialAction\":[{\"@type\":\"SearchAction\",\"target\":{\"@type\":\"EntryPoint\",\"urlTemplate\":\"https:\/\/www.eveline.hu\/2016\/?s={search_term_string}\"},\"query-input\":\"required name=search_term_string\"}],\"inLanguage\":\"hu\"}]}<\/script>\n<!-- \/ Yoast SEO plugin. -->","yoast_head_json":{"title":"Liquid Control alapoz\u00f3 32ml Warm Beige nr.40 - Eveline Cosmetics Magyarorsz\u00e1g","robots":{"index":"index","follow":"follow","max-snippet":"max-snippet:-1","max-image-preview":"max-image-preview:large","max-video-preview":"max-video-preview:-1"},"canonical":"https:\/\/www.eveline.hu\/2016\/eveline-kozmetikumok-szepsegapolas\/smink\/arc\/alapozok\/liquid-control-alapozo-32ml-warm-beige-nr-40\/","og_locale":"hu_HU","og_type":"article","og_title":"Liquid Control alapoz\u00f3 32ml Warm Beige nr.40 - Eveline Cosmetics Magyarorsz\u00e1g","og_description":"Mattifying Drops Alapoz\u00f3 Foly\u00e9kony, nem zs\u00edros, k\u00f6nnyed \u00f6sszet\u00e9tel\u00e9nek k\u00f6sz\u00f6nhet\u0151en term\u00e9szetes hat\u00e1st biztos\u00edt. T\u00f6k\u00e9letesen takar \u00e9s 24 \u00f3r\u00e1n \u00e1t tart\u00f3san matt\u00edt, maszk-hat\u00e1s n\u00e9lk\u00fcl. Ide\u00e1lisan kiegyenl\u00edti az arcsz\u00ednt, biztos\u00edtva a feljav\u00edtott b\u0151r eredm\u00e9ny\u00e9t. Haszn\u00e1lat: Alkalmaz\u00e1sa el\u0151tt j\u00f3l r\u00e1zza fel. V\u00e9kony r\u00e9tegben vigye [&hellip;]","og_url":"https:\/\/www.eveline.hu\/2016\/eveline-kozmetikumok-szepsegapolas\/smink\/arc\/alapozok\/liquid-control-alapozo-32ml-warm-beige-nr-40\/","og_site_name":"Eveline Cosmetics Magyarorsz\u00e1g","article_modified_time":"2022-02-18T17:44:18+00:00","og_image":[{"width":750,"height":750,"url":"https:\/\/www.eveline.hu\/2016\/wp-content\/uploads\/2019\/10\/Liquid-C-40-web.png","type":"image\/png"}],"twitter_card":"summary_large_image","twitter_misc":{"Becs\u00fclt olvas\u00e1si id\u0151":"1 perc"},"schema":{"@context":"https:\/\/schema.org","@graph":[{"@type":"WebPage","@id":"https:\/\/www.eveline.hu\/2016\/eveline-kozmetikumok-szepsegapolas\/smink\/arc\/alapozok\/liquid-control-alapozo-32ml-warm-beige-nr-40\/","url":"https:\/\/www.eveline.hu\/2016\/eveline-kozmetikumok-szepsegapolas\/smink\/arc\/alapozok\/liquid-control-alapozo-32ml-warm-beige-nr-40\/","name":"Liquid Control alapoz\u00f3 32ml Warm Beige nr.40 - Eveline Cosmetics Magyarorsz\u00e1g","isPartOf":{"@id":"https:\/\/www.eveline.hu\/2016\/#website"},"primaryImageOfPage":{"@id":"https:\/\/www.eveline.hu\/2016\/eveline-kozmetikumok-szepsegapolas\/smink\/arc\/alapozok\/liquid-control-alapozo-32ml-warm-beige-nr-40\/#primaryimage"},"image":{"@id":"https:\/\/www.eveline.hu\/2016\/eveline-kozmetikumok-szepsegapolas\/smink\/arc\/alapozok\/liquid-control-alapozo-32ml-warm-beige-nr-40\/#primaryimage"},"thumbnailUrl":"https:\/\/www.eveline.hu\/2016\/wp-content\/uploads\/2019\/10\/Liquid-C-40-web.png","datePublished":"2019-10-14T05:45:05+00:00","dateModified":"2022-02-18T17:44:18+00:00","breadcrumb":{"@id":"https:\/\/www.eveline.hu\/2016\/eveline-kozmetikumok-szepsegapolas\/smink\/arc\/alapozok\/liquid-control-alapozo-32ml-warm-beige-nr-40\/#breadcrumb"},"inLanguage":"hu","potentialAction":[{"@type":"ReadAction","target":["https:\/\/www.eveline.hu\/2016\/eveline-kozmetikumok-szepsegapolas\/smink\/arc\/alapozok\/liquid-control-alapozo-32ml-warm-beige-nr-40\/"]}]},{"@type":"ImageObject","inLanguage":"hu","@id":"https:\/\/www.eveline.hu\/2016\/eveline-kozmetikumok-szepsegapolas\/smink\/arc\/alapozok\/liquid-control-alapozo-32ml-warm-beige-nr-40\/#primaryimage","url":"https:\/\/www.eveline.hu\/2016\/wp-content\/uploads\/2019\/10\/Liquid-C-40-web.png","contentUrl":"https:\/\/www.eveline.hu\/2016\/wp-content\/uploads\/2019\/10\/Liquid-C-40-web.png","width":750,"height":750},{"@type":"BreadcrumbList","@id":"https:\/\/www.eveline.hu\/2016\/eveline-kozmetikumok-szepsegapolas\/smink\/arc\/alapozok\/liquid-control-alapozo-32ml-warm-beige-nr-40\/#breadcrumb","itemListElement":[{"@type":"ListItem","position":1,"name":"Home","item":"https:\/\/www.eveline.hu\/2016\/"},{"@type":"ListItem","position":2,"name":"Term\u00e9kek","item":"https:\/\/www.eveline.hu\/2016\/shop\/"},{"@type":"ListItem","position":3,"name":"Liquid Control alapoz\u00f3 32ml Warm Beige nr.40"}]},{"@type":"WebSite","@id":"https:\/\/www.eveline.hu\/2016\/#website","url":"https:\/\/www.eveline.hu\/2016\/","name":"Eveline Cosmetics Magyarorsz\u00e1g","description":"Min\u0151s\u00e9gi kozmetikumok Lengyelorsz\u00e1gb\u00f3l","potentialAction":[{"@type":"SearchAction","target":{"@type":"EntryPoint","urlTemplate":"https:\/\/www.eveline.hu\/2016\/?s={search_term_string}"},"query-input":"required name=search_term_string"}],"inLanguage":"hu"}]}},"_links":{"self":[{"href":"https:\/\/www.eveline.hu\/2016\/wp-json\/wp\/v2\/product\/24569"}],"collection":[{"href":"https:\/\/www.eveline.hu\/2016\/wp-json\/wp\/v2\/product"}],"about":[{"href":"https:\/\/www.eveline.hu\/2016\/wp-json\/wp\/v2\/types\/product"}],"replies":[{"embeddable":true,"href":"https:\/\/www.eveline.hu\/2016\/wp-json\/wp\/v2\/comments?post=24569"}],"wp:featuredmedia":[{"embeddable":true,"href":"https:\/\/www.eveline.hu\/2016\/wp-json\/wp\/v2\/media\/24570"}],"wp:attachment":[{"href":"https:\/\/www.eveline.hu\/2016\/wp-json\/wp\/v2\/media?parent=24569"}],"wp:term":[{"taxonomy":"product_cat","embeddable":true,"href":"https:\/\/www.eveline.hu\/2016\/wp-json\/wp\/v2\/product_cat?post=24569"},{"taxonomy":"product_tag","embeddable":true,"href":"https:\/\/www.eveline.hu\/2016\/wp-json\/wp\/v2\/product_tag?post=24569"}],"curies":[{"name":"wp","href":"https:\/\/api.w.org\/{rel}","templated":true}]}}