{"id":24557,"date":"2019-10-10T10:28:45","date_gmt":"2019-10-10T08:28:45","guid":{"rendered":"https:\/\/www.eveline.hu\/2016\/?post_type=product&#038;p=24557"},"modified":"2025-01-20T08:42:38","modified_gmt":"2025-01-20T07:42:38","slug":"szemoldok-pomade-dark-brown","status":"publish","type":"product","link":"https:\/\/www.eveline.hu\/2016\/eveline-kozmetikumok-szepsegapolas\/smink\/szem\/szemoldok-kihuzok\/szemoldok-pomade-dark-brown\/","title":{"rendered":"Szem\u00f6ld\u00f6k Pom\u00e1d\u00e9 Dark Brown"},"content":{"rendered":"<p>Ide\u00e1lisan kiemeli, form\u00e1zza \u00e9s sz\u00ednt ad a szem\u00f6ld\u00f6knek. V\u00edz\u00e1ll\u00f3, hosszan tart\u00f3 formul\u00e1ja nem ken\u0151dik sz\u00e9t \u00e9s megmarad eg\u00e9sz nap. A k\u00e9nyelmes, k\u00e9toldal\u00fa applik\u00e1tor seg\u00edt a pom\u00e1d\u00e9 prec\u00edz felvitel\u00e9ben, a szem\u00f6ld\u00f6k form\u00e1z\u00e1s\u00e1ban.<\/p>\n<p>\u00f6sszetev\u0151k:<br \/>\nIsododecane, Hydrogenated Microcrystalline Wax, Ethylhexyl Palmitate, Hydrogenated Styrene\/Isoprene Copolymer,Trimethylsiloxysilicate, Cyclopentasiloxane, Phenoxyethanol. May contain (+\/-):CI 77981, CI 77491, CI 77492, CI 77499.<\/p>\n","protected":false},"excerpt":{"rendered":"<p>Ide\u00e1lisan kiemeli, form\u00e1zza \u00e9s sz\u00ednt ad a szem\u00f6ld\u00f6knek. V\u00edz\u00e1ll\u00f3, hosszan tart\u00f3 formul\u00e1ja nem ken\u0151dik sz\u00e9t \u00e9s megmarad eg\u00e9sz nap. A k\u00e9nyelmes, k\u00e9toldal\u00fa applik\u00e1tor seg\u00edt a pom\u00e1d\u00e9 prec\u00edz felvitel\u00e9ben, a szem\u00f6ld\u00f6k form\u00e1z\u00e1s\u00e1ban. \u00f6sszetev\u0151k: Isododecane, Hydrogenated Microcrystalline Wax, Ethylhexyl Palmitate, Hydrogenated Styrene\/Isoprene [&hellip;]<\/p>\n","protected":false},"featured_media":24558,"comment_status":"open","ping_status":"closed","template":"","meta":[],"product_cat":[130,132,142],"product_tag":[],"yoast_head":"<!-- This site is optimized with the Yoast SEO plugin v22.2 - https:\/\/yoast.com\/wordpress\/plugins\/seo\/ -->\n<title>Szem\u00f6ld\u00f6k Pom\u00e1d\u00e9 Dark Brown - Eveline Cosmetics Magyarorsz\u00e1g<\/title>\n<meta name=\"robots\" content=\"index, follow, max-snippet:-1, max-image-preview:large, max-video-preview:-1\" \/>\n<link rel=\"canonical\" href=\"https:\/\/www.eveline.hu\/2016\/eveline-kozmetikumok-szepsegapolas\/smink\/szem\/szemoldok-kihuzok\/szemoldok-pomade-dark-brown\/\" \/>\n<meta property=\"og:locale\" content=\"hu_HU\" \/>\n<meta property=\"og:type\" content=\"article\" \/>\n<meta property=\"og:title\" content=\"Szem\u00f6ld\u00f6k Pom\u00e1d\u00e9 Dark Brown - Eveline Cosmetics Magyarorsz\u00e1g\" \/>\n<meta property=\"og:description\" content=\"Ide\u00e1lisan kiemeli, form\u00e1zza \u00e9s sz\u00ednt ad a szem\u00f6ld\u00f6knek. V\u00edz\u00e1ll\u00f3, hosszan tart\u00f3 formul\u00e1ja nem ken\u0151dik sz\u00e9t \u00e9s megmarad eg\u00e9sz nap. A k\u00e9nyelmes, k\u00e9toldal\u00fa applik\u00e1tor seg\u00edt a pom\u00e1d\u00e9 prec\u00edz felvitel\u00e9ben, a szem\u00f6ld\u00f6k form\u00e1z\u00e1s\u00e1ban. \u00f6sszetev\u0151k: Isododecane, Hydrogenated Microcrystalline Wax, Ethylhexyl Palmitate, Hydrogenated Styrene\/Isoprene [&hellip;]\" \/>\n<meta property=\"og:url\" content=\"https:\/\/www.eveline.hu\/2016\/eveline-kozmetikumok-szepsegapolas\/smink\/szem\/szemoldok-kihuzok\/szemoldok-pomade-dark-brown\/\" \/>\n<meta property=\"og:site_name\" content=\"Eveline Cosmetics Magyarorsz\u00e1g\" \/>\n<meta property=\"article:modified_time\" content=\"2025-01-20T07:42:38+00:00\" \/>\n<meta property=\"og:image\" content=\"https:\/\/www.eveline.hu\/2016\/wp-content\/uploads\/2019\/10\/Pomade-dark-w.png\" \/>\n\t<meta property=\"og:image:width\" content=\"750\" \/>\n\t<meta property=\"og:image:height\" content=\"750\" \/>\n\t<meta property=\"og:image:type\" content=\"image\/png\" \/>\n<meta name=\"twitter:card\" content=\"summary_large_image\" \/>\n<script type=\"application\/ld+json\" class=\"yoast-schema-graph\">{\"@context\":\"https:\/\/schema.org\",\"@graph\":[{\"@type\":\"WebPage\",\"@id\":\"https:\/\/www.eveline.hu\/2016\/eveline-kozmetikumok-szepsegapolas\/smink\/szem\/szemoldok-kihuzok\/szemoldok-pomade-dark-brown\/\",\"url\":\"https:\/\/www.eveline.hu\/2016\/eveline-kozmetikumok-szepsegapolas\/smink\/szem\/szemoldok-kihuzok\/szemoldok-pomade-dark-brown\/\",\"name\":\"Szem\u00f6ld\u00f6k Pom\u00e1d\u00e9 Dark Brown - Eveline Cosmetics Magyarorsz\u00e1g\",\"isPartOf\":{\"@id\":\"https:\/\/www.eveline.hu\/2016\/#website\"},\"primaryImageOfPage\":{\"@id\":\"https:\/\/www.eveline.hu\/2016\/eveline-kozmetikumok-szepsegapolas\/smink\/szem\/szemoldok-kihuzok\/szemoldok-pomade-dark-brown\/#primaryimage\"},\"image\":{\"@id\":\"https:\/\/www.eveline.hu\/2016\/eveline-kozmetikumok-szepsegapolas\/smink\/szem\/szemoldok-kihuzok\/szemoldok-pomade-dark-brown\/#primaryimage\"},\"thumbnailUrl\":\"https:\/\/www.eveline.hu\/2016\/wp-content\/uploads\/2019\/10\/Pomade-dark-w.png\",\"datePublished\":\"2019-10-10T08:28:45+00:00\",\"dateModified\":\"2025-01-20T07:42:38+00:00\",\"breadcrumb\":{\"@id\":\"https:\/\/www.eveline.hu\/2016\/eveline-kozmetikumok-szepsegapolas\/smink\/szem\/szemoldok-kihuzok\/szemoldok-pomade-dark-brown\/#breadcrumb\"},\"inLanguage\":\"hu\",\"potentialAction\":[{\"@type\":\"ReadAction\",\"target\":[\"https:\/\/www.eveline.hu\/2016\/eveline-kozmetikumok-szepsegapolas\/smink\/szem\/szemoldok-kihuzok\/szemoldok-pomade-dark-brown\/\"]}]},{\"@type\":\"ImageObject\",\"inLanguage\":\"hu\",\"@id\":\"https:\/\/www.eveline.hu\/2016\/eveline-kozmetikumok-szepsegapolas\/smink\/szem\/szemoldok-kihuzok\/szemoldok-pomade-dark-brown\/#primaryimage\",\"url\":\"https:\/\/www.eveline.hu\/2016\/wp-content\/uploads\/2019\/10\/Pomade-dark-w.png\",\"contentUrl\":\"https:\/\/www.eveline.hu\/2016\/wp-content\/uploads\/2019\/10\/Pomade-dark-w.png\",\"width\":750,\"height\":750},{\"@type\":\"BreadcrumbList\",\"@id\":\"https:\/\/www.eveline.hu\/2016\/eveline-kozmetikumok-szepsegapolas\/smink\/szem\/szemoldok-kihuzok\/szemoldok-pomade-dark-brown\/#breadcrumb\",\"itemListElement\":[{\"@type\":\"ListItem\",\"position\":1,\"name\":\"Home\",\"item\":\"https:\/\/www.eveline.hu\/2016\/\"},{\"@type\":\"ListItem\",\"position\":2,\"name\":\"Term\u00e9kek\",\"item\":\"https:\/\/www.eveline.hu\/2016\/shop\/\"},{\"@type\":\"ListItem\",\"position\":3,\"name\":\"Szem\u00f6ld\u00f6k Pom\u00e1d\u00e9 Dark Brown\"}]},{\"@type\":\"WebSite\",\"@id\":\"https:\/\/www.eveline.hu\/2016\/#website\",\"url\":\"https:\/\/www.eveline.hu\/2016\/\",\"name\":\"Eveline Cosmetics Magyarorsz\u00e1g\",\"description\":\"Min\u0151s\u00e9gi kozmetikumok Lengyelorsz\u00e1gb\u00f3l\",\"potentialAction\":[{\"@type\":\"SearchAction\",\"target\":{\"@type\":\"EntryPoint\",\"urlTemplate\":\"https:\/\/www.eveline.hu\/2016\/?s={search_term_string}\"},\"query-input\":\"required name=search_term_string\"}],\"inLanguage\":\"hu\"}]}<\/script>\n<!-- \/ Yoast SEO plugin. -->","yoast_head_json":{"title":"Szem\u00f6ld\u00f6k Pom\u00e1d\u00e9 Dark Brown - Eveline Cosmetics Magyarorsz\u00e1g","robots":{"index":"index","follow":"follow","max-snippet":"max-snippet:-1","max-image-preview":"max-image-preview:large","max-video-preview":"max-video-preview:-1"},"canonical":"https:\/\/www.eveline.hu\/2016\/eveline-kozmetikumok-szepsegapolas\/smink\/szem\/szemoldok-kihuzok\/szemoldok-pomade-dark-brown\/","og_locale":"hu_HU","og_type":"article","og_title":"Szem\u00f6ld\u00f6k Pom\u00e1d\u00e9 Dark Brown - Eveline Cosmetics Magyarorsz\u00e1g","og_description":"Ide\u00e1lisan kiemeli, form\u00e1zza \u00e9s sz\u00ednt ad a szem\u00f6ld\u00f6knek. V\u00edz\u00e1ll\u00f3, hosszan tart\u00f3 formul\u00e1ja nem ken\u0151dik sz\u00e9t \u00e9s megmarad eg\u00e9sz nap. A k\u00e9nyelmes, k\u00e9toldal\u00fa applik\u00e1tor seg\u00edt a pom\u00e1d\u00e9 prec\u00edz felvitel\u00e9ben, a szem\u00f6ld\u00f6k form\u00e1z\u00e1s\u00e1ban. \u00f6sszetev\u0151k: Isododecane, Hydrogenated Microcrystalline Wax, Ethylhexyl Palmitate, Hydrogenated Styrene\/Isoprene [&hellip;]","og_url":"https:\/\/www.eveline.hu\/2016\/eveline-kozmetikumok-szepsegapolas\/smink\/szem\/szemoldok-kihuzok\/szemoldok-pomade-dark-brown\/","og_site_name":"Eveline Cosmetics Magyarorsz\u00e1g","article_modified_time":"2025-01-20T07:42:38+00:00","og_image":[{"width":750,"height":750,"url":"https:\/\/www.eveline.hu\/2016\/wp-content\/uploads\/2019\/10\/Pomade-dark-w.png","type":"image\/png"}],"twitter_card":"summary_large_image","schema":{"@context":"https:\/\/schema.org","@graph":[{"@type":"WebPage","@id":"https:\/\/www.eveline.hu\/2016\/eveline-kozmetikumok-szepsegapolas\/smink\/szem\/szemoldok-kihuzok\/szemoldok-pomade-dark-brown\/","url":"https:\/\/www.eveline.hu\/2016\/eveline-kozmetikumok-szepsegapolas\/smink\/szem\/szemoldok-kihuzok\/szemoldok-pomade-dark-brown\/","name":"Szem\u00f6ld\u00f6k Pom\u00e1d\u00e9 Dark Brown - Eveline Cosmetics Magyarorsz\u00e1g","isPartOf":{"@id":"https:\/\/www.eveline.hu\/2016\/#website"},"primaryImageOfPage":{"@id":"https:\/\/www.eveline.hu\/2016\/eveline-kozmetikumok-szepsegapolas\/smink\/szem\/szemoldok-kihuzok\/szemoldok-pomade-dark-brown\/#primaryimage"},"image":{"@id":"https:\/\/www.eveline.hu\/2016\/eveline-kozmetikumok-szepsegapolas\/smink\/szem\/szemoldok-kihuzok\/szemoldok-pomade-dark-brown\/#primaryimage"},"thumbnailUrl":"https:\/\/www.eveline.hu\/2016\/wp-content\/uploads\/2019\/10\/Pomade-dark-w.png","datePublished":"2019-10-10T08:28:45+00:00","dateModified":"2025-01-20T07:42:38+00:00","breadcrumb":{"@id":"https:\/\/www.eveline.hu\/2016\/eveline-kozmetikumok-szepsegapolas\/smink\/szem\/szemoldok-kihuzok\/szemoldok-pomade-dark-brown\/#breadcrumb"},"inLanguage":"hu","potentialAction":[{"@type":"ReadAction","target":["https:\/\/www.eveline.hu\/2016\/eveline-kozmetikumok-szepsegapolas\/smink\/szem\/szemoldok-kihuzok\/szemoldok-pomade-dark-brown\/"]}]},{"@type":"ImageObject","inLanguage":"hu","@id":"https:\/\/www.eveline.hu\/2016\/eveline-kozmetikumok-szepsegapolas\/smink\/szem\/szemoldok-kihuzok\/szemoldok-pomade-dark-brown\/#primaryimage","url":"https:\/\/www.eveline.hu\/2016\/wp-content\/uploads\/2019\/10\/Pomade-dark-w.png","contentUrl":"https:\/\/www.eveline.hu\/2016\/wp-content\/uploads\/2019\/10\/Pomade-dark-w.png","width":750,"height":750},{"@type":"BreadcrumbList","@id":"https:\/\/www.eveline.hu\/2016\/eveline-kozmetikumok-szepsegapolas\/smink\/szem\/szemoldok-kihuzok\/szemoldok-pomade-dark-brown\/#breadcrumb","itemListElement":[{"@type":"ListItem","position":1,"name":"Home","item":"https:\/\/www.eveline.hu\/2016\/"},{"@type":"ListItem","position":2,"name":"Term\u00e9kek","item":"https:\/\/www.eveline.hu\/2016\/shop\/"},{"@type":"ListItem","position":3,"name":"Szem\u00f6ld\u00f6k Pom\u00e1d\u00e9 Dark Brown"}]},{"@type":"WebSite","@id":"https:\/\/www.eveline.hu\/2016\/#website","url":"https:\/\/www.eveline.hu\/2016\/","name":"Eveline Cosmetics Magyarorsz\u00e1g","description":"Min\u0151s\u00e9gi kozmetikumok Lengyelorsz\u00e1gb\u00f3l","potentialAction":[{"@type":"SearchAction","target":{"@type":"EntryPoint","urlTemplate":"https:\/\/www.eveline.hu\/2016\/?s={search_term_string}"},"query-input":"required name=search_term_string"}],"inLanguage":"hu"}]}},"_links":{"self":[{"href":"https:\/\/www.eveline.hu\/2016\/wp-json\/wp\/v2\/product\/24557"}],"collection":[{"href":"https:\/\/www.eveline.hu\/2016\/wp-json\/wp\/v2\/product"}],"about":[{"href":"https:\/\/www.eveline.hu\/2016\/wp-json\/wp\/v2\/types\/product"}],"replies":[{"embeddable":true,"href":"https:\/\/www.eveline.hu\/2016\/wp-json\/wp\/v2\/comments?post=24557"}],"wp:featuredmedia":[{"embeddable":true,"href":"https:\/\/www.eveline.hu\/2016\/wp-json\/wp\/v2\/media\/24558"}],"wp:attachment":[{"href":"https:\/\/www.eveline.hu\/2016\/wp-json\/wp\/v2\/media?parent=24557"}],"wp:term":[{"taxonomy":"product_cat","embeddable":true,"href":"https:\/\/www.eveline.hu\/2016\/wp-json\/wp\/v2\/product_cat?post=24557"},{"taxonomy":"product_tag","embeddable":true,"href":"https:\/\/www.eveline.hu\/2016\/wp-json\/wp\/v2\/product_tag?post=24557"}],"curies":[{"name":"wp","href":"https:\/\/api.w.org\/{rel}","templated":true}]}}