{"id":24089,"date":"2024-04-15T05:33:36","date_gmt":"2024-04-15T03:33:36","guid":{"rendered":"https:\/\/www.eveline.hu\/2016\/?post_type=product&#038;p=24089"},"modified":"2024-04-17T16:18:06","modified_gmt":"2024-04-17T14:18:06","slug":"royal-snail-intenziv-regeneralo-testbalzsam-350ml","status":"publish","type":"product","link":"https:\/\/www.eveline.hu\/2016\/eveline-kozmetikumok-szepsegapolas\/szepsegapolas\/testapolas\/royal-snail-intenziv-regeneralo-testbalzsam-350ml\/","title":{"rendered":"Royal Snail Intenz\u00edv Regener\u00e1l\u00f3 testbalzsam 350ml"},"content":{"rendered":"<p><strong>Royal Snail Intenz\u00edv Regener\u00e1l\u00f3 testbalzsam<\/strong><\/p>\n<p>minden b\u0151rt\u00edpusra, sz\u00e1razra is<\/p>\n<p>Azonnal \u00e9l\u00e9nk\u00edt, m\u00e9ly hidrat\u00e1l\u00e1st \u00e9s l\u00e1tv\u00e1nyos t\u00e1pl\u00e1l\u00e1st biztos\u00edt a b\u0151rnek, amit\u0151l gyeng\u00e9d, puha sim\u00edt\u00e1s\u00fa lesz \u00e9s visszanyeri rugalmass\u00e1g\u00e1t.<\/p>\n<p><strong>akt\u00edv \u00f6sszetev\u0151k<\/strong>: csigany\u00e1lka sz\u0171rlet, moringa olaj, ultREPAIR-IN\u2122, canola olaj, abyssinian olaj.<\/p>\n<p>&nbsp;<\/p>\n<p>\u00f6sszetev\u0151k: Aqua (Water), Glyceryl Stearate SE, Ethylhexyl Stearate, Paraffinum Liquidum, Glycerin, Brassica Campestris Seed Oil, Cetearyl Alcohol, Isopropyl Myristate, Dimethicone, Propylene Glycol, Macadamia Ternifolia Seed Oil, Crambe Abyssinica Seed Oil, Moringa Oleifera Seed Oil, Sclerocarya Birrea Seed Oil, Olus Oil, Snail Secretion Filtrate, Sodium Hyaluronate, Tocopheryl Acetate, Tocopherol, Panthenol, Allantoin, Palmitic Acid, Stearic Acid, Phenoxyethanol, Methylparaben, Ethylparaben, Butylparaben, Propylparaben, DMDM Hydantoin, Xanthan Gum, Sodium Polyacrylate, Parfum (Fragrance), Disodium EDTA, BHT, Alpha-Isomethyl Ionone, Benzyl Alcohol, Citronellol, Geraniol, Hydroxycitronellal, Hexyl Cinnamal, Linalool<\/p>\n","protected":false},"excerpt":{"rendered":"<p>350ml ( 5425 Ft\/l )<\/p>\n","protected":false},"featured_media":24090,"comment_status":"open","ping_status":"closed","template":"","meta":[],"product_cat":[224,125,127,80],"product_tag":[],"yoast_head":"<!-- This site is optimized with the Yoast SEO plugin v22.2 - https:\/\/yoast.com\/wordpress\/plugins\/seo\/ -->\n<title>Royal Snail Intenz\u00edv Regener\u00e1l\u00f3 testbalzsam 350ml - Eveline Cosmetics Magyarorsz\u00e1g<\/title>\n<meta name=\"robots\" content=\"index, follow, max-snippet:-1, max-image-preview:large, max-video-preview:-1\" \/>\n<link rel=\"canonical\" href=\"https:\/\/www.eveline.hu\/2016\/eveline-kozmetikumok-szepsegapolas\/szepsegapolas\/testapolas\/royal-snail-intenziv-regeneralo-testbalzsam-350ml\/\" \/>\n<meta property=\"og:locale\" content=\"hu_HU\" \/>\n<meta property=\"og:type\" content=\"article\" \/>\n<meta property=\"og:title\" content=\"Royal Snail Intenz\u00edv Regener\u00e1l\u00f3 testbalzsam 350ml - Eveline Cosmetics Magyarorsz\u00e1g\" \/>\n<meta property=\"og:description\" content=\"350ml ( 5425 Ft\/l )\" \/>\n<meta property=\"og:url\" content=\"https:\/\/www.eveline.hu\/2016\/eveline-kozmetikumok-szepsegapolas\/szepsegapolas\/testapolas\/royal-snail-intenziv-regeneralo-testbalzsam-350ml\/\" \/>\n<meta property=\"og:site_name\" content=\"Eveline Cosmetics Magyarorsz\u00e1g\" \/>\n<meta property=\"article:modified_time\" content=\"2024-04-17T14:18:06+00:00\" \/>\n<meta property=\"og:image\" content=\"https:\/\/www.eveline.hu\/2016\/wp-content\/uploads\/2019\/05\/Royal-Snail-body-balm-w.png\" \/>\n\t<meta property=\"og:image:width\" content=\"750\" \/>\n\t<meta property=\"og:image:height\" content=\"750\" \/>\n\t<meta property=\"og:image:type\" content=\"image\/png\" \/>\n<meta name=\"twitter:card\" content=\"summary_large_image\" \/>\n<meta name=\"twitter:label1\" content=\"Becs\u00fclt olvas\u00e1si id\u0151\" \/>\n\t<meta name=\"twitter:data1\" content=\"1 perc\" \/>\n<script type=\"application\/ld+json\" class=\"yoast-schema-graph\">{\"@context\":\"https:\/\/schema.org\",\"@graph\":[{\"@type\":\"WebPage\",\"@id\":\"https:\/\/www.eveline.hu\/2016\/eveline-kozmetikumok-szepsegapolas\/szepsegapolas\/testapolas\/royal-snail-intenziv-regeneralo-testbalzsam-350ml\/\",\"url\":\"https:\/\/www.eveline.hu\/2016\/eveline-kozmetikumok-szepsegapolas\/szepsegapolas\/testapolas\/royal-snail-intenziv-regeneralo-testbalzsam-350ml\/\",\"name\":\"Royal Snail Intenz\u00edv Regener\u00e1l\u00f3 testbalzsam 350ml - Eveline Cosmetics Magyarorsz\u00e1g\",\"isPartOf\":{\"@id\":\"https:\/\/www.eveline.hu\/2016\/#website\"},\"primaryImageOfPage\":{\"@id\":\"https:\/\/www.eveline.hu\/2016\/eveline-kozmetikumok-szepsegapolas\/szepsegapolas\/testapolas\/royal-snail-intenziv-regeneralo-testbalzsam-350ml\/#primaryimage\"},\"image\":{\"@id\":\"https:\/\/www.eveline.hu\/2016\/eveline-kozmetikumok-szepsegapolas\/szepsegapolas\/testapolas\/royal-snail-intenziv-regeneralo-testbalzsam-350ml\/#primaryimage\"},\"thumbnailUrl\":\"https:\/\/www.eveline.hu\/2016\/wp-content\/uploads\/2019\/05\/Royal-Snail-body-balm-w.png\",\"datePublished\":\"2024-04-15T03:33:36+00:00\",\"dateModified\":\"2024-04-17T14:18:06+00:00\",\"breadcrumb\":{\"@id\":\"https:\/\/www.eveline.hu\/2016\/eveline-kozmetikumok-szepsegapolas\/szepsegapolas\/testapolas\/royal-snail-intenziv-regeneralo-testbalzsam-350ml\/#breadcrumb\"},\"inLanguage\":\"hu\",\"potentialAction\":[{\"@type\":\"ReadAction\",\"target\":[\"https:\/\/www.eveline.hu\/2016\/eveline-kozmetikumok-szepsegapolas\/szepsegapolas\/testapolas\/royal-snail-intenziv-regeneralo-testbalzsam-350ml\/\"]}]},{\"@type\":\"ImageObject\",\"inLanguage\":\"hu\",\"@id\":\"https:\/\/www.eveline.hu\/2016\/eveline-kozmetikumok-szepsegapolas\/szepsegapolas\/testapolas\/royal-snail-intenziv-regeneralo-testbalzsam-350ml\/#primaryimage\",\"url\":\"https:\/\/www.eveline.hu\/2016\/wp-content\/uploads\/2019\/05\/Royal-Snail-body-balm-w.png\",\"contentUrl\":\"https:\/\/www.eveline.hu\/2016\/wp-content\/uploads\/2019\/05\/Royal-Snail-body-balm-w.png\",\"width\":750,\"height\":750},{\"@type\":\"BreadcrumbList\",\"@id\":\"https:\/\/www.eveline.hu\/2016\/eveline-kozmetikumok-szepsegapolas\/szepsegapolas\/testapolas\/royal-snail-intenziv-regeneralo-testbalzsam-350ml\/#breadcrumb\",\"itemListElement\":[{\"@type\":\"ListItem\",\"position\":1,\"name\":\"Home\",\"item\":\"https:\/\/www.eveline.hu\/2016\/\"},{\"@type\":\"ListItem\",\"position\":2,\"name\":\"Term\u00e9kek\",\"item\":\"https:\/\/www.eveline.hu\/2016\/shop\/\"},{\"@type\":\"ListItem\",\"position\":3,\"name\":\"Royal Snail Intenz\u00edv Regener\u00e1l\u00f3 testbalzsam 350ml\"}]},{\"@type\":\"WebSite\",\"@id\":\"https:\/\/www.eveline.hu\/2016\/#website\",\"url\":\"https:\/\/www.eveline.hu\/2016\/\",\"name\":\"Eveline Cosmetics Magyarorsz\u00e1g\",\"description\":\"Min\u0151s\u00e9gi kozmetikumok Lengyelorsz\u00e1gb\u00f3l\",\"potentialAction\":[{\"@type\":\"SearchAction\",\"target\":{\"@type\":\"EntryPoint\",\"urlTemplate\":\"https:\/\/www.eveline.hu\/2016\/?s={search_term_string}\"},\"query-input\":\"required name=search_term_string\"}],\"inLanguage\":\"hu\"}]}<\/script>\n<!-- \/ Yoast SEO plugin. -->","yoast_head_json":{"title":"Royal Snail Intenz\u00edv Regener\u00e1l\u00f3 testbalzsam 350ml - Eveline Cosmetics Magyarorsz\u00e1g","robots":{"index":"index","follow":"follow","max-snippet":"max-snippet:-1","max-image-preview":"max-image-preview:large","max-video-preview":"max-video-preview:-1"},"canonical":"https:\/\/www.eveline.hu\/2016\/eveline-kozmetikumok-szepsegapolas\/szepsegapolas\/testapolas\/royal-snail-intenziv-regeneralo-testbalzsam-350ml\/","og_locale":"hu_HU","og_type":"article","og_title":"Royal Snail Intenz\u00edv Regener\u00e1l\u00f3 testbalzsam 350ml - Eveline Cosmetics Magyarorsz\u00e1g","og_description":"350ml ( 5425 Ft\/l )","og_url":"https:\/\/www.eveline.hu\/2016\/eveline-kozmetikumok-szepsegapolas\/szepsegapolas\/testapolas\/royal-snail-intenziv-regeneralo-testbalzsam-350ml\/","og_site_name":"Eveline Cosmetics Magyarorsz\u00e1g","article_modified_time":"2024-04-17T14:18:06+00:00","og_image":[{"width":750,"height":750,"url":"https:\/\/www.eveline.hu\/2016\/wp-content\/uploads\/2019\/05\/Royal-Snail-body-balm-w.png","type":"image\/png"}],"twitter_card":"summary_large_image","twitter_misc":{"Becs\u00fclt olvas\u00e1si id\u0151":"1 perc"},"schema":{"@context":"https:\/\/schema.org","@graph":[{"@type":"WebPage","@id":"https:\/\/www.eveline.hu\/2016\/eveline-kozmetikumok-szepsegapolas\/szepsegapolas\/testapolas\/royal-snail-intenziv-regeneralo-testbalzsam-350ml\/","url":"https:\/\/www.eveline.hu\/2016\/eveline-kozmetikumok-szepsegapolas\/szepsegapolas\/testapolas\/royal-snail-intenziv-regeneralo-testbalzsam-350ml\/","name":"Royal Snail Intenz\u00edv Regener\u00e1l\u00f3 testbalzsam 350ml - Eveline Cosmetics Magyarorsz\u00e1g","isPartOf":{"@id":"https:\/\/www.eveline.hu\/2016\/#website"},"primaryImageOfPage":{"@id":"https:\/\/www.eveline.hu\/2016\/eveline-kozmetikumok-szepsegapolas\/szepsegapolas\/testapolas\/royal-snail-intenziv-regeneralo-testbalzsam-350ml\/#primaryimage"},"image":{"@id":"https:\/\/www.eveline.hu\/2016\/eveline-kozmetikumok-szepsegapolas\/szepsegapolas\/testapolas\/royal-snail-intenziv-regeneralo-testbalzsam-350ml\/#primaryimage"},"thumbnailUrl":"https:\/\/www.eveline.hu\/2016\/wp-content\/uploads\/2019\/05\/Royal-Snail-body-balm-w.png","datePublished":"2024-04-15T03:33:36+00:00","dateModified":"2024-04-17T14:18:06+00:00","breadcrumb":{"@id":"https:\/\/www.eveline.hu\/2016\/eveline-kozmetikumok-szepsegapolas\/szepsegapolas\/testapolas\/royal-snail-intenziv-regeneralo-testbalzsam-350ml\/#breadcrumb"},"inLanguage":"hu","potentialAction":[{"@type":"ReadAction","target":["https:\/\/www.eveline.hu\/2016\/eveline-kozmetikumok-szepsegapolas\/szepsegapolas\/testapolas\/royal-snail-intenziv-regeneralo-testbalzsam-350ml\/"]}]},{"@type":"ImageObject","inLanguage":"hu","@id":"https:\/\/www.eveline.hu\/2016\/eveline-kozmetikumok-szepsegapolas\/szepsegapolas\/testapolas\/royal-snail-intenziv-regeneralo-testbalzsam-350ml\/#primaryimage","url":"https:\/\/www.eveline.hu\/2016\/wp-content\/uploads\/2019\/05\/Royal-Snail-body-balm-w.png","contentUrl":"https:\/\/www.eveline.hu\/2016\/wp-content\/uploads\/2019\/05\/Royal-Snail-body-balm-w.png","width":750,"height":750},{"@type":"BreadcrumbList","@id":"https:\/\/www.eveline.hu\/2016\/eveline-kozmetikumok-szepsegapolas\/szepsegapolas\/testapolas\/royal-snail-intenziv-regeneralo-testbalzsam-350ml\/#breadcrumb","itemListElement":[{"@type":"ListItem","position":1,"name":"Home","item":"https:\/\/www.eveline.hu\/2016\/"},{"@type":"ListItem","position":2,"name":"Term\u00e9kek","item":"https:\/\/www.eveline.hu\/2016\/shop\/"},{"@type":"ListItem","position":3,"name":"Royal Snail Intenz\u00edv Regener\u00e1l\u00f3 testbalzsam 350ml"}]},{"@type":"WebSite","@id":"https:\/\/www.eveline.hu\/2016\/#website","url":"https:\/\/www.eveline.hu\/2016\/","name":"Eveline Cosmetics Magyarorsz\u00e1g","description":"Min\u0151s\u00e9gi kozmetikumok Lengyelorsz\u00e1gb\u00f3l","potentialAction":[{"@type":"SearchAction","target":{"@type":"EntryPoint","urlTemplate":"https:\/\/www.eveline.hu\/2016\/?s={search_term_string}"},"query-input":"required name=search_term_string"}],"inLanguage":"hu"}]}},"_links":{"self":[{"href":"https:\/\/www.eveline.hu\/2016\/wp-json\/wp\/v2\/product\/24089"}],"collection":[{"href":"https:\/\/www.eveline.hu\/2016\/wp-json\/wp\/v2\/product"}],"about":[{"href":"https:\/\/www.eveline.hu\/2016\/wp-json\/wp\/v2\/types\/product"}],"replies":[{"embeddable":true,"href":"https:\/\/www.eveline.hu\/2016\/wp-json\/wp\/v2\/comments?post=24089"}],"wp:featuredmedia":[{"embeddable":true,"href":"https:\/\/www.eveline.hu\/2016\/wp-json\/wp\/v2\/media\/24090"}],"wp:attachment":[{"href":"https:\/\/www.eveline.hu\/2016\/wp-json\/wp\/v2\/media?parent=24089"}],"wp:term":[{"taxonomy":"product_cat","embeddable":true,"href":"https:\/\/www.eveline.hu\/2016\/wp-json\/wp\/v2\/product_cat?post=24089"},{"taxonomy":"product_tag","embeddable":true,"href":"https:\/\/www.eveline.hu\/2016\/wp-json\/wp\/v2\/product_tag?post=24089"}],"curies":[{"name":"wp","href":"https:\/\/api.w.org\/{rel}","templated":true}]}}