{"id":23995,"date":"2019-04-19T09:30:12","date_gmt":"2019-04-19T07:30:12","guid":{"rendered":"https:\/\/www.eveline.hu\/2016\/?post_type=product&#038;p=23995"},"modified":"2025-11-28T13:01:00","modified_gmt":"2025-11-28T12:01:00","slug":"szemoldok-multifunkcios-formazo-3az1-ben-dark-brown-02","status":"publish","type":"product","link":"https:\/\/www.eveline.hu\/2016\/eveline-kozmetikumok-szepsegapolas\/smink\/szem\/szemoldok-kihuzok\/szemoldok-multifunkcios-formazo-3az1-ben-dark-brown-02\/","title":{"rendered":"Szem\u00f6ld\u00f6k Multifunkci\u00f3s Form\u00e1z\u00f3 3az1-ben Dark Brown 02"},"content":{"rendered":"<p>A BROW MULTIFUNCTION STYLER 3IN1 egy kompakt szett a szem\u00f6ld\u00f6k form\u00e1z\u00e1s\u00e1hoz, aminek k\u00f6sz\u00f6nhet\u0151en t\u00f6k\u00e9letes lesz eg\u00e9sz nap. H\u00e1rom l\u00e9p\u00e9sben, elk\u00e9peszt\u0151 megjelen\u00e9st ny\u00fajt.\u00a0H\u00e1rom olyan elemet tartalmaz, amelyek a gy\u00f6ny\u00f6r\u0171 \u00e9s divatos szem\u00f6ld\u00f6k hat\u00e1s\u00e1nak el\u00e9r\u00e9s\u00e9hez sz\u00fcks\u00e9gesek.\u00a0Az automata h\u00e1romsz\u00f6glet\u0171 v\u00e9gz\u0151d\u00e9s lehet\u0151v\u00e9 teszi sz\u00e1mukra a form\u00e1t \u00e9s a kont\u00fart, a puha szivacs form\u00e1j\u00e1ban l\u00e9v\u0151 applik\u00e1tor kit\u00f6lti a sz\u00e1lak k\u00f6zti r\u00e9seket, a kefe lehet\u0151v\u00e9 teszi a szem\u00f6ld\u00f6k t\u00f6k\u00e9letes form\u00e1z\u00e1s\u00e1t, az elk\u00e9peszt\u0151 v\u00e9gs\u0151 hat\u00e1s \u00e9rdek\u00e9ben.\u00a0A szem\u00f6ld\u00f6k st\u00edlusus form\u00e1ja, a t\u00f6k\u00e9letes smink egyik legfontosabb eleme.\u00a0Csak h\u00e1rom l\u00e9p\u00e9s elegend\u0151 ahhoz, hogy a sminket rendk\u00edv\u00fcl sz\u00e9p szem\u00f6ld\u00f6kkel eg\u00e9sz\u00edtse ki.\u00a0A BROW MULTIFUNCTION STYLER tart\u00f3s sz\u00ednt \u00e9s a szem\u00f6ld\u00f6k megfelel\u0151 pigment\u00e1l\u00f3d\u00e1s\u00e1t biztos\u00edtja, az automatikus szem\u00f6ld\u00f6k ceruza stiftj\u00e9nek megfelel\u0151 kem\u00e9nys\u00e9ge, megakad\u00e1lyozza a szem\u00f6ld\u00f6k t\u00f6redez\u00e9s\u00e9t. A BROW MULTIFUNCTION\u00a0 STYLER 3IN1 egy innovat\u00edv m\u00f3dja a szem\u00f6ld\u00f6k t\u00f6k\u00e9letes t\u00f6k\u00e9letes\u00edt\u00e9s\u00e9nek, minden olyan n\u0151nek, aki \u00e9rt\u00e9keli mag\u00e1nak a prec\u00edz \u00e9s leny\u0171g\u00f6z\u0151 sminket b\u00e1rmely id\u0151pontban.<\/p>\n<p><a href=\"https:\/\/www.eveline.hu\/2016\/wp-content\/uploads\/2019\/04\/Brow-styler-02_2.png\" rel=\"attachment wp-att-23997\"><img decoding=\"async\" class=\"alignnone size-medium wp-image-23997\" src=\"https:\/\/www.eveline.hu\/2016\/wp-content\/uploads\/2019\/04\/Brow-styler-02_2-114x300.png\" alt=\"Brow styler 02_2\" width=\"114\" height=\"300\" srcset=\"https:\/\/www.eveline.hu\/2016\/wp-content\/uploads\/2019\/04\/Brow-styler-02_2-114x300.png 114w, https:\/\/www.eveline.hu\/2016\/wp-content\/uploads\/2019\/04\/Brow-styler-02_2.png 276w\" sizes=\"(max-width: 114px) 100vw, 114px\" \/><\/a><\/p>\n","protected":false},"excerpt":{"rendered":"<p>A BROW MULTIFUNCTION STYLER 3IN1 egy kompakt szett a szem\u00f6ld\u00f6k form\u00e1z\u00e1s\u00e1hoz, aminek k\u00f6sz\u00f6nhet\u0151en t\u00f6k\u00e9letes lesz eg\u00e9sz nap. H\u00e1rom l\u00e9p\u00e9sben, elk\u00e9peszt\u0151 megjelen\u00e9st ny\u00fajt.\u00a0H\u00e1rom olyan elemet tartalmaz, amelyek a gy\u00f6ny\u00f6r\u0171 \u00e9s divatos szem\u00f6ld\u00f6k hat\u00e1s\u00e1nak el\u00e9r\u00e9s\u00e9hez sz\u00fcks\u00e9gesek.\u00a0Az automata h\u00e1romsz\u00f6glet\u0171 v\u00e9gz\u0151d\u00e9s lehet\u0151v\u00e9 teszi sz\u00e1mukra [&hellip;]<\/p>\n","protected":false},"featured_media":23996,"comment_status":"open","ping_status":"closed","template":"","meta":[],"product_cat":[302,130,132,142,80],"product_tag":[],"yoast_head":"<!-- This site is optimized with the Yoast SEO plugin v22.2 - https:\/\/yoast.com\/wordpress\/plugins\/seo\/ -->\n<title>Szem\u00f6ld\u00f6k Multifunkci\u00f3s Form\u00e1z\u00f3 3az1-ben Dark Brown 02 - Eveline Cosmetics Magyarorsz\u00e1g<\/title>\n<meta name=\"robots\" content=\"index, follow, max-snippet:-1, max-image-preview:large, max-video-preview:-1\" \/>\n<link rel=\"canonical\" href=\"https:\/\/www.eveline.hu\/2016\/eveline-kozmetikumok-szepsegapolas\/smink\/szem\/szemoldok-kihuzok\/szemoldok-multifunkcios-formazo-3az1-ben-dark-brown-02\/\" \/>\n<meta property=\"og:locale\" content=\"hu_HU\" \/>\n<meta property=\"og:type\" content=\"article\" \/>\n<meta property=\"og:title\" content=\"Szem\u00f6ld\u00f6k Multifunkci\u00f3s Form\u00e1z\u00f3 3az1-ben Dark Brown 02 - Eveline Cosmetics Magyarorsz\u00e1g\" \/>\n<meta property=\"og:description\" content=\"A BROW MULTIFUNCTION STYLER 3IN1 egy kompakt szett a szem\u00f6ld\u00f6k form\u00e1z\u00e1s\u00e1hoz, aminek k\u00f6sz\u00f6nhet\u0151en t\u00f6k\u00e9letes lesz eg\u00e9sz nap. H\u00e1rom l\u00e9p\u00e9sben, elk\u00e9peszt\u0151 megjelen\u00e9st ny\u00fajt.\u00a0H\u00e1rom olyan elemet tartalmaz, amelyek a gy\u00f6ny\u00f6r\u0171 \u00e9s divatos szem\u00f6ld\u00f6k hat\u00e1s\u00e1nak el\u00e9r\u00e9s\u00e9hez sz\u00fcks\u00e9gesek.\u00a0Az automata h\u00e1romsz\u00f6glet\u0171 v\u00e9gz\u0151d\u00e9s lehet\u0151v\u00e9 teszi sz\u00e1mukra [&hellip;]\" \/>\n<meta property=\"og:url\" content=\"https:\/\/www.eveline.hu\/2016\/eveline-kozmetikumok-szepsegapolas\/smink\/szem\/szemoldok-kihuzok\/szemoldok-multifunkcios-formazo-3az1-ben-dark-brown-02\/\" \/>\n<meta property=\"og:site_name\" content=\"Eveline Cosmetics Magyarorsz\u00e1g\" \/>\n<meta property=\"article:modified_time\" content=\"2025-11-28T12:01:00+00:00\" \/>\n<meta property=\"og:image\" content=\"https:\/\/www.eveline.hu\/2016\/wp-content\/uploads\/2019\/04\/Brow-styler-02_1.png\" \/>\n\t<meta property=\"og:image:width\" content=\"750\" \/>\n\t<meta property=\"og:image:height\" content=\"750\" \/>\n\t<meta property=\"og:image:type\" content=\"image\/png\" \/>\n<meta name=\"twitter:card\" content=\"summary_large_image\" \/>\n<meta name=\"twitter:label1\" content=\"Becs\u00fclt olvas\u00e1si id\u0151\" \/>\n\t<meta name=\"twitter:data1\" content=\"1 perc\" \/>\n<script type=\"application\/ld+json\" class=\"yoast-schema-graph\">{\"@context\":\"https:\/\/schema.org\",\"@graph\":[{\"@type\":\"WebPage\",\"@id\":\"https:\/\/www.eveline.hu\/2016\/eveline-kozmetikumok-szepsegapolas\/smink\/szem\/szemoldok-kihuzok\/szemoldok-multifunkcios-formazo-3az1-ben-dark-brown-02\/\",\"url\":\"https:\/\/www.eveline.hu\/2016\/eveline-kozmetikumok-szepsegapolas\/smink\/szem\/szemoldok-kihuzok\/szemoldok-multifunkcios-formazo-3az1-ben-dark-brown-02\/\",\"name\":\"Szem\u00f6ld\u00f6k Multifunkci\u00f3s Form\u00e1z\u00f3 3az1-ben Dark Brown 02 - Eveline Cosmetics Magyarorsz\u00e1g\",\"isPartOf\":{\"@id\":\"https:\/\/www.eveline.hu\/2016\/#website\"},\"primaryImageOfPage\":{\"@id\":\"https:\/\/www.eveline.hu\/2016\/eveline-kozmetikumok-szepsegapolas\/smink\/szem\/szemoldok-kihuzok\/szemoldok-multifunkcios-formazo-3az1-ben-dark-brown-02\/#primaryimage\"},\"image\":{\"@id\":\"https:\/\/www.eveline.hu\/2016\/eveline-kozmetikumok-szepsegapolas\/smink\/szem\/szemoldok-kihuzok\/szemoldok-multifunkcios-formazo-3az1-ben-dark-brown-02\/#primaryimage\"},\"thumbnailUrl\":\"https:\/\/www.eveline.hu\/2016\/wp-content\/uploads\/2019\/04\/Brow-styler-02_1.png\",\"datePublished\":\"2019-04-19T07:30:12+00:00\",\"dateModified\":\"2025-11-28T12:01:00+00:00\",\"breadcrumb\":{\"@id\":\"https:\/\/www.eveline.hu\/2016\/eveline-kozmetikumok-szepsegapolas\/smink\/szem\/szemoldok-kihuzok\/szemoldok-multifunkcios-formazo-3az1-ben-dark-brown-02\/#breadcrumb\"},\"inLanguage\":\"hu\",\"potentialAction\":[{\"@type\":\"ReadAction\",\"target\":[\"https:\/\/www.eveline.hu\/2016\/eveline-kozmetikumok-szepsegapolas\/smink\/szem\/szemoldok-kihuzok\/szemoldok-multifunkcios-formazo-3az1-ben-dark-brown-02\/\"]}]},{\"@type\":\"ImageObject\",\"inLanguage\":\"hu\",\"@id\":\"https:\/\/www.eveline.hu\/2016\/eveline-kozmetikumok-szepsegapolas\/smink\/szem\/szemoldok-kihuzok\/szemoldok-multifunkcios-formazo-3az1-ben-dark-brown-02\/#primaryimage\",\"url\":\"https:\/\/www.eveline.hu\/2016\/wp-content\/uploads\/2019\/04\/Brow-styler-02_1.png\",\"contentUrl\":\"https:\/\/www.eveline.hu\/2016\/wp-content\/uploads\/2019\/04\/Brow-styler-02_1.png\",\"width\":750,\"height\":750},{\"@type\":\"BreadcrumbList\",\"@id\":\"https:\/\/www.eveline.hu\/2016\/eveline-kozmetikumok-szepsegapolas\/smink\/szem\/szemoldok-kihuzok\/szemoldok-multifunkcios-formazo-3az1-ben-dark-brown-02\/#breadcrumb\",\"itemListElement\":[{\"@type\":\"ListItem\",\"position\":1,\"name\":\"Home\",\"item\":\"https:\/\/www.eveline.hu\/2016\/\"},{\"@type\":\"ListItem\",\"position\":2,\"name\":\"Term\u00e9kek\",\"item\":\"https:\/\/www.eveline.hu\/2016\/shop\/\"},{\"@type\":\"ListItem\",\"position\":3,\"name\":\"Szem\u00f6ld\u00f6k Multifunkci\u00f3s Form\u00e1z\u00f3 3az1-ben Dark Brown 02\"}]},{\"@type\":\"WebSite\",\"@id\":\"https:\/\/www.eveline.hu\/2016\/#website\",\"url\":\"https:\/\/www.eveline.hu\/2016\/\",\"name\":\"Eveline Cosmetics Magyarorsz\u00e1g\",\"description\":\"Min\u0151s\u00e9gi kozmetikumok Lengyelorsz\u00e1gb\u00f3l\",\"potentialAction\":[{\"@type\":\"SearchAction\",\"target\":{\"@type\":\"EntryPoint\",\"urlTemplate\":\"https:\/\/www.eveline.hu\/2016\/?s={search_term_string}\"},\"query-input\":\"required name=search_term_string\"}],\"inLanguage\":\"hu\"}]}<\/script>\n<!-- \/ Yoast SEO plugin. -->","yoast_head_json":{"title":"Szem\u00f6ld\u00f6k Multifunkci\u00f3s Form\u00e1z\u00f3 3az1-ben Dark Brown 02 - Eveline Cosmetics Magyarorsz\u00e1g","robots":{"index":"index","follow":"follow","max-snippet":"max-snippet:-1","max-image-preview":"max-image-preview:large","max-video-preview":"max-video-preview:-1"},"canonical":"https:\/\/www.eveline.hu\/2016\/eveline-kozmetikumok-szepsegapolas\/smink\/szem\/szemoldok-kihuzok\/szemoldok-multifunkcios-formazo-3az1-ben-dark-brown-02\/","og_locale":"hu_HU","og_type":"article","og_title":"Szem\u00f6ld\u00f6k Multifunkci\u00f3s Form\u00e1z\u00f3 3az1-ben Dark Brown 02 - Eveline Cosmetics Magyarorsz\u00e1g","og_description":"A BROW MULTIFUNCTION STYLER 3IN1 egy kompakt szett a szem\u00f6ld\u00f6k form\u00e1z\u00e1s\u00e1hoz, aminek k\u00f6sz\u00f6nhet\u0151en t\u00f6k\u00e9letes lesz eg\u00e9sz nap. H\u00e1rom l\u00e9p\u00e9sben, elk\u00e9peszt\u0151 megjelen\u00e9st ny\u00fajt.\u00a0H\u00e1rom olyan elemet tartalmaz, amelyek a gy\u00f6ny\u00f6r\u0171 \u00e9s divatos szem\u00f6ld\u00f6k hat\u00e1s\u00e1nak el\u00e9r\u00e9s\u00e9hez sz\u00fcks\u00e9gesek.\u00a0Az automata h\u00e1romsz\u00f6glet\u0171 v\u00e9gz\u0151d\u00e9s lehet\u0151v\u00e9 teszi sz\u00e1mukra [&hellip;]","og_url":"https:\/\/www.eveline.hu\/2016\/eveline-kozmetikumok-szepsegapolas\/smink\/szem\/szemoldok-kihuzok\/szemoldok-multifunkcios-formazo-3az1-ben-dark-brown-02\/","og_site_name":"Eveline Cosmetics Magyarorsz\u00e1g","article_modified_time":"2025-11-28T12:01:00+00:00","og_image":[{"width":750,"height":750,"url":"https:\/\/www.eveline.hu\/2016\/wp-content\/uploads\/2019\/04\/Brow-styler-02_1.png","type":"image\/png"}],"twitter_card":"summary_large_image","twitter_misc":{"Becs\u00fclt olvas\u00e1si id\u0151":"1 perc"},"schema":{"@context":"https:\/\/schema.org","@graph":[{"@type":"WebPage","@id":"https:\/\/www.eveline.hu\/2016\/eveline-kozmetikumok-szepsegapolas\/smink\/szem\/szemoldok-kihuzok\/szemoldok-multifunkcios-formazo-3az1-ben-dark-brown-02\/","url":"https:\/\/www.eveline.hu\/2016\/eveline-kozmetikumok-szepsegapolas\/smink\/szem\/szemoldok-kihuzok\/szemoldok-multifunkcios-formazo-3az1-ben-dark-brown-02\/","name":"Szem\u00f6ld\u00f6k Multifunkci\u00f3s Form\u00e1z\u00f3 3az1-ben Dark Brown 02 - Eveline Cosmetics Magyarorsz\u00e1g","isPartOf":{"@id":"https:\/\/www.eveline.hu\/2016\/#website"},"primaryImageOfPage":{"@id":"https:\/\/www.eveline.hu\/2016\/eveline-kozmetikumok-szepsegapolas\/smink\/szem\/szemoldok-kihuzok\/szemoldok-multifunkcios-formazo-3az1-ben-dark-brown-02\/#primaryimage"},"image":{"@id":"https:\/\/www.eveline.hu\/2016\/eveline-kozmetikumok-szepsegapolas\/smink\/szem\/szemoldok-kihuzok\/szemoldok-multifunkcios-formazo-3az1-ben-dark-brown-02\/#primaryimage"},"thumbnailUrl":"https:\/\/www.eveline.hu\/2016\/wp-content\/uploads\/2019\/04\/Brow-styler-02_1.png","datePublished":"2019-04-19T07:30:12+00:00","dateModified":"2025-11-28T12:01:00+00:00","breadcrumb":{"@id":"https:\/\/www.eveline.hu\/2016\/eveline-kozmetikumok-szepsegapolas\/smink\/szem\/szemoldok-kihuzok\/szemoldok-multifunkcios-formazo-3az1-ben-dark-brown-02\/#breadcrumb"},"inLanguage":"hu","potentialAction":[{"@type":"ReadAction","target":["https:\/\/www.eveline.hu\/2016\/eveline-kozmetikumok-szepsegapolas\/smink\/szem\/szemoldok-kihuzok\/szemoldok-multifunkcios-formazo-3az1-ben-dark-brown-02\/"]}]},{"@type":"ImageObject","inLanguage":"hu","@id":"https:\/\/www.eveline.hu\/2016\/eveline-kozmetikumok-szepsegapolas\/smink\/szem\/szemoldok-kihuzok\/szemoldok-multifunkcios-formazo-3az1-ben-dark-brown-02\/#primaryimage","url":"https:\/\/www.eveline.hu\/2016\/wp-content\/uploads\/2019\/04\/Brow-styler-02_1.png","contentUrl":"https:\/\/www.eveline.hu\/2016\/wp-content\/uploads\/2019\/04\/Brow-styler-02_1.png","width":750,"height":750},{"@type":"BreadcrumbList","@id":"https:\/\/www.eveline.hu\/2016\/eveline-kozmetikumok-szepsegapolas\/smink\/szem\/szemoldok-kihuzok\/szemoldok-multifunkcios-formazo-3az1-ben-dark-brown-02\/#breadcrumb","itemListElement":[{"@type":"ListItem","position":1,"name":"Home","item":"https:\/\/www.eveline.hu\/2016\/"},{"@type":"ListItem","position":2,"name":"Term\u00e9kek","item":"https:\/\/www.eveline.hu\/2016\/shop\/"},{"@type":"ListItem","position":3,"name":"Szem\u00f6ld\u00f6k Multifunkci\u00f3s Form\u00e1z\u00f3 3az1-ben Dark Brown 02"}]},{"@type":"WebSite","@id":"https:\/\/www.eveline.hu\/2016\/#website","url":"https:\/\/www.eveline.hu\/2016\/","name":"Eveline Cosmetics Magyarorsz\u00e1g","description":"Min\u0151s\u00e9gi kozmetikumok Lengyelorsz\u00e1gb\u00f3l","potentialAction":[{"@type":"SearchAction","target":{"@type":"EntryPoint","urlTemplate":"https:\/\/www.eveline.hu\/2016\/?s={search_term_string}"},"query-input":"required name=search_term_string"}],"inLanguage":"hu"}]}},"_links":{"self":[{"href":"https:\/\/www.eveline.hu\/2016\/wp-json\/wp\/v2\/product\/23995"}],"collection":[{"href":"https:\/\/www.eveline.hu\/2016\/wp-json\/wp\/v2\/product"}],"about":[{"href":"https:\/\/www.eveline.hu\/2016\/wp-json\/wp\/v2\/types\/product"}],"replies":[{"embeddable":true,"href":"https:\/\/www.eveline.hu\/2016\/wp-json\/wp\/v2\/comments?post=23995"}],"wp:featuredmedia":[{"embeddable":true,"href":"https:\/\/www.eveline.hu\/2016\/wp-json\/wp\/v2\/media\/23996"}],"wp:attachment":[{"href":"https:\/\/www.eveline.hu\/2016\/wp-json\/wp\/v2\/media?parent=23995"}],"wp:term":[{"taxonomy":"product_cat","embeddable":true,"href":"https:\/\/www.eveline.hu\/2016\/wp-json\/wp\/v2\/product_cat?post=23995"},{"taxonomy":"product_tag","embeddable":true,"href":"https:\/\/www.eveline.hu\/2016\/wp-json\/wp\/v2\/product_tag?post=23995"}],"curies":[{"name":"wp","href":"https:\/\/api.w.org\/{rel}","templated":true}]}}