{"id":23827,"date":"2019-02-24T17:57:34","date_gmt":"2019-02-24T16:57:34","guid":{"rendered":"https:\/\/www.eveline.hu\/2016\/?post_type=product&#038;p=23827"},"modified":"2023-05-19T13:00:36","modified_gmt":"2023-05-19T11:00:36","slug":"luxury-expert-24k-gold-taplalo-testapolo-aranyszemcsekkel-350ml","status":"publish","type":"product","link":"https:\/\/www.eveline.hu\/2016\/eveline-kozmetikumok-szepsegapolas\/szepsegapolas\/testapolas\/luxury-expert-24k-gold-taplalo-testapolo-aranyszemcsekkel-350ml\/","title":{"rendered":"LUXURY EXPERT 24k Gold T\u00e1pl\u00e1l\u00f3 Test\u00e1pol\u00f3 Aranyszemcs\u00e9kkel 350ml"},"content":{"rendered":"<p><strong>LUXURY EXPERT T\u00e1pl\u00e1l\u00f3 Test\u00e1pol\u00f3 Aranyszemcs\u00e9kkel<\/strong><\/p>\n<p>nagyon sz\u00e1raz \u00e9s \u00e9rdes b\u0151rre<\/p>\n<p>Azonnali megk\u00f6nnyebb\u00fcl\u00e9st \u00e9s enyh\u00edt\u00e9st ny\u00fajt a kisz\u00e1radt b\u0151rnek. \u00a0A b\u0151r selymesen sima, puha \u00e9s\u00a0diszkr\u00e9t ragyog\u00e1s\u00fa lesz.<\/p>\n<p>Akt\u00edv \u00f6sszetev\u0151k: Term\u00e9szetes Kavi\u00e1r \u00e9s 24-kar\u00e1tos arany, olajsz\u00e9rum: k\u00f3kusz, sz\u00f3ja \u00e9s arg\u00e1nolaj, Shea vaj.<\/p>\n<p>&nbsp;<\/p>\n<p>\u00f6sszetev\u0151k: Aqua (Water) Paraffinum Liquidum Cetearyl Alcohol Glycerin Glycine Soja Oil Butyrospermum Parkii Butter Cocos Nucifera Oil Stearic Acid Dimethicone Phenoxyethanol Sodium Hyaluronate Caprylic\/Capric Triglyceride Ceteareth-20 Sodium Polyacrylate Parfum (Fragrance) DMDM Hydantoin Octyldodecanol Argania Spinosa Kernel Oil Panthenol Allantoin Propylene Glycol Caviar Extract Royal Jelly Extract Gold Citric Acid Sodium Benzoate Potassium Sorbate Methylparaben Ethylparaben Butylparaben Propylparaben Mica CI 77891 CI 77491 Benzyl Salicylate Linalool Limonene Citronellol Hexyl Cinnamal Hydroxycitronellal Coumarin.<\/p>\n","protected":false},"excerpt":{"rendered":"<p>350ml ( 6768 Ft\/l )<\/p>\n","protected":false},"featured_media":29623,"comment_status":"open","ping_status":"closed","template":"","meta":[],"product_cat":[226,125,127,80],"product_tag":[],"yoast_head":"<!-- This site is optimized with the Yoast SEO plugin v22.2 - https:\/\/yoast.com\/wordpress\/plugins\/seo\/ -->\n<title>LUXURY EXPERT 24k Gold T\u00e1pl\u00e1l\u00f3 Test\u00e1pol\u00f3 Aranyszemcs\u00e9kkel 350ml - Eveline Cosmetics Magyarorsz\u00e1g<\/title>\n<meta name=\"robots\" content=\"index, follow, max-snippet:-1, max-image-preview:large, max-video-preview:-1\" \/>\n<link rel=\"canonical\" href=\"https:\/\/www.eveline.hu\/2016\/eveline-kozmetikumok-szepsegapolas\/szepsegapolas\/testapolas\/luxury-expert-24k-gold-taplalo-testapolo-aranyszemcsekkel-350ml\/\" \/>\n<meta property=\"og:locale\" content=\"hu_HU\" \/>\n<meta property=\"og:type\" content=\"article\" \/>\n<meta property=\"og:title\" content=\"LUXURY EXPERT 24k Gold T\u00e1pl\u00e1l\u00f3 Test\u00e1pol\u00f3 Aranyszemcs\u00e9kkel 350ml - Eveline Cosmetics Magyarorsz\u00e1g\" \/>\n<meta property=\"og:description\" content=\"350ml ( 6768 Ft\/l )\" \/>\n<meta property=\"og:url\" content=\"https:\/\/www.eveline.hu\/2016\/eveline-kozmetikumok-szepsegapolas\/szepsegapolas\/testapolas\/luxury-expert-24k-gold-taplalo-testapolo-aranyszemcsekkel-350ml\/\" \/>\n<meta property=\"og:site_name\" content=\"Eveline Cosmetics Magyarorsz\u00e1g\" \/>\n<meta property=\"article:modified_time\" content=\"2023-05-19T11:00:36+00:00\" \/>\n<meta property=\"og:image\" content=\"https:\/\/www.eveline.hu\/2016\/wp-content\/uploads\/2019\/02\/Luxury-T\u00e1p-Gold-w-2.png\" \/>\n\t<meta property=\"og:image:width\" content=\"750\" \/>\n\t<meta property=\"og:image:height\" content=\"750\" \/>\n\t<meta property=\"og:image:type\" content=\"image\/png\" \/>\n<meta name=\"twitter:card\" content=\"summary_large_image\" \/>\n<meta name=\"twitter:label1\" content=\"Becs\u00fclt olvas\u00e1si id\u0151\" \/>\n\t<meta name=\"twitter:data1\" content=\"1 perc\" \/>\n<script type=\"application\/ld+json\" class=\"yoast-schema-graph\">{\"@context\":\"https:\/\/schema.org\",\"@graph\":[{\"@type\":\"WebPage\",\"@id\":\"https:\/\/www.eveline.hu\/2016\/eveline-kozmetikumok-szepsegapolas\/szepsegapolas\/testapolas\/luxury-expert-24k-gold-taplalo-testapolo-aranyszemcsekkel-350ml\/\",\"url\":\"https:\/\/www.eveline.hu\/2016\/eveline-kozmetikumok-szepsegapolas\/szepsegapolas\/testapolas\/luxury-expert-24k-gold-taplalo-testapolo-aranyszemcsekkel-350ml\/\",\"name\":\"LUXURY EXPERT 24k Gold T\u00e1pl\u00e1l\u00f3 Test\u00e1pol\u00f3 Aranyszemcs\u00e9kkel 350ml - Eveline Cosmetics Magyarorsz\u00e1g\",\"isPartOf\":{\"@id\":\"https:\/\/www.eveline.hu\/2016\/#website\"},\"primaryImageOfPage\":{\"@id\":\"https:\/\/www.eveline.hu\/2016\/eveline-kozmetikumok-szepsegapolas\/szepsegapolas\/testapolas\/luxury-expert-24k-gold-taplalo-testapolo-aranyszemcsekkel-350ml\/#primaryimage\"},\"image\":{\"@id\":\"https:\/\/www.eveline.hu\/2016\/eveline-kozmetikumok-szepsegapolas\/szepsegapolas\/testapolas\/luxury-expert-24k-gold-taplalo-testapolo-aranyszemcsekkel-350ml\/#primaryimage\"},\"thumbnailUrl\":\"https:\/\/www.eveline.hu\/2016\/wp-content\/uploads\/2019\/02\/Luxury-T\u00e1p-Gold-w-2.png\",\"datePublished\":\"2019-02-24T16:57:34+00:00\",\"dateModified\":\"2023-05-19T11:00:36+00:00\",\"breadcrumb\":{\"@id\":\"https:\/\/www.eveline.hu\/2016\/eveline-kozmetikumok-szepsegapolas\/szepsegapolas\/testapolas\/luxury-expert-24k-gold-taplalo-testapolo-aranyszemcsekkel-350ml\/#breadcrumb\"},\"inLanguage\":\"hu\",\"potentialAction\":[{\"@type\":\"ReadAction\",\"target\":[\"https:\/\/www.eveline.hu\/2016\/eveline-kozmetikumok-szepsegapolas\/szepsegapolas\/testapolas\/luxury-expert-24k-gold-taplalo-testapolo-aranyszemcsekkel-350ml\/\"]}]},{\"@type\":\"ImageObject\",\"inLanguage\":\"hu\",\"@id\":\"https:\/\/www.eveline.hu\/2016\/eveline-kozmetikumok-szepsegapolas\/szepsegapolas\/testapolas\/luxury-expert-24k-gold-taplalo-testapolo-aranyszemcsekkel-350ml\/#primaryimage\",\"url\":\"https:\/\/www.eveline.hu\/2016\/wp-content\/uploads\/2019\/02\/Luxury-T\u00e1p-Gold-w-2.png\",\"contentUrl\":\"https:\/\/www.eveline.hu\/2016\/wp-content\/uploads\/2019\/02\/Luxury-T\u00e1p-Gold-w-2.png\",\"width\":750,\"height\":750},{\"@type\":\"BreadcrumbList\",\"@id\":\"https:\/\/www.eveline.hu\/2016\/eveline-kozmetikumok-szepsegapolas\/szepsegapolas\/testapolas\/luxury-expert-24k-gold-taplalo-testapolo-aranyszemcsekkel-350ml\/#breadcrumb\",\"itemListElement\":[{\"@type\":\"ListItem\",\"position\":1,\"name\":\"Home\",\"item\":\"https:\/\/www.eveline.hu\/2016\/\"},{\"@type\":\"ListItem\",\"position\":2,\"name\":\"Term\u00e9kek\",\"item\":\"https:\/\/www.eveline.hu\/2016\/shop\/\"},{\"@type\":\"ListItem\",\"position\":3,\"name\":\"LUXURY EXPERT 24k Gold T\u00e1pl\u00e1l\u00f3 Test\u00e1pol\u00f3 Aranyszemcs\u00e9kkel 350ml\"}]},{\"@type\":\"WebSite\",\"@id\":\"https:\/\/www.eveline.hu\/2016\/#website\",\"url\":\"https:\/\/www.eveline.hu\/2016\/\",\"name\":\"Eveline Cosmetics Magyarorsz\u00e1g\",\"description\":\"Min\u0151s\u00e9gi kozmetikumok Lengyelorsz\u00e1gb\u00f3l\",\"potentialAction\":[{\"@type\":\"SearchAction\",\"target\":{\"@type\":\"EntryPoint\",\"urlTemplate\":\"https:\/\/www.eveline.hu\/2016\/?s={search_term_string}\"},\"query-input\":\"required name=search_term_string\"}],\"inLanguage\":\"hu\"}]}<\/script>\n<!-- \/ Yoast SEO plugin. -->","yoast_head_json":{"title":"LUXURY EXPERT 24k Gold T\u00e1pl\u00e1l\u00f3 Test\u00e1pol\u00f3 Aranyszemcs\u00e9kkel 350ml - Eveline Cosmetics Magyarorsz\u00e1g","robots":{"index":"index","follow":"follow","max-snippet":"max-snippet:-1","max-image-preview":"max-image-preview:large","max-video-preview":"max-video-preview:-1"},"canonical":"https:\/\/www.eveline.hu\/2016\/eveline-kozmetikumok-szepsegapolas\/szepsegapolas\/testapolas\/luxury-expert-24k-gold-taplalo-testapolo-aranyszemcsekkel-350ml\/","og_locale":"hu_HU","og_type":"article","og_title":"LUXURY EXPERT 24k Gold T\u00e1pl\u00e1l\u00f3 Test\u00e1pol\u00f3 Aranyszemcs\u00e9kkel 350ml - Eveline Cosmetics Magyarorsz\u00e1g","og_description":"350ml ( 6768 Ft\/l )","og_url":"https:\/\/www.eveline.hu\/2016\/eveline-kozmetikumok-szepsegapolas\/szepsegapolas\/testapolas\/luxury-expert-24k-gold-taplalo-testapolo-aranyszemcsekkel-350ml\/","og_site_name":"Eveline Cosmetics Magyarorsz\u00e1g","article_modified_time":"2023-05-19T11:00:36+00:00","og_image":[{"width":750,"height":750,"url":"https:\/\/www.eveline.hu\/2016\/wp-content\/uploads\/2019\/02\/Luxury-T\u00e1p-Gold-w-2.png","type":"image\/png"}],"twitter_card":"summary_large_image","twitter_misc":{"Becs\u00fclt olvas\u00e1si id\u0151":"1 perc"},"schema":{"@context":"https:\/\/schema.org","@graph":[{"@type":"WebPage","@id":"https:\/\/www.eveline.hu\/2016\/eveline-kozmetikumok-szepsegapolas\/szepsegapolas\/testapolas\/luxury-expert-24k-gold-taplalo-testapolo-aranyszemcsekkel-350ml\/","url":"https:\/\/www.eveline.hu\/2016\/eveline-kozmetikumok-szepsegapolas\/szepsegapolas\/testapolas\/luxury-expert-24k-gold-taplalo-testapolo-aranyszemcsekkel-350ml\/","name":"LUXURY EXPERT 24k Gold T\u00e1pl\u00e1l\u00f3 Test\u00e1pol\u00f3 Aranyszemcs\u00e9kkel 350ml - Eveline Cosmetics Magyarorsz\u00e1g","isPartOf":{"@id":"https:\/\/www.eveline.hu\/2016\/#website"},"primaryImageOfPage":{"@id":"https:\/\/www.eveline.hu\/2016\/eveline-kozmetikumok-szepsegapolas\/szepsegapolas\/testapolas\/luxury-expert-24k-gold-taplalo-testapolo-aranyszemcsekkel-350ml\/#primaryimage"},"image":{"@id":"https:\/\/www.eveline.hu\/2016\/eveline-kozmetikumok-szepsegapolas\/szepsegapolas\/testapolas\/luxury-expert-24k-gold-taplalo-testapolo-aranyszemcsekkel-350ml\/#primaryimage"},"thumbnailUrl":"https:\/\/www.eveline.hu\/2016\/wp-content\/uploads\/2019\/02\/Luxury-T\u00e1p-Gold-w-2.png","datePublished":"2019-02-24T16:57:34+00:00","dateModified":"2023-05-19T11:00:36+00:00","breadcrumb":{"@id":"https:\/\/www.eveline.hu\/2016\/eveline-kozmetikumok-szepsegapolas\/szepsegapolas\/testapolas\/luxury-expert-24k-gold-taplalo-testapolo-aranyszemcsekkel-350ml\/#breadcrumb"},"inLanguage":"hu","potentialAction":[{"@type":"ReadAction","target":["https:\/\/www.eveline.hu\/2016\/eveline-kozmetikumok-szepsegapolas\/szepsegapolas\/testapolas\/luxury-expert-24k-gold-taplalo-testapolo-aranyszemcsekkel-350ml\/"]}]},{"@type":"ImageObject","inLanguage":"hu","@id":"https:\/\/www.eveline.hu\/2016\/eveline-kozmetikumok-szepsegapolas\/szepsegapolas\/testapolas\/luxury-expert-24k-gold-taplalo-testapolo-aranyszemcsekkel-350ml\/#primaryimage","url":"https:\/\/www.eveline.hu\/2016\/wp-content\/uploads\/2019\/02\/Luxury-T\u00e1p-Gold-w-2.png","contentUrl":"https:\/\/www.eveline.hu\/2016\/wp-content\/uploads\/2019\/02\/Luxury-T\u00e1p-Gold-w-2.png","width":750,"height":750},{"@type":"BreadcrumbList","@id":"https:\/\/www.eveline.hu\/2016\/eveline-kozmetikumok-szepsegapolas\/szepsegapolas\/testapolas\/luxury-expert-24k-gold-taplalo-testapolo-aranyszemcsekkel-350ml\/#breadcrumb","itemListElement":[{"@type":"ListItem","position":1,"name":"Home","item":"https:\/\/www.eveline.hu\/2016\/"},{"@type":"ListItem","position":2,"name":"Term\u00e9kek","item":"https:\/\/www.eveline.hu\/2016\/shop\/"},{"@type":"ListItem","position":3,"name":"LUXURY EXPERT 24k Gold T\u00e1pl\u00e1l\u00f3 Test\u00e1pol\u00f3 Aranyszemcs\u00e9kkel 350ml"}]},{"@type":"WebSite","@id":"https:\/\/www.eveline.hu\/2016\/#website","url":"https:\/\/www.eveline.hu\/2016\/","name":"Eveline Cosmetics Magyarorsz\u00e1g","description":"Min\u0151s\u00e9gi kozmetikumok Lengyelorsz\u00e1gb\u00f3l","potentialAction":[{"@type":"SearchAction","target":{"@type":"EntryPoint","urlTemplate":"https:\/\/www.eveline.hu\/2016\/?s={search_term_string}"},"query-input":"required name=search_term_string"}],"inLanguage":"hu"}]}},"_links":{"self":[{"href":"https:\/\/www.eveline.hu\/2016\/wp-json\/wp\/v2\/product\/23827"}],"collection":[{"href":"https:\/\/www.eveline.hu\/2016\/wp-json\/wp\/v2\/product"}],"about":[{"href":"https:\/\/www.eveline.hu\/2016\/wp-json\/wp\/v2\/types\/product"}],"replies":[{"embeddable":true,"href":"https:\/\/www.eveline.hu\/2016\/wp-json\/wp\/v2\/comments?post=23827"}],"wp:featuredmedia":[{"embeddable":true,"href":"https:\/\/www.eveline.hu\/2016\/wp-json\/wp\/v2\/media\/29623"}],"wp:attachment":[{"href":"https:\/\/www.eveline.hu\/2016\/wp-json\/wp\/v2\/media?parent=23827"}],"wp:term":[{"taxonomy":"product_cat","embeddable":true,"href":"https:\/\/www.eveline.hu\/2016\/wp-json\/wp\/v2\/product_cat?post=23827"},{"taxonomy":"product_tag","embeddable":true,"href":"https:\/\/www.eveline.hu\/2016\/wp-json\/wp\/v2\/product_tag?post=23827"}],"curies":[{"name":"wp","href":"https:\/\/api.w.org\/{rel}","templated":true}]}}