{"id":23629,"date":"2024-04-18T19:30:24","date_gmt":"2024-04-18T17:30:24","guid":{"rendered":"https:\/\/www.eveline.hu\/2016\/?post_type=product&#038;p=23629"},"modified":"2025-09-10T14:33:00","modified_gmt":"2025-09-10T12:33:00","slug":"royal-snail-50-intenziv-lifting-nappali-es-ejszakai-krem-50ml","status":"publish","type":"product","link":"https:\/\/www.eveline.hu\/2016\/eveline-kozmetikumok-szepsegapolas\/szepsegapolas\/arcapolas\/royal-snail-50-intenziv-lifting-nappali-es-ejszakai-krem-50ml\/","title":{"rendered":"Royal Snail 50+ Intenz\u00edv Lifting Nappali \u00e9s \u00c9jszakai kr\u00e9m 50ml"},"content":{"rendered":"<p><strong>Royal Snail Koncentr\u00e1lt Intenz\u00edv Lifting kr\u00e9m 50+<\/strong><\/p>\n<p>Nappali \u00e9s \u00c9jszakai. \u00c9rett b\u0151rre, \u00e9rz\u00e9kenyre is.<\/p>\n<p><strong>INTENZ\u00cdV HELYRE\u00c1LL\u00cdT\u00d3 AMPULLA<\/strong><\/p>\n<p><strong>A Royal Snail<\/strong> exkluz\u00edv sorozat \u00f6tv\u00f6zi a <strong>csigany\u00e1lka sz\u0171rlet <\/strong>kiv\u00e9teles regener\u00e1l\u00f3 potenci\u00e1lj\u00e1t \u00e9s a\u00a0<strong>PEP-7REPAIR\u2122 <\/strong>a leg\u00fajabb gener\u00e1ci\u00f3s heptapeptidet. Stimul\u00e1lja a b\u0151rregener\u00e1ci\u00f3 \u00e9lettani folyamatait, biztos\u00edtva a nagyfok\u00fa b\u0151rfeszess\u00e9get \u00e9s rugalmass\u00e1got, valamint a teljes meg\u00faj\u00edt\u00f3 hat\u00e1st.<\/p>\n<p><strong>A KONCENTR\u00c1LT INTENZ\u00cdV LIFTING KR\u00c9M 50+<\/strong> jelent\u0151sen n\u00f6veli a b\u0151r regener\u00e1l\u00f3d\u00e1si k\u00e9pess\u00e9g\u00e9t, <strong>TELJES MEG\u00daJ\u00cdT\u00c1S SERKENT\u0150:<\/strong><\/p>\n<ol>\n<li><strong> Cs\u00f6kkenti a r\u00e1ncokat \u00e9s a bar\u00e1zd\u00e1kat<\/strong>:<\/li>\n<\/ol>\n<p>Az <strong>akt\u00edv sz\u00f3ja izoflavonokkal<\/strong> kombin\u00e1lt <strong>csigany\u00e1lka sz\u0171rlet<\/strong> cs\u00f6kkenti a r\u00e1ncok \u00e9s bar\u00e1zd\u00e1k l\u00e1that\u00f3s\u00e1g\u00e1t, ezzel n\u00f6velve a b\u0151r feszess\u00e9g\u00e9t \u00e9s a rugalmass\u00e1g\u00e1t.<\/p>\n<ol start=\"2\">\n<li><strong> Form\u00e1lja az arckont\u00fart \u00e9s megakad\u00e1lyozza a petyh\u00fcdts\u00e9get:<\/strong><\/li>\n<\/ol>\n<p><strong>A RIGIN\u00ae biomimetikus peptid komplexum<\/strong> feszes\u00edt\u0151 \u00e9s lifting mikroh\u00e1l\u00f3t k\u00e9pez a b\u0151r\u00f6n, mely kiemeli az arcvonalakat.<\/p>\n<ol start=\"3\">\n<li><strong> Seg\u00edti a b\u0151rmeg\u00faj\u00edt\u00e1si folyamatokat:<\/strong><\/li>\n<\/ol>\n<p>A <strong>PEP-7REPAIR\u2122 <\/strong>innovat\u00edv heptapeptid a megfelel\u0151 regener\u00e1ci\u00f3s folyamatokat stimul\u00e1lja, \u00edgy a b\u0151r feszesebb\u00e9, t\u00e1pl\u00e1ltabb\u00e1 \u00e9s sim\u00e1bb\u00e1 v\u00e1lik.<\/p>\n<p>\u00f6sszetev\u0151k: Aqua (Water), Glycerin, Snail Secretion Filtrate, Isopropyl Myristate, Ceteareth-20, Cetearyl Alcohol, Dimethicone, Butyrospermum Parkii Butter, Persea Gratissima Oil, Triticum Vulgare Germ Oil, Soy Isoflavones, Betaine, Tocopheryl Acetate, Olus Oil, Palmitoyl Tetrapeptide -7, Tocopherol, Caprylyl Glycol, Phenethyl Alcohol, Retinyl Palmitate, Heptapeptide-7, Lecithin, Linoleic Acid, C13-14 Isoparaffin, Caprylic\/Capric Triglyceride, Carnosine, Alcohol Denat., Polysorbate 80, Diethylhexyl Syringylidenemalonate, Steareth-20, Propanediol, Xanthan Gum, Chlorhexidine Digluconate, Diacetyl Boldine, Laureth-7, Polysorbate 20, Acrylates\/C10-30 Alkyl Acrylate Crosspolymer, PEG-20 Glyceryl Laurate, Polyacrylamide, Sodium Polyacrylate, Triethanolamine, Citric Acid, Phenoxyethanol, Ethylhexylglycerin, Hydroxyacetophenone, Sodium Benzoate, Potassium Sorbate, Parfum (Fragrance), Hexyl Cinnamal, Linalool.<\/p>\n","protected":false},"excerpt":{"rendered":"<p>Form\u00e1lja az arckont\u00fart&#8230;<\/p>\n","protected":false},"featured_media":23617,"comment_status":"open","ping_status":"closed","template":"","meta":[],"product_cat":[224,125,126,80],"product_tag":[],"yoast_head":"<!-- This site is optimized with the Yoast SEO plugin v22.2 - https:\/\/yoast.com\/wordpress\/plugins\/seo\/ -->\n<title>Royal Snail 50+ Intenz\u00edv Lifting Nappali \u00e9s \u00c9jszakai kr\u00e9m 50ml - Eveline Cosmetics Magyarorsz\u00e1g<\/title>\n<meta name=\"robots\" content=\"index, follow, max-snippet:-1, max-image-preview:large, max-video-preview:-1\" \/>\n<link rel=\"canonical\" href=\"https:\/\/www.eveline.hu\/2016\/eveline-kozmetikumok-szepsegapolas\/szepsegapolas\/arcapolas\/royal-snail-50-intenziv-lifting-nappali-es-ejszakai-krem-50ml\/\" \/>\n<meta property=\"og:locale\" content=\"hu_HU\" \/>\n<meta property=\"og:type\" content=\"article\" \/>\n<meta property=\"og:title\" content=\"Royal Snail 50+ Intenz\u00edv Lifting Nappali \u00e9s \u00c9jszakai kr\u00e9m 50ml - Eveline Cosmetics Magyarorsz\u00e1g\" \/>\n<meta property=\"og:description\" content=\"Form\u00e1lja az arckont\u00fart...\" \/>\n<meta property=\"og:url\" content=\"https:\/\/www.eveline.hu\/2016\/eveline-kozmetikumok-szepsegapolas\/szepsegapolas\/arcapolas\/royal-snail-50-intenziv-lifting-nappali-es-ejszakai-krem-50ml\/\" \/>\n<meta property=\"og:site_name\" content=\"Eveline Cosmetics Magyarorsz\u00e1g\" \/>\n<meta property=\"article:modified_time\" content=\"2025-09-10T12:33:00+00:00\" \/>\n<meta property=\"og:image\" content=\"https:\/\/www.eveline.hu\/2016\/wp-content\/uploads\/2019\/01\/Royal-Snail-kr\u00e9m-50.png\" \/>\n\t<meta property=\"og:image:width\" content=\"750\" \/>\n\t<meta property=\"og:image:height\" content=\"750\" \/>\n\t<meta property=\"og:image:type\" content=\"image\/png\" \/>\n<meta name=\"twitter:card\" content=\"summary_large_image\" \/>\n<meta name=\"twitter:label1\" content=\"Becs\u00fclt olvas\u00e1si id\u0151\" \/>\n\t<meta name=\"twitter:data1\" content=\"2 perc\" \/>\n<script type=\"application\/ld+json\" class=\"yoast-schema-graph\">{\"@context\":\"https:\/\/schema.org\",\"@graph\":[{\"@type\":\"WebPage\",\"@id\":\"https:\/\/www.eveline.hu\/2016\/eveline-kozmetikumok-szepsegapolas\/szepsegapolas\/arcapolas\/royal-snail-50-intenziv-lifting-nappali-es-ejszakai-krem-50ml\/\",\"url\":\"https:\/\/www.eveline.hu\/2016\/eveline-kozmetikumok-szepsegapolas\/szepsegapolas\/arcapolas\/royal-snail-50-intenziv-lifting-nappali-es-ejszakai-krem-50ml\/\",\"name\":\"Royal Snail 50+ Intenz\u00edv Lifting Nappali \u00e9s \u00c9jszakai kr\u00e9m 50ml - Eveline Cosmetics Magyarorsz\u00e1g\",\"isPartOf\":{\"@id\":\"https:\/\/www.eveline.hu\/2016\/#website\"},\"primaryImageOfPage\":{\"@id\":\"https:\/\/www.eveline.hu\/2016\/eveline-kozmetikumok-szepsegapolas\/szepsegapolas\/arcapolas\/royal-snail-50-intenziv-lifting-nappali-es-ejszakai-krem-50ml\/#primaryimage\"},\"image\":{\"@id\":\"https:\/\/www.eveline.hu\/2016\/eveline-kozmetikumok-szepsegapolas\/szepsegapolas\/arcapolas\/royal-snail-50-intenziv-lifting-nappali-es-ejszakai-krem-50ml\/#primaryimage\"},\"thumbnailUrl\":\"https:\/\/www.eveline.hu\/2016\/wp-content\/uploads\/2019\/01\/Royal-Snail-kr\u00e9m-50.png\",\"datePublished\":\"2024-04-18T17:30:24+00:00\",\"dateModified\":\"2025-09-10T12:33:00+00:00\",\"breadcrumb\":{\"@id\":\"https:\/\/www.eveline.hu\/2016\/eveline-kozmetikumok-szepsegapolas\/szepsegapolas\/arcapolas\/royal-snail-50-intenziv-lifting-nappali-es-ejszakai-krem-50ml\/#breadcrumb\"},\"inLanguage\":\"hu\",\"potentialAction\":[{\"@type\":\"ReadAction\",\"target\":[\"https:\/\/www.eveline.hu\/2016\/eveline-kozmetikumok-szepsegapolas\/szepsegapolas\/arcapolas\/royal-snail-50-intenziv-lifting-nappali-es-ejszakai-krem-50ml\/\"]}]},{\"@type\":\"ImageObject\",\"inLanguage\":\"hu\",\"@id\":\"https:\/\/www.eveline.hu\/2016\/eveline-kozmetikumok-szepsegapolas\/szepsegapolas\/arcapolas\/royal-snail-50-intenziv-lifting-nappali-es-ejszakai-krem-50ml\/#primaryimage\",\"url\":\"https:\/\/www.eveline.hu\/2016\/wp-content\/uploads\/2019\/01\/Royal-Snail-kr\u00e9m-50.png\",\"contentUrl\":\"https:\/\/www.eveline.hu\/2016\/wp-content\/uploads\/2019\/01\/Royal-Snail-kr\u00e9m-50.png\",\"width\":750,\"height\":750},{\"@type\":\"BreadcrumbList\",\"@id\":\"https:\/\/www.eveline.hu\/2016\/eveline-kozmetikumok-szepsegapolas\/szepsegapolas\/arcapolas\/royal-snail-50-intenziv-lifting-nappali-es-ejszakai-krem-50ml\/#breadcrumb\",\"itemListElement\":[{\"@type\":\"ListItem\",\"position\":1,\"name\":\"Home\",\"item\":\"https:\/\/www.eveline.hu\/2016\/\"},{\"@type\":\"ListItem\",\"position\":2,\"name\":\"Term\u00e9kek\",\"item\":\"https:\/\/www.eveline.hu\/2016\/shop\/\"},{\"@type\":\"ListItem\",\"position\":3,\"name\":\"Royal Snail 50+ Intenz\u00edv Lifting Nappali \u00e9s \u00c9jszakai kr\u00e9m 50ml\"}]},{\"@type\":\"WebSite\",\"@id\":\"https:\/\/www.eveline.hu\/2016\/#website\",\"url\":\"https:\/\/www.eveline.hu\/2016\/\",\"name\":\"Eveline Cosmetics Magyarorsz\u00e1g\",\"description\":\"Min\u0151s\u00e9gi kozmetikumok Lengyelorsz\u00e1gb\u00f3l\",\"potentialAction\":[{\"@type\":\"SearchAction\",\"target\":{\"@type\":\"EntryPoint\",\"urlTemplate\":\"https:\/\/www.eveline.hu\/2016\/?s={search_term_string}\"},\"query-input\":\"required name=search_term_string\"}],\"inLanguage\":\"hu\"}]}<\/script>\n<!-- \/ Yoast SEO plugin. -->","yoast_head_json":{"title":"Royal Snail 50+ Intenz\u00edv Lifting Nappali \u00e9s \u00c9jszakai kr\u00e9m 50ml - Eveline Cosmetics Magyarorsz\u00e1g","robots":{"index":"index","follow":"follow","max-snippet":"max-snippet:-1","max-image-preview":"max-image-preview:large","max-video-preview":"max-video-preview:-1"},"canonical":"https:\/\/www.eveline.hu\/2016\/eveline-kozmetikumok-szepsegapolas\/szepsegapolas\/arcapolas\/royal-snail-50-intenziv-lifting-nappali-es-ejszakai-krem-50ml\/","og_locale":"hu_HU","og_type":"article","og_title":"Royal Snail 50+ Intenz\u00edv Lifting Nappali \u00e9s \u00c9jszakai kr\u00e9m 50ml - Eveline Cosmetics Magyarorsz\u00e1g","og_description":"Form\u00e1lja az arckont\u00fart...","og_url":"https:\/\/www.eveline.hu\/2016\/eveline-kozmetikumok-szepsegapolas\/szepsegapolas\/arcapolas\/royal-snail-50-intenziv-lifting-nappali-es-ejszakai-krem-50ml\/","og_site_name":"Eveline Cosmetics Magyarorsz\u00e1g","article_modified_time":"2025-09-10T12:33:00+00:00","og_image":[{"width":750,"height":750,"url":"https:\/\/www.eveline.hu\/2016\/wp-content\/uploads\/2019\/01\/Royal-Snail-kr\u00e9m-50.png","type":"image\/png"}],"twitter_card":"summary_large_image","twitter_misc":{"Becs\u00fclt olvas\u00e1si id\u0151":"2 perc"},"schema":{"@context":"https:\/\/schema.org","@graph":[{"@type":"WebPage","@id":"https:\/\/www.eveline.hu\/2016\/eveline-kozmetikumok-szepsegapolas\/szepsegapolas\/arcapolas\/royal-snail-50-intenziv-lifting-nappali-es-ejszakai-krem-50ml\/","url":"https:\/\/www.eveline.hu\/2016\/eveline-kozmetikumok-szepsegapolas\/szepsegapolas\/arcapolas\/royal-snail-50-intenziv-lifting-nappali-es-ejszakai-krem-50ml\/","name":"Royal Snail 50+ Intenz\u00edv Lifting Nappali \u00e9s \u00c9jszakai kr\u00e9m 50ml - Eveline Cosmetics Magyarorsz\u00e1g","isPartOf":{"@id":"https:\/\/www.eveline.hu\/2016\/#website"},"primaryImageOfPage":{"@id":"https:\/\/www.eveline.hu\/2016\/eveline-kozmetikumok-szepsegapolas\/szepsegapolas\/arcapolas\/royal-snail-50-intenziv-lifting-nappali-es-ejszakai-krem-50ml\/#primaryimage"},"image":{"@id":"https:\/\/www.eveline.hu\/2016\/eveline-kozmetikumok-szepsegapolas\/szepsegapolas\/arcapolas\/royal-snail-50-intenziv-lifting-nappali-es-ejszakai-krem-50ml\/#primaryimage"},"thumbnailUrl":"https:\/\/www.eveline.hu\/2016\/wp-content\/uploads\/2019\/01\/Royal-Snail-kr\u00e9m-50.png","datePublished":"2024-04-18T17:30:24+00:00","dateModified":"2025-09-10T12:33:00+00:00","breadcrumb":{"@id":"https:\/\/www.eveline.hu\/2016\/eveline-kozmetikumok-szepsegapolas\/szepsegapolas\/arcapolas\/royal-snail-50-intenziv-lifting-nappali-es-ejszakai-krem-50ml\/#breadcrumb"},"inLanguage":"hu","potentialAction":[{"@type":"ReadAction","target":["https:\/\/www.eveline.hu\/2016\/eveline-kozmetikumok-szepsegapolas\/szepsegapolas\/arcapolas\/royal-snail-50-intenziv-lifting-nappali-es-ejszakai-krem-50ml\/"]}]},{"@type":"ImageObject","inLanguage":"hu","@id":"https:\/\/www.eveline.hu\/2016\/eveline-kozmetikumok-szepsegapolas\/szepsegapolas\/arcapolas\/royal-snail-50-intenziv-lifting-nappali-es-ejszakai-krem-50ml\/#primaryimage","url":"https:\/\/www.eveline.hu\/2016\/wp-content\/uploads\/2019\/01\/Royal-Snail-kr\u00e9m-50.png","contentUrl":"https:\/\/www.eveline.hu\/2016\/wp-content\/uploads\/2019\/01\/Royal-Snail-kr\u00e9m-50.png","width":750,"height":750},{"@type":"BreadcrumbList","@id":"https:\/\/www.eveline.hu\/2016\/eveline-kozmetikumok-szepsegapolas\/szepsegapolas\/arcapolas\/royal-snail-50-intenziv-lifting-nappali-es-ejszakai-krem-50ml\/#breadcrumb","itemListElement":[{"@type":"ListItem","position":1,"name":"Home","item":"https:\/\/www.eveline.hu\/2016\/"},{"@type":"ListItem","position":2,"name":"Term\u00e9kek","item":"https:\/\/www.eveline.hu\/2016\/shop\/"},{"@type":"ListItem","position":3,"name":"Royal Snail 50+ Intenz\u00edv Lifting Nappali \u00e9s \u00c9jszakai kr\u00e9m 50ml"}]},{"@type":"WebSite","@id":"https:\/\/www.eveline.hu\/2016\/#website","url":"https:\/\/www.eveline.hu\/2016\/","name":"Eveline Cosmetics Magyarorsz\u00e1g","description":"Min\u0151s\u00e9gi kozmetikumok Lengyelorsz\u00e1gb\u00f3l","potentialAction":[{"@type":"SearchAction","target":{"@type":"EntryPoint","urlTemplate":"https:\/\/www.eveline.hu\/2016\/?s={search_term_string}"},"query-input":"required name=search_term_string"}],"inLanguage":"hu"}]}},"_links":{"self":[{"href":"https:\/\/www.eveline.hu\/2016\/wp-json\/wp\/v2\/product\/23629"}],"collection":[{"href":"https:\/\/www.eveline.hu\/2016\/wp-json\/wp\/v2\/product"}],"about":[{"href":"https:\/\/www.eveline.hu\/2016\/wp-json\/wp\/v2\/types\/product"}],"replies":[{"embeddable":true,"href":"https:\/\/www.eveline.hu\/2016\/wp-json\/wp\/v2\/comments?post=23629"}],"wp:featuredmedia":[{"embeddable":true,"href":"https:\/\/www.eveline.hu\/2016\/wp-json\/wp\/v2\/media\/23617"}],"wp:attachment":[{"href":"https:\/\/www.eveline.hu\/2016\/wp-json\/wp\/v2\/media?parent=23629"}],"wp:term":[{"taxonomy":"product_cat","embeddable":true,"href":"https:\/\/www.eveline.hu\/2016\/wp-json\/wp\/v2\/product_cat?post=23629"},{"taxonomy":"product_tag","embeddable":true,"href":"https:\/\/www.eveline.hu\/2016\/wp-json\/wp\/v2\/product_tag?post=23629"}],"curies":[{"name":"wp","href":"https:\/\/api.w.org\/{rel}","templated":true}]}}