{"id":23419,"date":"2018-10-17T20:16:43","date_gmt":"2018-10-17T18:16:43","guid":{"rendered":"http:\/\/www.eveline.hu\/2016\/?post_type=product&#038;p=23419"},"modified":"2025-08-15T12:36:21","modified_gmt":"2025-08-15T10:36:21","slug":"revitalum-labapolo-hamlaszto-zokni-borkemenyedes-ellen-75ml","status":"publish","type":"product","link":"https:\/\/www.eveline.hu\/2016\/eveline-kozmetikumok-szepsegapolas\/szepsegapolas\/labapolas\/revitalum-labapolo-hamlaszto-zokni-borkemenyedes-ellen-75ml\/","title":{"rendered":"Revitalum l\u00e1b\u00e1pol\u00f3 h\u00e1mlaszt\u00f3 zokni b\u0151rkem\u00e9nyed\u00e9s ellen 75ml"},"content":{"rendered":"<p><strong>H\u00e1mlaszt\u00f3 zokni, hidrat\u00e1l\u00f3 kr\u00e9m-maszk l\u00e1b\u00e1pol\u00f3\u00a0<\/strong><strong>b\u0151rkem\u00e9nyed\u00e9s ellen<\/strong><\/p>\n<p>&nbsp;<\/p>\n<p>\u00f6sszetev\u0151k: Aqua (Water), Urea, Cetearyl Alcohol, Ceteareth-20, Paranum Liquidum, Triacetin, Cera Microcristallina, Glyceryl Stearate SE, Propylene Glycol, Glycerin, Butyrospermum Parkii Butter, Aloe Barbadensis Leaf Extract, Lanolin, Panthenol, Lactic Acid, Isopropyl Myristate, Phenoxyethanol, DMDM Hydantoin, Methylparaben, Butylparaben, Ethylparaben, Citric Acid, Disodium EDTA, Alcohol Denat., Propylparaben, BHT, Parfum (Fragrance), Alpha-Isomethyl Ionone, Benzyl Salicylate, Butylphenyl Methylpropional, Citronellol, Coumarin, Eugenol, Geraniol, Hexyl Cinnamal, Linalool.<\/p>\n","protected":false},"excerpt":{"rendered":"<p>75ml ( 14533 Ft\/l )<\/p>\n","protected":false},"featured_media":23420,"comment_status":"open","ping_status":"closed","template":"","meta":[],"product_cat":[125,137,111],"product_tag":[],"yoast_head":"<!-- This site is optimized with the Yoast SEO plugin v22.2 - https:\/\/yoast.com\/wordpress\/plugins\/seo\/ -->\n<title>Revitalum l\u00e1b\u00e1pol\u00f3 h\u00e1mlaszt\u00f3 zokni b\u0151rkem\u00e9nyed\u00e9s ellen 75ml - Eveline Cosmetics Magyarorsz\u00e1g<\/title>\n<meta name=\"robots\" content=\"index, follow, max-snippet:-1, max-image-preview:large, max-video-preview:-1\" \/>\n<link rel=\"canonical\" href=\"https:\/\/www.eveline.hu\/2016\/eveline-kozmetikumok-szepsegapolas\/szepsegapolas\/labapolas\/revitalum-labapolo-hamlaszto-zokni-borkemenyedes-ellen-75ml\/\" \/>\n<meta property=\"og:locale\" content=\"hu_HU\" \/>\n<meta property=\"og:type\" content=\"article\" \/>\n<meta property=\"og:title\" content=\"Revitalum l\u00e1b\u00e1pol\u00f3 h\u00e1mlaszt\u00f3 zokni b\u0151rkem\u00e9nyed\u00e9s ellen 75ml - Eveline Cosmetics Magyarorsz\u00e1g\" \/>\n<meta property=\"og:description\" content=\"75ml ( 14533 Ft\/l )\" \/>\n<meta property=\"og:url\" content=\"https:\/\/www.eveline.hu\/2016\/eveline-kozmetikumok-szepsegapolas\/szepsegapolas\/labapolas\/revitalum-labapolo-hamlaszto-zokni-borkemenyedes-ellen-75ml\/\" \/>\n<meta property=\"og:site_name\" content=\"Eveline Cosmetics Magyarorsz\u00e1g\" \/>\n<meta property=\"article:modified_time\" content=\"2025-08-15T10:36:21+00:00\" \/>\n<meta property=\"og:image\" content=\"https:\/\/www.eveline.hu\/2016\/wp-content\/uploads\/2018\/10\/H\u00e1mlaszt\u00f3-zokni.png\" \/>\n\t<meta property=\"og:image:width\" content=\"750\" \/>\n\t<meta property=\"og:image:height\" content=\"750\" \/>\n\t<meta property=\"og:image:type\" content=\"image\/png\" \/>\n<meta name=\"twitter:card\" content=\"summary_large_image\" \/>\n<script type=\"application\/ld+json\" class=\"yoast-schema-graph\">{\"@context\":\"https:\/\/schema.org\",\"@graph\":[{\"@type\":\"WebPage\",\"@id\":\"https:\/\/www.eveline.hu\/2016\/eveline-kozmetikumok-szepsegapolas\/szepsegapolas\/labapolas\/revitalum-labapolo-hamlaszto-zokni-borkemenyedes-ellen-75ml\/\",\"url\":\"https:\/\/www.eveline.hu\/2016\/eveline-kozmetikumok-szepsegapolas\/szepsegapolas\/labapolas\/revitalum-labapolo-hamlaszto-zokni-borkemenyedes-ellen-75ml\/\",\"name\":\"Revitalum l\u00e1b\u00e1pol\u00f3 h\u00e1mlaszt\u00f3 zokni b\u0151rkem\u00e9nyed\u00e9s ellen 75ml - Eveline Cosmetics Magyarorsz\u00e1g\",\"isPartOf\":{\"@id\":\"https:\/\/www.eveline.hu\/2016\/#website\"},\"primaryImageOfPage\":{\"@id\":\"https:\/\/www.eveline.hu\/2016\/eveline-kozmetikumok-szepsegapolas\/szepsegapolas\/labapolas\/revitalum-labapolo-hamlaszto-zokni-borkemenyedes-ellen-75ml\/#primaryimage\"},\"image\":{\"@id\":\"https:\/\/www.eveline.hu\/2016\/eveline-kozmetikumok-szepsegapolas\/szepsegapolas\/labapolas\/revitalum-labapolo-hamlaszto-zokni-borkemenyedes-ellen-75ml\/#primaryimage\"},\"thumbnailUrl\":\"https:\/\/www.eveline.hu\/2016\/wp-content\/uploads\/2018\/10\/H\u00e1mlaszt\u00f3-zokni.png\",\"datePublished\":\"2018-10-17T18:16:43+00:00\",\"dateModified\":\"2025-08-15T10:36:21+00:00\",\"breadcrumb\":{\"@id\":\"https:\/\/www.eveline.hu\/2016\/eveline-kozmetikumok-szepsegapolas\/szepsegapolas\/labapolas\/revitalum-labapolo-hamlaszto-zokni-borkemenyedes-ellen-75ml\/#breadcrumb\"},\"inLanguage\":\"hu\",\"potentialAction\":[{\"@type\":\"ReadAction\",\"target\":[\"https:\/\/www.eveline.hu\/2016\/eveline-kozmetikumok-szepsegapolas\/szepsegapolas\/labapolas\/revitalum-labapolo-hamlaszto-zokni-borkemenyedes-ellen-75ml\/\"]}]},{\"@type\":\"ImageObject\",\"inLanguage\":\"hu\",\"@id\":\"https:\/\/www.eveline.hu\/2016\/eveline-kozmetikumok-szepsegapolas\/szepsegapolas\/labapolas\/revitalum-labapolo-hamlaszto-zokni-borkemenyedes-ellen-75ml\/#primaryimage\",\"url\":\"https:\/\/www.eveline.hu\/2016\/wp-content\/uploads\/2018\/10\/H\u00e1mlaszt\u00f3-zokni.png\",\"contentUrl\":\"https:\/\/www.eveline.hu\/2016\/wp-content\/uploads\/2018\/10\/H\u00e1mlaszt\u00f3-zokni.png\",\"width\":750,\"height\":750},{\"@type\":\"BreadcrumbList\",\"@id\":\"https:\/\/www.eveline.hu\/2016\/eveline-kozmetikumok-szepsegapolas\/szepsegapolas\/labapolas\/revitalum-labapolo-hamlaszto-zokni-borkemenyedes-ellen-75ml\/#breadcrumb\",\"itemListElement\":[{\"@type\":\"ListItem\",\"position\":1,\"name\":\"Home\",\"item\":\"https:\/\/www.eveline.hu\/2016\/\"},{\"@type\":\"ListItem\",\"position\":2,\"name\":\"Term\u00e9kek\",\"item\":\"https:\/\/www.eveline.hu\/2016\/shop\/\"},{\"@type\":\"ListItem\",\"position\":3,\"name\":\"Revitalum l\u00e1b\u00e1pol\u00f3 h\u00e1mlaszt\u00f3 zokni b\u0151rkem\u00e9nyed\u00e9s ellen 75ml\"}]},{\"@type\":\"WebSite\",\"@id\":\"https:\/\/www.eveline.hu\/2016\/#website\",\"url\":\"https:\/\/www.eveline.hu\/2016\/\",\"name\":\"Eveline Cosmetics Magyarorsz\u00e1g\",\"description\":\"Min\u0151s\u00e9gi kozmetikumok Lengyelorsz\u00e1gb\u00f3l\",\"potentialAction\":[{\"@type\":\"SearchAction\",\"target\":{\"@type\":\"EntryPoint\",\"urlTemplate\":\"https:\/\/www.eveline.hu\/2016\/?s={search_term_string}\"},\"query-input\":\"required name=search_term_string\"}],\"inLanguage\":\"hu\"}]}<\/script>\n<!-- \/ Yoast SEO plugin. -->","yoast_head_json":{"title":"Revitalum l\u00e1b\u00e1pol\u00f3 h\u00e1mlaszt\u00f3 zokni b\u0151rkem\u00e9nyed\u00e9s ellen 75ml - Eveline Cosmetics Magyarorsz\u00e1g","robots":{"index":"index","follow":"follow","max-snippet":"max-snippet:-1","max-image-preview":"max-image-preview:large","max-video-preview":"max-video-preview:-1"},"canonical":"https:\/\/www.eveline.hu\/2016\/eveline-kozmetikumok-szepsegapolas\/szepsegapolas\/labapolas\/revitalum-labapolo-hamlaszto-zokni-borkemenyedes-ellen-75ml\/","og_locale":"hu_HU","og_type":"article","og_title":"Revitalum l\u00e1b\u00e1pol\u00f3 h\u00e1mlaszt\u00f3 zokni b\u0151rkem\u00e9nyed\u00e9s ellen 75ml - Eveline Cosmetics Magyarorsz\u00e1g","og_description":"75ml ( 14533 Ft\/l )","og_url":"https:\/\/www.eveline.hu\/2016\/eveline-kozmetikumok-szepsegapolas\/szepsegapolas\/labapolas\/revitalum-labapolo-hamlaszto-zokni-borkemenyedes-ellen-75ml\/","og_site_name":"Eveline Cosmetics Magyarorsz\u00e1g","article_modified_time":"2025-08-15T10:36:21+00:00","og_image":[{"width":750,"height":750,"url":"https:\/\/www.eveline.hu\/2016\/wp-content\/uploads\/2018\/10\/H\u00e1mlaszt\u00f3-zokni.png","type":"image\/png"}],"twitter_card":"summary_large_image","schema":{"@context":"https:\/\/schema.org","@graph":[{"@type":"WebPage","@id":"https:\/\/www.eveline.hu\/2016\/eveline-kozmetikumok-szepsegapolas\/szepsegapolas\/labapolas\/revitalum-labapolo-hamlaszto-zokni-borkemenyedes-ellen-75ml\/","url":"https:\/\/www.eveline.hu\/2016\/eveline-kozmetikumok-szepsegapolas\/szepsegapolas\/labapolas\/revitalum-labapolo-hamlaszto-zokni-borkemenyedes-ellen-75ml\/","name":"Revitalum l\u00e1b\u00e1pol\u00f3 h\u00e1mlaszt\u00f3 zokni b\u0151rkem\u00e9nyed\u00e9s ellen 75ml - Eveline Cosmetics Magyarorsz\u00e1g","isPartOf":{"@id":"https:\/\/www.eveline.hu\/2016\/#website"},"primaryImageOfPage":{"@id":"https:\/\/www.eveline.hu\/2016\/eveline-kozmetikumok-szepsegapolas\/szepsegapolas\/labapolas\/revitalum-labapolo-hamlaszto-zokni-borkemenyedes-ellen-75ml\/#primaryimage"},"image":{"@id":"https:\/\/www.eveline.hu\/2016\/eveline-kozmetikumok-szepsegapolas\/szepsegapolas\/labapolas\/revitalum-labapolo-hamlaszto-zokni-borkemenyedes-ellen-75ml\/#primaryimage"},"thumbnailUrl":"https:\/\/www.eveline.hu\/2016\/wp-content\/uploads\/2018\/10\/H\u00e1mlaszt\u00f3-zokni.png","datePublished":"2018-10-17T18:16:43+00:00","dateModified":"2025-08-15T10:36:21+00:00","breadcrumb":{"@id":"https:\/\/www.eveline.hu\/2016\/eveline-kozmetikumok-szepsegapolas\/szepsegapolas\/labapolas\/revitalum-labapolo-hamlaszto-zokni-borkemenyedes-ellen-75ml\/#breadcrumb"},"inLanguage":"hu","potentialAction":[{"@type":"ReadAction","target":["https:\/\/www.eveline.hu\/2016\/eveline-kozmetikumok-szepsegapolas\/szepsegapolas\/labapolas\/revitalum-labapolo-hamlaszto-zokni-borkemenyedes-ellen-75ml\/"]}]},{"@type":"ImageObject","inLanguage":"hu","@id":"https:\/\/www.eveline.hu\/2016\/eveline-kozmetikumok-szepsegapolas\/szepsegapolas\/labapolas\/revitalum-labapolo-hamlaszto-zokni-borkemenyedes-ellen-75ml\/#primaryimage","url":"https:\/\/www.eveline.hu\/2016\/wp-content\/uploads\/2018\/10\/H\u00e1mlaszt\u00f3-zokni.png","contentUrl":"https:\/\/www.eveline.hu\/2016\/wp-content\/uploads\/2018\/10\/H\u00e1mlaszt\u00f3-zokni.png","width":750,"height":750},{"@type":"BreadcrumbList","@id":"https:\/\/www.eveline.hu\/2016\/eveline-kozmetikumok-szepsegapolas\/szepsegapolas\/labapolas\/revitalum-labapolo-hamlaszto-zokni-borkemenyedes-ellen-75ml\/#breadcrumb","itemListElement":[{"@type":"ListItem","position":1,"name":"Home","item":"https:\/\/www.eveline.hu\/2016\/"},{"@type":"ListItem","position":2,"name":"Term\u00e9kek","item":"https:\/\/www.eveline.hu\/2016\/shop\/"},{"@type":"ListItem","position":3,"name":"Revitalum l\u00e1b\u00e1pol\u00f3 h\u00e1mlaszt\u00f3 zokni b\u0151rkem\u00e9nyed\u00e9s ellen 75ml"}]},{"@type":"WebSite","@id":"https:\/\/www.eveline.hu\/2016\/#website","url":"https:\/\/www.eveline.hu\/2016\/","name":"Eveline Cosmetics Magyarorsz\u00e1g","description":"Min\u0151s\u00e9gi kozmetikumok Lengyelorsz\u00e1gb\u00f3l","potentialAction":[{"@type":"SearchAction","target":{"@type":"EntryPoint","urlTemplate":"https:\/\/www.eveline.hu\/2016\/?s={search_term_string}"},"query-input":"required name=search_term_string"}],"inLanguage":"hu"}]}},"_links":{"self":[{"href":"https:\/\/www.eveline.hu\/2016\/wp-json\/wp\/v2\/product\/23419"}],"collection":[{"href":"https:\/\/www.eveline.hu\/2016\/wp-json\/wp\/v2\/product"}],"about":[{"href":"https:\/\/www.eveline.hu\/2016\/wp-json\/wp\/v2\/types\/product"}],"replies":[{"embeddable":true,"href":"https:\/\/www.eveline.hu\/2016\/wp-json\/wp\/v2\/comments?post=23419"}],"wp:featuredmedia":[{"embeddable":true,"href":"https:\/\/www.eveline.hu\/2016\/wp-json\/wp\/v2\/media\/23420"}],"wp:attachment":[{"href":"https:\/\/www.eveline.hu\/2016\/wp-json\/wp\/v2\/media?parent=23419"}],"wp:term":[{"taxonomy":"product_cat","embeddable":true,"href":"https:\/\/www.eveline.hu\/2016\/wp-json\/wp\/v2\/product_cat?post=23419"},{"taxonomy":"product_tag","embeddable":true,"href":"https:\/\/www.eveline.hu\/2016\/wp-json\/wp\/v2\/product_tag?post=23419"}],"curies":[{"name":"wp","href":"https:\/\/api.w.org\/{rel}","templated":true}]}}