{"id":23138,"date":"2018-06-25T15:20:04","date_gmt":"2018-06-25T13:20:04","guid":{"rendered":"http:\/\/www.eveline.hu\/2016\/?post_type=product&#038;p=23138"},"modified":"2022-12-26T21:22:23","modified_gmt":"2022-12-26T20:22:23","slug":"lactimed-intim-higienia-gel-3az1-ben-voros-afonya-250ml","status":"publish","type":"product","link":"https:\/\/www.eveline.hu\/2016\/eveline-kozmetikumok-szepsegapolas\/szepsegapolas\/testapolas\/lactimed-intim-higienia-gel-3az1-ben-voros-afonya-250ml\/","title":{"rendered":"Lactimed Intim Higi\u00e9nia G\u00e9l 3az1-ben v\u00f6r\u00f6s \u00e1fonya 250ml"},"content":{"rendered":"<p><strong>Nyugtat\u00f3 Intim Higi\u00e9nia G\u00e9l 3az1-ben. Irrit\u00e1ci\u00f3k ellen.<\/strong><\/p>\n<p>Enyh\u00edti a gyullad\u00e1sokat. 12 \u00f3r\u00e1s komfort\u00e9rz\u00e9s.\u00a0 Helyre\u00e1ll\u00edtja a term\u00e9szetes mikrofl\u00f3r\u00e1t.<\/p>\n<p>Gazdag tejsav, v\u00f6r\u00f6s \u00e1fonya kivonat \u00e9s D-panthenol \u00f6sszetev\u0151kben, er\u0151s\u00edti a term\u00e9szetes v\u00e9delmi folyamatokat az irrit\u00e1ci\u00f3k \u00e9s fert\u0151z\u00e9sek ellen, semleges\u00edti az illatokat \u00e9s helyre\u00e1ll\u00edtja a megfelel\u0151<\/p>\n<p>pH-\u00e9rt\u00e9ket. A g\u00e9l rendk\u00edv\u00fcl gyeng\u00e9den mossa az intim ter\u00fcleteket, an\u00e9lk\u00fcl, hogy megzavarn\u00e1 a term\u00e9szetes v\u00e9delmi korl\u00e1tj\u00e1t.<\/p>\n<p>&nbsp;<\/p>\n<p>\u00f6sszetev\u0151k: Aqua (Water), Sodium Laureth Sulfate, Cocamidopropyl Betaine, Glycerin, Cocamide DEA, Sodium Cocoamphoacetate, Lactic Acid, Parfum (Fragrance), Sodium Benzoate, Potassium Sorbate, Panthenol, Propylene Glycol, Vaccinium Macrocarpon Fruit Extract, Disodium EDTA, Sodium Chloride.<\/p>\n","protected":false},"excerpt":{"rendered":"<p>250ml ( 6596 Ft\/l )<\/p>\n","protected":false},"featured_media":23134,"comment_status":"open","ping_status":"closed","template":"","meta":[],"product_cat":[222,125,127,80],"product_tag":[],"yoast_head":"<!-- This site is optimized with the Yoast SEO plugin v22.2 - https:\/\/yoast.com\/wordpress\/plugins\/seo\/ -->\n<title>Lactimed Intim Higi\u00e9nia G\u00e9l 3az1-ben v\u00f6r\u00f6s \u00e1fonya 250ml - Eveline Cosmetics Magyarorsz\u00e1g<\/title>\n<meta name=\"robots\" content=\"index, follow, max-snippet:-1, max-image-preview:large, max-video-preview:-1\" \/>\n<link rel=\"canonical\" href=\"https:\/\/www.eveline.hu\/2016\/eveline-kozmetikumok-szepsegapolas\/szepsegapolas\/testapolas\/lactimed-intim-higienia-gel-3az1-ben-voros-afonya-250ml\/\" \/>\n<meta property=\"og:locale\" content=\"hu_HU\" \/>\n<meta property=\"og:type\" content=\"article\" \/>\n<meta property=\"og:title\" content=\"Lactimed Intim Higi\u00e9nia G\u00e9l 3az1-ben v\u00f6r\u00f6s \u00e1fonya 250ml - Eveline Cosmetics Magyarorsz\u00e1g\" \/>\n<meta property=\"og:description\" content=\"250ml ( 6596 Ft\/l )\" \/>\n<meta property=\"og:url\" content=\"https:\/\/www.eveline.hu\/2016\/eveline-kozmetikumok-szepsegapolas\/szepsegapolas\/testapolas\/lactimed-intim-higienia-gel-3az1-ben-voros-afonya-250ml\/\" \/>\n<meta property=\"og:site_name\" content=\"Eveline Cosmetics Magyarorsz\u00e1g\" \/>\n<meta property=\"article:modified_time\" content=\"2022-12-26T20:22:23+00:00\" \/>\n<meta property=\"og:image\" content=\"https:\/\/www.eveline.hu\/2016\/wp-content\/uploads\/2018\/06\/Lactimed-\u00e1fonya.png\" \/>\n\t<meta property=\"og:image:width\" content=\"750\" \/>\n\t<meta property=\"og:image:height\" content=\"750\" \/>\n\t<meta property=\"og:image:type\" content=\"image\/png\" \/>\n<meta name=\"twitter:card\" content=\"summary_large_image\" \/>\n<meta name=\"twitter:label1\" content=\"Becs\u00fclt olvas\u00e1si id\u0151\" \/>\n\t<meta name=\"twitter:data1\" content=\"1 perc\" \/>\n<script type=\"application\/ld+json\" class=\"yoast-schema-graph\">{\"@context\":\"https:\/\/schema.org\",\"@graph\":[{\"@type\":\"WebPage\",\"@id\":\"https:\/\/www.eveline.hu\/2016\/eveline-kozmetikumok-szepsegapolas\/szepsegapolas\/testapolas\/lactimed-intim-higienia-gel-3az1-ben-voros-afonya-250ml\/\",\"url\":\"https:\/\/www.eveline.hu\/2016\/eveline-kozmetikumok-szepsegapolas\/szepsegapolas\/testapolas\/lactimed-intim-higienia-gel-3az1-ben-voros-afonya-250ml\/\",\"name\":\"Lactimed Intim Higi\u00e9nia G\u00e9l 3az1-ben v\u00f6r\u00f6s \u00e1fonya 250ml - Eveline Cosmetics Magyarorsz\u00e1g\",\"isPartOf\":{\"@id\":\"https:\/\/www.eveline.hu\/2016\/#website\"},\"primaryImageOfPage\":{\"@id\":\"https:\/\/www.eveline.hu\/2016\/eveline-kozmetikumok-szepsegapolas\/szepsegapolas\/testapolas\/lactimed-intim-higienia-gel-3az1-ben-voros-afonya-250ml\/#primaryimage\"},\"image\":{\"@id\":\"https:\/\/www.eveline.hu\/2016\/eveline-kozmetikumok-szepsegapolas\/szepsegapolas\/testapolas\/lactimed-intim-higienia-gel-3az1-ben-voros-afonya-250ml\/#primaryimage\"},\"thumbnailUrl\":\"https:\/\/www.eveline.hu\/2016\/wp-content\/uploads\/2018\/06\/Lactimed-\u00e1fonya.png\",\"datePublished\":\"2018-06-25T13:20:04+00:00\",\"dateModified\":\"2022-12-26T20:22:23+00:00\",\"breadcrumb\":{\"@id\":\"https:\/\/www.eveline.hu\/2016\/eveline-kozmetikumok-szepsegapolas\/szepsegapolas\/testapolas\/lactimed-intim-higienia-gel-3az1-ben-voros-afonya-250ml\/#breadcrumb\"},\"inLanguage\":\"hu\",\"potentialAction\":[{\"@type\":\"ReadAction\",\"target\":[\"https:\/\/www.eveline.hu\/2016\/eveline-kozmetikumok-szepsegapolas\/szepsegapolas\/testapolas\/lactimed-intim-higienia-gel-3az1-ben-voros-afonya-250ml\/\"]}]},{\"@type\":\"ImageObject\",\"inLanguage\":\"hu\",\"@id\":\"https:\/\/www.eveline.hu\/2016\/eveline-kozmetikumok-szepsegapolas\/szepsegapolas\/testapolas\/lactimed-intim-higienia-gel-3az1-ben-voros-afonya-250ml\/#primaryimage\",\"url\":\"https:\/\/www.eveline.hu\/2016\/wp-content\/uploads\/2018\/06\/Lactimed-\u00e1fonya.png\",\"contentUrl\":\"https:\/\/www.eveline.hu\/2016\/wp-content\/uploads\/2018\/06\/Lactimed-\u00e1fonya.png\",\"width\":750,\"height\":750},{\"@type\":\"BreadcrumbList\",\"@id\":\"https:\/\/www.eveline.hu\/2016\/eveline-kozmetikumok-szepsegapolas\/szepsegapolas\/testapolas\/lactimed-intim-higienia-gel-3az1-ben-voros-afonya-250ml\/#breadcrumb\",\"itemListElement\":[{\"@type\":\"ListItem\",\"position\":1,\"name\":\"Home\",\"item\":\"https:\/\/www.eveline.hu\/2016\/\"},{\"@type\":\"ListItem\",\"position\":2,\"name\":\"Term\u00e9kek\",\"item\":\"https:\/\/www.eveline.hu\/2016\/shop\/\"},{\"@type\":\"ListItem\",\"position\":3,\"name\":\"Lactimed Intim Higi\u00e9nia G\u00e9l 3az1-ben v\u00f6r\u00f6s \u00e1fonya 250ml\"}]},{\"@type\":\"WebSite\",\"@id\":\"https:\/\/www.eveline.hu\/2016\/#website\",\"url\":\"https:\/\/www.eveline.hu\/2016\/\",\"name\":\"Eveline Cosmetics Magyarorsz\u00e1g\",\"description\":\"Min\u0151s\u00e9gi kozmetikumok Lengyelorsz\u00e1gb\u00f3l\",\"potentialAction\":[{\"@type\":\"SearchAction\",\"target\":{\"@type\":\"EntryPoint\",\"urlTemplate\":\"https:\/\/www.eveline.hu\/2016\/?s={search_term_string}\"},\"query-input\":\"required name=search_term_string\"}],\"inLanguage\":\"hu\"}]}<\/script>\n<!-- \/ Yoast SEO plugin. -->","yoast_head_json":{"title":"Lactimed Intim Higi\u00e9nia G\u00e9l 3az1-ben v\u00f6r\u00f6s \u00e1fonya 250ml - Eveline Cosmetics Magyarorsz\u00e1g","robots":{"index":"index","follow":"follow","max-snippet":"max-snippet:-1","max-image-preview":"max-image-preview:large","max-video-preview":"max-video-preview:-1"},"canonical":"https:\/\/www.eveline.hu\/2016\/eveline-kozmetikumok-szepsegapolas\/szepsegapolas\/testapolas\/lactimed-intim-higienia-gel-3az1-ben-voros-afonya-250ml\/","og_locale":"hu_HU","og_type":"article","og_title":"Lactimed Intim Higi\u00e9nia G\u00e9l 3az1-ben v\u00f6r\u00f6s \u00e1fonya 250ml - Eveline Cosmetics Magyarorsz\u00e1g","og_description":"250ml ( 6596 Ft\/l )","og_url":"https:\/\/www.eveline.hu\/2016\/eveline-kozmetikumok-szepsegapolas\/szepsegapolas\/testapolas\/lactimed-intim-higienia-gel-3az1-ben-voros-afonya-250ml\/","og_site_name":"Eveline Cosmetics Magyarorsz\u00e1g","article_modified_time":"2022-12-26T20:22:23+00:00","og_image":[{"width":750,"height":750,"url":"https:\/\/www.eveline.hu\/2016\/wp-content\/uploads\/2018\/06\/Lactimed-\u00e1fonya.png","type":"image\/png"}],"twitter_card":"summary_large_image","twitter_misc":{"Becs\u00fclt olvas\u00e1si id\u0151":"1 perc"},"schema":{"@context":"https:\/\/schema.org","@graph":[{"@type":"WebPage","@id":"https:\/\/www.eveline.hu\/2016\/eveline-kozmetikumok-szepsegapolas\/szepsegapolas\/testapolas\/lactimed-intim-higienia-gel-3az1-ben-voros-afonya-250ml\/","url":"https:\/\/www.eveline.hu\/2016\/eveline-kozmetikumok-szepsegapolas\/szepsegapolas\/testapolas\/lactimed-intim-higienia-gel-3az1-ben-voros-afonya-250ml\/","name":"Lactimed Intim Higi\u00e9nia G\u00e9l 3az1-ben v\u00f6r\u00f6s \u00e1fonya 250ml - Eveline Cosmetics Magyarorsz\u00e1g","isPartOf":{"@id":"https:\/\/www.eveline.hu\/2016\/#website"},"primaryImageOfPage":{"@id":"https:\/\/www.eveline.hu\/2016\/eveline-kozmetikumok-szepsegapolas\/szepsegapolas\/testapolas\/lactimed-intim-higienia-gel-3az1-ben-voros-afonya-250ml\/#primaryimage"},"image":{"@id":"https:\/\/www.eveline.hu\/2016\/eveline-kozmetikumok-szepsegapolas\/szepsegapolas\/testapolas\/lactimed-intim-higienia-gel-3az1-ben-voros-afonya-250ml\/#primaryimage"},"thumbnailUrl":"https:\/\/www.eveline.hu\/2016\/wp-content\/uploads\/2018\/06\/Lactimed-\u00e1fonya.png","datePublished":"2018-06-25T13:20:04+00:00","dateModified":"2022-12-26T20:22:23+00:00","breadcrumb":{"@id":"https:\/\/www.eveline.hu\/2016\/eveline-kozmetikumok-szepsegapolas\/szepsegapolas\/testapolas\/lactimed-intim-higienia-gel-3az1-ben-voros-afonya-250ml\/#breadcrumb"},"inLanguage":"hu","potentialAction":[{"@type":"ReadAction","target":["https:\/\/www.eveline.hu\/2016\/eveline-kozmetikumok-szepsegapolas\/szepsegapolas\/testapolas\/lactimed-intim-higienia-gel-3az1-ben-voros-afonya-250ml\/"]}]},{"@type":"ImageObject","inLanguage":"hu","@id":"https:\/\/www.eveline.hu\/2016\/eveline-kozmetikumok-szepsegapolas\/szepsegapolas\/testapolas\/lactimed-intim-higienia-gel-3az1-ben-voros-afonya-250ml\/#primaryimage","url":"https:\/\/www.eveline.hu\/2016\/wp-content\/uploads\/2018\/06\/Lactimed-\u00e1fonya.png","contentUrl":"https:\/\/www.eveline.hu\/2016\/wp-content\/uploads\/2018\/06\/Lactimed-\u00e1fonya.png","width":750,"height":750},{"@type":"BreadcrumbList","@id":"https:\/\/www.eveline.hu\/2016\/eveline-kozmetikumok-szepsegapolas\/szepsegapolas\/testapolas\/lactimed-intim-higienia-gel-3az1-ben-voros-afonya-250ml\/#breadcrumb","itemListElement":[{"@type":"ListItem","position":1,"name":"Home","item":"https:\/\/www.eveline.hu\/2016\/"},{"@type":"ListItem","position":2,"name":"Term\u00e9kek","item":"https:\/\/www.eveline.hu\/2016\/shop\/"},{"@type":"ListItem","position":3,"name":"Lactimed Intim Higi\u00e9nia G\u00e9l 3az1-ben v\u00f6r\u00f6s \u00e1fonya 250ml"}]},{"@type":"WebSite","@id":"https:\/\/www.eveline.hu\/2016\/#website","url":"https:\/\/www.eveline.hu\/2016\/","name":"Eveline Cosmetics Magyarorsz\u00e1g","description":"Min\u0151s\u00e9gi kozmetikumok Lengyelorsz\u00e1gb\u00f3l","potentialAction":[{"@type":"SearchAction","target":{"@type":"EntryPoint","urlTemplate":"https:\/\/www.eveline.hu\/2016\/?s={search_term_string}"},"query-input":"required name=search_term_string"}],"inLanguage":"hu"}]}},"_links":{"self":[{"href":"https:\/\/www.eveline.hu\/2016\/wp-json\/wp\/v2\/product\/23138"}],"collection":[{"href":"https:\/\/www.eveline.hu\/2016\/wp-json\/wp\/v2\/product"}],"about":[{"href":"https:\/\/www.eveline.hu\/2016\/wp-json\/wp\/v2\/types\/product"}],"replies":[{"embeddable":true,"href":"https:\/\/www.eveline.hu\/2016\/wp-json\/wp\/v2\/comments?post=23138"}],"wp:featuredmedia":[{"embeddable":true,"href":"https:\/\/www.eveline.hu\/2016\/wp-json\/wp\/v2\/media\/23134"}],"wp:attachment":[{"href":"https:\/\/www.eveline.hu\/2016\/wp-json\/wp\/v2\/media?parent=23138"}],"wp:term":[{"taxonomy":"product_cat","embeddable":true,"href":"https:\/\/www.eveline.hu\/2016\/wp-json\/wp\/v2\/product_cat?post=23138"},{"taxonomy":"product_tag","embeddable":true,"href":"https:\/\/www.eveline.hu\/2016\/wp-json\/wp\/v2\/product_tag?post=23138"}],"curies":[{"name":"wp","href":"https:\/\/api.w.org\/{rel}","templated":true}]}}