{"id":22511,"date":"2017-09-29T11:40:04","date_gmt":"2017-09-29T09:40:04","guid":{"rendered":"http:\/\/www.eveline.hu\/2016\/?post_type=product&#038;p=22511"},"modified":"2024-01-09T16:25:42","modified_gmt":"2024-01-09T15:25:42","slug":"gold-lift-expert-luxus-ranctalanito-arcmaszk-3az1-ben-7-ml","status":"publish","type":"product","link":"https:\/\/www.eveline.hu\/2016\/eveline-kozmetikumok-szepsegapolas\/szepsegapolas\/arcapolas\/gold-lift-expert-luxus-ranctalanito-arcmaszk-3az1-ben-7-ml\/","title":{"rendered":"Gold Lift Expert  Luxus R\u00e1nctalan\u00edt\u00f3 Arcmaszk 3az1-ben 7 ml"},"content":{"rendered":"<p><strong>Gold Lift Expert\u00a0 Luxus R\u00e1nctalan\u00edt\u00f3 Arcmaszk 3az1-ben<\/strong><\/p>\n<p>\u00c9rett, sz\u00e1raz \u00e9s \u00e9rz\u00e9keny b\u0151rre.<\/p>\n<p>Kisim\u00edtja a r\u00e1ncokat, fiatal\u00edtja az arcvon\u00e1sokat, jav\u00edtja a b\u0151r t\u00f6m\u00f6rs\u00e9g\u00e9t.<\/p>\n<p>Hat\u00e9konyan feszes\u00edti \u00e9s kit\u00f6lti a r\u00e1ncokat.<\/p>\n<p><strong>Akt\u00edv hat\u00f3anyagok<\/strong>: 24k GOLD THERAPY 4D, MATRIXYL\u00ae3000,\u00a0HYALURON 4D, COLLASURGE LQ\u2122.<\/p>\n<p>&nbsp;<\/p>\n<p>\u00f6sszetev\u0151k: Aqua (Water), Glycerin, Betaine, PEG-40 Hydrogenated Castor OIl, Collagen Amino Acids, Tocopheryl Acetate, PAnthenol, Laminaria Hyperborea Extract, Hydrolyzed Glycosaminoglycans, Allantoin, Sodium Hyaluronate, Hyaluronic Acid, Palmitoyl Tripeptide-1, Palmitoyl Tetrapeptide-7, Gold, Sodium Lactate Acrylates\/C10-30 Alkyl Acrylate Crosspolymer, Triethanolamine, Butylene Glycol, Parfum (Fragrance), Phenoxyethanol, Methylparaben, Ethylparaben, Propylparaben, DMDM Hydantoin, Ethylhexylglycerin, Potassium Sorbate, Carbomer, Sorbic Acid, Polysorbate 20, Benzyl Salicylate, Citronellol, Limonene, Hydroxycitronellal, Hexyl Cinnamal, Linalool, Synthetic Fluorphlogopite, CI 77820, CI 7786 (Tin Oxide), CI 77891 (Titanium Dioxide), CI 77491 (Iron Oxides).<\/p>\n","protected":false},"excerpt":{"rendered":"<p>fiatal\u00edtja az arcvon\u00e1sokat&#8230;<\/p>\n","protected":false},"featured_media":22512,"comment_status":"open","ping_status":"closed","template":"","meta":[],"product_cat":[213,125,126,87],"product_tag":[],"yoast_head":"<!-- This site is optimized with the Yoast SEO plugin v22.2 - https:\/\/yoast.com\/wordpress\/plugins\/seo\/ -->\n<title>Gold Lift Expert Luxus R\u00e1nctalan\u00edt\u00f3 Arcmaszk 3az1-ben 7 ml - Eveline Cosmetics Magyarorsz\u00e1g<\/title>\n<meta name=\"robots\" content=\"index, follow, max-snippet:-1, max-image-preview:large, max-video-preview:-1\" \/>\n<link rel=\"canonical\" href=\"https:\/\/www.eveline.hu\/2016\/eveline-kozmetikumok-szepsegapolas\/szepsegapolas\/arcapolas\/gold-lift-expert-luxus-ranctalanito-arcmaszk-3az1-ben-7-ml\/\" \/>\n<meta property=\"og:locale\" content=\"hu_HU\" \/>\n<meta property=\"og:type\" content=\"article\" \/>\n<meta property=\"og:title\" content=\"Gold Lift Expert Luxus R\u00e1nctalan\u00edt\u00f3 Arcmaszk 3az1-ben 7 ml - Eveline Cosmetics Magyarorsz\u00e1g\" \/>\n<meta property=\"og:description\" content=\"fiatal\u00edtja az arcvon\u00e1sokat...\" \/>\n<meta property=\"og:url\" content=\"https:\/\/www.eveline.hu\/2016\/eveline-kozmetikumok-szepsegapolas\/szepsegapolas\/arcapolas\/gold-lift-expert-luxus-ranctalanito-arcmaszk-3az1-ben-7-ml\/\" \/>\n<meta property=\"og:site_name\" content=\"Eveline Cosmetics Magyarorsz\u00e1g\" \/>\n<meta property=\"article:modified_time\" content=\"2024-01-09T15:25:42+00:00\" \/>\n<meta property=\"og:image\" content=\"https:\/\/www.eveline.hu\/2016\/wp-content\/uploads\/2017\/09\/Gold-Lift-maszk-2_5ml.png\" \/>\n\t<meta property=\"og:image:width\" content=\"750\" \/>\n\t<meta property=\"og:image:height\" content=\"750\" \/>\n\t<meta property=\"og:image:type\" content=\"image\/png\" \/>\n<meta name=\"twitter:card\" content=\"summary_large_image\" \/>\n<meta name=\"twitter:label1\" content=\"Becs\u00fclt olvas\u00e1si id\u0151\" \/>\n\t<meta name=\"twitter:data1\" content=\"1 perc\" \/>\n<script type=\"application\/ld+json\" class=\"yoast-schema-graph\">{\"@context\":\"https:\/\/schema.org\",\"@graph\":[{\"@type\":\"WebPage\",\"@id\":\"https:\/\/www.eveline.hu\/2016\/eveline-kozmetikumok-szepsegapolas\/szepsegapolas\/arcapolas\/gold-lift-expert-luxus-ranctalanito-arcmaszk-3az1-ben-7-ml\/\",\"url\":\"https:\/\/www.eveline.hu\/2016\/eveline-kozmetikumok-szepsegapolas\/szepsegapolas\/arcapolas\/gold-lift-expert-luxus-ranctalanito-arcmaszk-3az1-ben-7-ml\/\",\"name\":\"Gold Lift Expert Luxus R\u00e1nctalan\u00edt\u00f3 Arcmaszk 3az1-ben 7 ml - Eveline Cosmetics Magyarorsz\u00e1g\",\"isPartOf\":{\"@id\":\"https:\/\/www.eveline.hu\/2016\/#website\"},\"primaryImageOfPage\":{\"@id\":\"https:\/\/www.eveline.hu\/2016\/eveline-kozmetikumok-szepsegapolas\/szepsegapolas\/arcapolas\/gold-lift-expert-luxus-ranctalanito-arcmaszk-3az1-ben-7-ml\/#primaryimage\"},\"image\":{\"@id\":\"https:\/\/www.eveline.hu\/2016\/eveline-kozmetikumok-szepsegapolas\/szepsegapolas\/arcapolas\/gold-lift-expert-luxus-ranctalanito-arcmaszk-3az1-ben-7-ml\/#primaryimage\"},\"thumbnailUrl\":\"https:\/\/www.eveline.hu\/2016\/wp-content\/uploads\/2017\/09\/Gold-Lift-maszk-2_5ml.png\",\"datePublished\":\"2017-09-29T09:40:04+00:00\",\"dateModified\":\"2024-01-09T15:25:42+00:00\",\"breadcrumb\":{\"@id\":\"https:\/\/www.eveline.hu\/2016\/eveline-kozmetikumok-szepsegapolas\/szepsegapolas\/arcapolas\/gold-lift-expert-luxus-ranctalanito-arcmaszk-3az1-ben-7-ml\/#breadcrumb\"},\"inLanguage\":\"hu\",\"potentialAction\":[{\"@type\":\"ReadAction\",\"target\":[\"https:\/\/www.eveline.hu\/2016\/eveline-kozmetikumok-szepsegapolas\/szepsegapolas\/arcapolas\/gold-lift-expert-luxus-ranctalanito-arcmaszk-3az1-ben-7-ml\/\"]}]},{\"@type\":\"ImageObject\",\"inLanguage\":\"hu\",\"@id\":\"https:\/\/www.eveline.hu\/2016\/eveline-kozmetikumok-szepsegapolas\/szepsegapolas\/arcapolas\/gold-lift-expert-luxus-ranctalanito-arcmaszk-3az1-ben-7-ml\/#primaryimage\",\"url\":\"https:\/\/www.eveline.hu\/2016\/wp-content\/uploads\/2017\/09\/Gold-Lift-maszk-2_5ml.png\",\"contentUrl\":\"https:\/\/www.eveline.hu\/2016\/wp-content\/uploads\/2017\/09\/Gold-Lift-maszk-2_5ml.png\",\"width\":750,\"height\":750},{\"@type\":\"BreadcrumbList\",\"@id\":\"https:\/\/www.eveline.hu\/2016\/eveline-kozmetikumok-szepsegapolas\/szepsegapolas\/arcapolas\/gold-lift-expert-luxus-ranctalanito-arcmaszk-3az1-ben-7-ml\/#breadcrumb\",\"itemListElement\":[{\"@type\":\"ListItem\",\"position\":1,\"name\":\"Home\",\"item\":\"https:\/\/www.eveline.hu\/2016\/\"},{\"@type\":\"ListItem\",\"position\":2,\"name\":\"Term\u00e9kek\",\"item\":\"https:\/\/www.eveline.hu\/2016\/shop\/\"},{\"@type\":\"ListItem\",\"position\":3,\"name\":\"Gold Lift Expert Luxus R\u00e1nctalan\u00edt\u00f3 Arcmaszk 3az1-ben 7 ml\"}]},{\"@type\":\"WebSite\",\"@id\":\"https:\/\/www.eveline.hu\/2016\/#website\",\"url\":\"https:\/\/www.eveline.hu\/2016\/\",\"name\":\"Eveline Cosmetics Magyarorsz\u00e1g\",\"description\":\"Min\u0151s\u00e9gi kozmetikumok Lengyelorsz\u00e1gb\u00f3l\",\"potentialAction\":[{\"@type\":\"SearchAction\",\"target\":{\"@type\":\"EntryPoint\",\"urlTemplate\":\"https:\/\/www.eveline.hu\/2016\/?s={search_term_string}\"},\"query-input\":\"required name=search_term_string\"}],\"inLanguage\":\"hu\"}]}<\/script>\n<!-- \/ Yoast SEO plugin. -->","yoast_head_json":{"title":"Gold Lift Expert Luxus R\u00e1nctalan\u00edt\u00f3 Arcmaszk 3az1-ben 7 ml - Eveline Cosmetics Magyarorsz\u00e1g","robots":{"index":"index","follow":"follow","max-snippet":"max-snippet:-1","max-image-preview":"max-image-preview:large","max-video-preview":"max-video-preview:-1"},"canonical":"https:\/\/www.eveline.hu\/2016\/eveline-kozmetikumok-szepsegapolas\/szepsegapolas\/arcapolas\/gold-lift-expert-luxus-ranctalanito-arcmaszk-3az1-ben-7-ml\/","og_locale":"hu_HU","og_type":"article","og_title":"Gold Lift Expert Luxus R\u00e1nctalan\u00edt\u00f3 Arcmaszk 3az1-ben 7 ml - Eveline Cosmetics Magyarorsz\u00e1g","og_description":"fiatal\u00edtja az arcvon\u00e1sokat...","og_url":"https:\/\/www.eveline.hu\/2016\/eveline-kozmetikumok-szepsegapolas\/szepsegapolas\/arcapolas\/gold-lift-expert-luxus-ranctalanito-arcmaszk-3az1-ben-7-ml\/","og_site_name":"Eveline Cosmetics Magyarorsz\u00e1g","article_modified_time":"2024-01-09T15:25:42+00:00","og_image":[{"width":750,"height":750,"url":"https:\/\/www.eveline.hu\/2016\/wp-content\/uploads\/2017\/09\/Gold-Lift-maszk-2_5ml.png","type":"image\/png"}],"twitter_card":"summary_large_image","twitter_misc":{"Becs\u00fclt olvas\u00e1si id\u0151":"1 perc"},"schema":{"@context":"https:\/\/schema.org","@graph":[{"@type":"WebPage","@id":"https:\/\/www.eveline.hu\/2016\/eveline-kozmetikumok-szepsegapolas\/szepsegapolas\/arcapolas\/gold-lift-expert-luxus-ranctalanito-arcmaszk-3az1-ben-7-ml\/","url":"https:\/\/www.eveline.hu\/2016\/eveline-kozmetikumok-szepsegapolas\/szepsegapolas\/arcapolas\/gold-lift-expert-luxus-ranctalanito-arcmaszk-3az1-ben-7-ml\/","name":"Gold Lift Expert Luxus R\u00e1nctalan\u00edt\u00f3 Arcmaszk 3az1-ben 7 ml - Eveline Cosmetics Magyarorsz\u00e1g","isPartOf":{"@id":"https:\/\/www.eveline.hu\/2016\/#website"},"primaryImageOfPage":{"@id":"https:\/\/www.eveline.hu\/2016\/eveline-kozmetikumok-szepsegapolas\/szepsegapolas\/arcapolas\/gold-lift-expert-luxus-ranctalanito-arcmaszk-3az1-ben-7-ml\/#primaryimage"},"image":{"@id":"https:\/\/www.eveline.hu\/2016\/eveline-kozmetikumok-szepsegapolas\/szepsegapolas\/arcapolas\/gold-lift-expert-luxus-ranctalanito-arcmaszk-3az1-ben-7-ml\/#primaryimage"},"thumbnailUrl":"https:\/\/www.eveline.hu\/2016\/wp-content\/uploads\/2017\/09\/Gold-Lift-maszk-2_5ml.png","datePublished":"2017-09-29T09:40:04+00:00","dateModified":"2024-01-09T15:25:42+00:00","breadcrumb":{"@id":"https:\/\/www.eveline.hu\/2016\/eveline-kozmetikumok-szepsegapolas\/szepsegapolas\/arcapolas\/gold-lift-expert-luxus-ranctalanito-arcmaszk-3az1-ben-7-ml\/#breadcrumb"},"inLanguage":"hu","potentialAction":[{"@type":"ReadAction","target":["https:\/\/www.eveline.hu\/2016\/eveline-kozmetikumok-szepsegapolas\/szepsegapolas\/arcapolas\/gold-lift-expert-luxus-ranctalanito-arcmaszk-3az1-ben-7-ml\/"]}]},{"@type":"ImageObject","inLanguage":"hu","@id":"https:\/\/www.eveline.hu\/2016\/eveline-kozmetikumok-szepsegapolas\/szepsegapolas\/arcapolas\/gold-lift-expert-luxus-ranctalanito-arcmaszk-3az1-ben-7-ml\/#primaryimage","url":"https:\/\/www.eveline.hu\/2016\/wp-content\/uploads\/2017\/09\/Gold-Lift-maszk-2_5ml.png","contentUrl":"https:\/\/www.eveline.hu\/2016\/wp-content\/uploads\/2017\/09\/Gold-Lift-maszk-2_5ml.png","width":750,"height":750},{"@type":"BreadcrumbList","@id":"https:\/\/www.eveline.hu\/2016\/eveline-kozmetikumok-szepsegapolas\/szepsegapolas\/arcapolas\/gold-lift-expert-luxus-ranctalanito-arcmaszk-3az1-ben-7-ml\/#breadcrumb","itemListElement":[{"@type":"ListItem","position":1,"name":"Home","item":"https:\/\/www.eveline.hu\/2016\/"},{"@type":"ListItem","position":2,"name":"Term\u00e9kek","item":"https:\/\/www.eveline.hu\/2016\/shop\/"},{"@type":"ListItem","position":3,"name":"Gold Lift Expert Luxus R\u00e1nctalan\u00edt\u00f3 Arcmaszk 3az1-ben 7 ml"}]},{"@type":"WebSite","@id":"https:\/\/www.eveline.hu\/2016\/#website","url":"https:\/\/www.eveline.hu\/2016\/","name":"Eveline Cosmetics Magyarorsz\u00e1g","description":"Min\u0151s\u00e9gi kozmetikumok Lengyelorsz\u00e1gb\u00f3l","potentialAction":[{"@type":"SearchAction","target":{"@type":"EntryPoint","urlTemplate":"https:\/\/www.eveline.hu\/2016\/?s={search_term_string}"},"query-input":"required name=search_term_string"}],"inLanguage":"hu"}]}},"_links":{"self":[{"href":"https:\/\/www.eveline.hu\/2016\/wp-json\/wp\/v2\/product\/22511"}],"collection":[{"href":"https:\/\/www.eveline.hu\/2016\/wp-json\/wp\/v2\/product"}],"about":[{"href":"https:\/\/www.eveline.hu\/2016\/wp-json\/wp\/v2\/types\/product"}],"replies":[{"embeddable":true,"href":"https:\/\/www.eveline.hu\/2016\/wp-json\/wp\/v2\/comments?post=22511"}],"wp:featuredmedia":[{"embeddable":true,"href":"https:\/\/www.eveline.hu\/2016\/wp-json\/wp\/v2\/media\/22512"}],"wp:attachment":[{"href":"https:\/\/www.eveline.hu\/2016\/wp-json\/wp\/v2\/media?parent=22511"}],"wp:term":[{"taxonomy":"product_cat","embeddable":true,"href":"https:\/\/www.eveline.hu\/2016\/wp-json\/wp\/v2\/product_cat?post=22511"},{"taxonomy":"product_tag","embeddable":true,"href":"https:\/\/www.eveline.hu\/2016\/wp-json\/wp\/v2\/product_tag?post=22511"}],"curies":[{"name":"wp","href":"https:\/\/api.w.org\/{rel}","templated":true}]}}