{"id":21693,"date":"2016-05-27T12:51:20","date_gmt":"2016-05-27T10:51:20","guid":{"rendered":"http:\/\/www.eveline.hu\/2016\/?post_type=product&#038;p=21693"},"modified":"2025-07-30T16:32:45","modified_gmt":"2025-07-30T14:32:45","slug":"argan-elixir-8in1-intenziv-regeneralo-olaj-12ml","status":"publish","type":"product","link":"https:\/\/www.eveline.hu\/2016\/eveline-kozmetikumok-szepsegapolas\/smink\/korom\/koromerositok\/argan-elixir-8in1-intenziv-regeneralo-olaj-12ml\/","title":{"rendered":"K\u00f6r\u00f6m\u00e1pol\u00f3 ARGAN ELIXIR 8IN1 Intenz\u00edv regener\u00e1l\u00f3 olaj 12ml"},"content":{"rendered":"<p>1.t\u00e1pl\u00e1l 2. kisim\u00edt 3. hidrat\u00e1l 4. f\u00e9nyt ad 5. er\u0151s\u00edt 6. feszes\u00edt 7. kem\u00e9ny\u00edt 8. v\u00e9d<\/p>\n<p>T\u00e1pl\u00e1lja, revitaliz\u00e1lja, er\u0151s\u00edti \u00e9s kem\u00e9ny\u00edti a k\u00f6rm\u00f6ket.<\/p>\n<p>Koncentr\u00e1lt, gyorsan felsz\u00edv\u00f3d\u00f3 formula egyed\u00fcl\u00e1ll\u00f3 tiszta arg\u00e1n, avok\u00e1d\u00f3 \u00e9s mandulaolaj kombin\u00e1ci\u00f3ja.<\/p>\n<p><strong>Alkalmaz\u00e1s<\/strong>: Minden nap (lehet\u0151leg lefekv\u00e9s el\u0151tt) vigyen fel egy r\u00e9teg elix\u00edrt a tiszta, sz\u00e1raz k\u00f6rm\u00f6kre \u00e9s k\u00f6r\u00f6m\u00e1gyb\u0151rre. Haszn\u00e1lja rendszeresen, mivel minden felhordott r\u00e9teg m\u00e9lyen behatol a k\u00f6r\u00f6m\u00e1gyb\u0151rbe \u00e9s a k\u00f6rm\u00f6kbe, biztos\u00edtva azok maxim\u00e1lis regener\u00e1ci\u00f3j\u00e1t. A kondicion\u00e1l\u00f3 term\u00e9szetes eredet\u0171 \u00f6sszetev\u0151ket tartalmaz, \u00edgy addig haszn\u00e1lhatja, am\u00edg csak akarja. A citrus illat rendk\u00edv\u00fcl kellemes\u00e9 teszi az elix\u00edr alkalmaz\u00e1s\u00e1t<\/p>\n","protected":false},"excerpt":{"rendered":"<p>er\u0151s\u00edti \u00e9s kem\u00e9ny\u00edti a k\u00f6rm\u00f6ket&#8230;<\/p>\n","protected":false},"featured_media":21694,"comment_status":"open","ping_status":"closed","template":"","meta":[],"product_cat":[156,158,129,113],"product_tag":[],"yoast_head":"<!-- This site is optimized with the Yoast SEO plugin v22.2 - https:\/\/yoast.com\/wordpress\/plugins\/seo\/ -->\n<title>K\u00f6r\u00f6m\u00e1pol\u00f3 ARGAN ELIXIR 8IN1 Intenz\u00edv regener\u00e1l\u00f3 olaj 12ml - Eveline Cosmetics Magyarorsz\u00e1g<\/title>\n<meta name=\"robots\" content=\"index, follow, max-snippet:-1, max-image-preview:large, max-video-preview:-1\" \/>\n<link rel=\"canonical\" href=\"https:\/\/www.eveline.hu\/2016\/eveline-kozmetikumok-szepsegapolas\/smink\/korom\/koromerositok\/argan-elixir-8in1-intenziv-regeneralo-olaj-12ml\/\" \/>\n<meta property=\"og:locale\" content=\"hu_HU\" \/>\n<meta property=\"og:type\" content=\"article\" \/>\n<meta property=\"og:title\" content=\"K\u00f6r\u00f6m\u00e1pol\u00f3 ARGAN ELIXIR 8IN1 Intenz\u00edv regener\u00e1l\u00f3 olaj 12ml - Eveline Cosmetics Magyarorsz\u00e1g\" \/>\n<meta property=\"og:description\" content=\"er\u0151s\u00edti \u00e9s kem\u00e9ny\u00edti a k\u00f6rm\u00f6ket...\" \/>\n<meta property=\"og:url\" content=\"https:\/\/www.eveline.hu\/2016\/eveline-kozmetikumok-szepsegapolas\/smink\/korom\/koromerositok\/argan-elixir-8in1-intenziv-regeneralo-olaj-12ml\/\" \/>\n<meta property=\"og:site_name\" content=\"Eveline Cosmetics Magyarorsz\u00e1g\" \/>\n<meta property=\"article:modified_time\" content=\"2025-07-30T14:32:45+00:00\" \/>\n<meta property=\"og:image\" content=\"https:\/\/www.eveline.hu\/2016\/wp-content\/uploads\/2016\/05\/nail_therapy_oliwka_argan-elixir.png\" \/>\n\t<meta property=\"og:image:width\" content=\"750\" \/>\n\t<meta property=\"og:image:height\" content=\"750\" \/>\n\t<meta property=\"og:image:type\" content=\"image\/png\" \/>\n<meta name=\"twitter:card\" content=\"summary_large_image\" \/>\n<meta name=\"twitter:label1\" content=\"Becs\u00fclt olvas\u00e1si id\u0151\" \/>\n\t<meta name=\"twitter:data1\" content=\"1 perc\" \/>\n<script type=\"application\/ld+json\" class=\"yoast-schema-graph\">{\"@context\":\"https:\/\/schema.org\",\"@graph\":[{\"@type\":\"WebPage\",\"@id\":\"https:\/\/www.eveline.hu\/2016\/eveline-kozmetikumok-szepsegapolas\/smink\/korom\/koromerositok\/argan-elixir-8in1-intenziv-regeneralo-olaj-12ml\/\",\"url\":\"https:\/\/www.eveline.hu\/2016\/eveline-kozmetikumok-szepsegapolas\/smink\/korom\/koromerositok\/argan-elixir-8in1-intenziv-regeneralo-olaj-12ml\/\",\"name\":\"K\u00f6r\u00f6m\u00e1pol\u00f3 ARGAN ELIXIR 8IN1 Intenz\u00edv regener\u00e1l\u00f3 olaj 12ml - Eveline Cosmetics Magyarorsz\u00e1g\",\"isPartOf\":{\"@id\":\"https:\/\/www.eveline.hu\/2016\/#website\"},\"primaryImageOfPage\":{\"@id\":\"https:\/\/www.eveline.hu\/2016\/eveline-kozmetikumok-szepsegapolas\/smink\/korom\/koromerositok\/argan-elixir-8in1-intenziv-regeneralo-olaj-12ml\/#primaryimage\"},\"image\":{\"@id\":\"https:\/\/www.eveline.hu\/2016\/eveline-kozmetikumok-szepsegapolas\/smink\/korom\/koromerositok\/argan-elixir-8in1-intenziv-regeneralo-olaj-12ml\/#primaryimage\"},\"thumbnailUrl\":\"https:\/\/www.eveline.hu\/2016\/wp-content\/uploads\/2016\/05\/nail_therapy_oliwka_argan-elixir.png\",\"datePublished\":\"2016-05-27T10:51:20+00:00\",\"dateModified\":\"2025-07-30T14:32:45+00:00\",\"breadcrumb\":{\"@id\":\"https:\/\/www.eveline.hu\/2016\/eveline-kozmetikumok-szepsegapolas\/smink\/korom\/koromerositok\/argan-elixir-8in1-intenziv-regeneralo-olaj-12ml\/#breadcrumb\"},\"inLanguage\":\"hu\",\"potentialAction\":[{\"@type\":\"ReadAction\",\"target\":[\"https:\/\/www.eveline.hu\/2016\/eveline-kozmetikumok-szepsegapolas\/smink\/korom\/koromerositok\/argan-elixir-8in1-intenziv-regeneralo-olaj-12ml\/\"]}]},{\"@type\":\"ImageObject\",\"inLanguage\":\"hu\",\"@id\":\"https:\/\/www.eveline.hu\/2016\/eveline-kozmetikumok-szepsegapolas\/smink\/korom\/koromerositok\/argan-elixir-8in1-intenziv-regeneralo-olaj-12ml\/#primaryimage\",\"url\":\"https:\/\/www.eveline.hu\/2016\/wp-content\/uploads\/2016\/05\/nail_therapy_oliwka_argan-elixir.png\",\"contentUrl\":\"https:\/\/www.eveline.hu\/2016\/wp-content\/uploads\/2016\/05\/nail_therapy_oliwka_argan-elixir.png\",\"width\":750,\"height\":750},{\"@type\":\"BreadcrumbList\",\"@id\":\"https:\/\/www.eveline.hu\/2016\/eveline-kozmetikumok-szepsegapolas\/smink\/korom\/koromerositok\/argan-elixir-8in1-intenziv-regeneralo-olaj-12ml\/#breadcrumb\",\"itemListElement\":[{\"@type\":\"ListItem\",\"position\":1,\"name\":\"Home\",\"item\":\"https:\/\/www.eveline.hu\/2016\/\"},{\"@type\":\"ListItem\",\"position\":2,\"name\":\"Term\u00e9kek\",\"item\":\"https:\/\/www.eveline.hu\/2016\/shop\/\"},{\"@type\":\"ListItem\",\"position\":3,\"name\":\"K\u00f6r\u00f6m\u00e1pol\u00f3 ARGAN ELIXIR 8IN1 Intenz\u00edv regener\u00e1l\u00f3 olaj 12ml\"}]},{\"@type\":\"WebSite\",\"@id\":\"https:\/\/www.eveline.hu\/2016\/#website\",\"url\":\"https:\/\/www.eveline.hu\/2016\/\",\"name\":\"Eveline Cosmetics Magyarorsz\u00e1g\",\"description\":\"Min\u0151s\u00e9gi kozmetikumok Lengyelorsz\u00e1gb\u00f3l\",\"potentialAction\":[{\"@type\":\"SearchAction\",\"target\":{\"@type\":\"EntryPoint\",\"urlTemplate\":\"https:\/\/www.eveline.hu\/2016\/?s={search_term_string}\"},\"query-input\":\"required name=search_term_string\"}],\"inLanguage\":\"hu\"}]}<\/script>\n<!-- \/ Yoast SEO plugin. -->","yoast_head_json":{"title":"K\u00f6r\u00f6m\u00e1pol\u00f3 ARGAN ELIXIR 8IN1 Intenz\u00edv regener\u00e1l\u00f3 olaj 12ml - Eveline Cosmetics Magyarorsz\u00e1g","robots":{"index":"index","follow":"follow","max-snippet":"max-snippet:-1","max-image-preview":"max-image-preview:large","max-video-preview":"max-video-preview:-1"},"canonical":"https:\/\/www.eveline.hu\/2016\/eveline-kozmetikumok-szepsegapolas\/smink\/korom\/koromerositok\/argan-elixir-8in1-intenziv-regeneralo-olaj-12ml\/","og_locale":"hu_HU","og_type":"article","og_title":"K\u00f6r\u00f6m\u00e1pol\u00f3 ARGAN ELIXIR 8IN1 Intenz\u00edv regener\u00e1l\u00f3 olaj 12ml - Eveline Cosmetics Magyarorsz\u00e1g","og_description":"er\u0151s\u00edti \u00e9s kem\u00e9ny\u00edti a k\u00f6rm\u00f6ket...","og_url":"https:\/\/www.eveline.hu\/2016\/eveline-kozmetikumok-szepsegapolas\/smink\/korom\/koromerositok\/argan-elixir-8in1-intenziv-regeneralo-olaj-12ml\/","og_site_name":"Eveline Cosmetics Magyarorsz\u00e1g","article_modified_time":"2025-07-30T14:32:45+00:00","og_image":[{"width":750,"height":750,"url":"https:\/\/www.eveline.hu\/2016\/wp-content\/uploads\/2016\/05\/nail_therapy_oliwka_argan-elixir.png","type":"image\/png"}],"twitter_card":"summary_large_image","twitter_misc":{"Becs\u00fclt olvas\u00e1si id\u0151":"1 perc"},"schema":{"@context":"https:\/\/schema.org","@graph":[{"@type":"WebPage","@id":"https:\/\/www.eveline.hu\/2016\/eveline-kozmetikumok-szepsegapolas\/smink\/korom\/koromerositok\/argan-elixir-8in1-intenziv-regeneralo-olaj-12ml\/","url":"https:\/\/www.eveline.hu\/2016\/eveline-kozmetikumok-szepsegapolas\/smink\/korom\/koromerositok\/argan-elixir-8in1-intenziv-regeneralo-olaj-12ml\/","name":"K\u00f6r\u00f6m\u00e1pol\u00f3 ARGAN ELIXIR 8IN1 Intenz\u00edv regener\u00e1l\u00f3 olaj 12ml - Eveline Cosmetics Magyarorsz\u00e1g","isPartOf":{"@id":"https:\/\/www.eveline.hu\/2016\/#website"},"primaryImageOfPage":{"@id":"https:\/\/www.eveline.hu\/2016\/eveline-kozmetikumok-szepsegapolas\/smink\/korom\/koromerositok\/argan-elixir-8in1-intenziv-regeneralo-olaj-12ml\/#primaryimage"},"image":{"@id":"https:\/\/www.eveline.hu\/2016\/eveline-kozmetikumok-szepsegapolas\/smink\/korom\/koromerositok\/argan-elixir-8in1-intenziv-regeneralo-olaj-12ml\/#primaryimage"},"thumbnailUrl":"https:\/\/www.eveline.hu\/2016\/wp-content\/uploads\/2016\/05\/nail_therapy_oliwka_argan-elixir.png","datePublished":"2016-05-27T10:51:20+00:00","dateModified":"2025-07-30T14:32:45+00:00","breadcrumb":{"@id":"https:\/\/www.eveline.hu\/2016\/eveline-kozmetikumok-szepsegapolas\/smink\/korom\/koromerositok\/argan-elixir-8in1-intenziv-regeneralo-olaj-12ml\/#breadcrumb"},"inLanguage":"hu","potentialAction":[{"@type":"ReadAction","target":["https:\/\/www.eveline.hu\/2016\/eveline-kozmetikumok-szepsegapolas\/smink\/korom\/koromerositok\/argan-elixir-8in1-intenziv-regeneralo-olaj-12ml\/"]}]},{"@type":"ImageObject","inLanguage":"hu","@id":"https:\/\/www.eveline.hu\/2016\/eveline-kozmetikumok-szepsegapolas\/smink\/korom\/koromerositok\/argan-elixir-8in1-intenziv-regeneralo-olaj-12ml\/#primaryimage","url":"https:\/\/www.eveline.hu\/2016\/wp-content\/uploads\/2016\/05\/nail_therapy_oliwka_argan-elixir.png","contentUrl":"https:\/\/www.eveline.hu\/2016\/wp-content\/uploads\/2016\/05\/nail_therapy_oliwka_argan-elixir.png","width":750,"height":750},{"@type":"BreadcrumbList","@id":"https:\/\/www.eveline.hu\/2016\/eveline-kozmetikumok-szepsegapolas\/smink\/korom\/koromerositok\/argan-elixir-8in1-intenziv-regeneralo-olaj-12ml\/#breadcrumb","itemListElement":[{"@type":"ListItem","position":1,"name":"Home","item":"https:\/\/www.eveline.hu\/2016\/"},{"@type":"ListItem","position":2,"name":"Term\u00e9kek","item":"https:\/\/www.eveline.hu\/2016\/shop\/"},{"@type":"ListItem","position":3,"name":"K\u00f6r\u00f6m\u00e1pol\u00f3 ARGAN ELIXIR 8IN1 Intenz\u00edv regener\u00e1l\u00f3 olaj 12ml"}]},{"@type":"WebSite","@id":"https:\/\/www.eveline.hu\/2016\/#website","url":"https:\/\/www.eveline.hu\/2016\/","name":"Eveline Cosmetics Magyarorsz\u00e1g","description":"Min\u0151s\u00e9gi kozmetikumok Lengyelorsz\u00e1gb\u00f3l","potentialAction":[{"@type":"SearchAction","target":{"@type":"EntryPoint","urlTemplate":"https:\/\/www.eveline.hu\/2016\/?s={search_term_string}"},"query-input":"required name=search_term_string"}],"inLanguage":"hu"}]}},"_links":{"self":[{"href":"https:\/\/www.eveline.hu\/2016\/wp-json\/wp\/v2\/product\/21693"}],"collection":[{"href":"https:\/\/www.eveline.hu\/2016\/wp-json\/wp\/v2\/product"}],"about":[{"href":"https:\/\/www.eveline.hu\/2016\/wp-json\/wp\/v2\/types\/product"}],"replies":[{"embeddable":true,"href":"https:\/\/www.eveline.hu\/2016\/wp-json\/wp\/v2\/comments?post=21693"}],"wp:featuredmedia":[{"embeddable":true,"href":"https:\/\/www.eveline.hu\/2016\/wp-json\/wp\/v2\/media\/21694"}],"wp:attachment":[{"href":"https:\/\/www.eveline.hu\/2016\/wp-json\/wp\/v2\/media?parent=21693"}],"wp:term":[{"taxonomy":"product_cat","embeddable":true,"href":"https:\/\/www.eveline.hu\/2016\/wp-json\/wp\/v2\/product_cat?post=21693"},{"taxonomy":"product_tag","embeddable":true,"href":"https:\/\/www.eveline.hu\/2016\/wp-json\/wp\/v2\/product_tag?post=21693"}],"curies":[{"name":"wp","href":"https:\/\/api.w.org\/{rel}","templated":true}]}}