{"id":21664,"date":"2016-05-24T05:47:14","date_gmt":"2016-05-24T03:47:14","guid":{"rendered":"http:\/\/www.eveline.hu\/2016\/?post_type=product&#038;p=21664"},"modified":"2023-10-19T05:38:04","modified_gmt":"2023-10-19T03:38:04","slug":"mezo-push-intenziv-mellnagyobbito-es-struktura-javito-szerum-200ml","status":"publish","type":"product","link":"https:\/\/www.eveline.hu\/2016\/eveline-kozmetikumok-szepsegapolas\/szepsegapolas\/testapolas\/mezo-push-intenziv-mellnagyobbito-es-struktura-javito-szerum-200ml\/","title":{"rendered":"SLIM EXTREME 4D Duo-Sz\u00e9rum  Intenz\u00edv mellb\u0151s\u00e9g n\u00f6vel\u0151 \u00e9s lifting hat\u00e1s 200ml"},"content":{"rendered":"<p>Akci\u00f3 id\u0151tartama: 2023.01.29.- 02.10.<\/p>\n<p>A kezel\u00e9s a gravit\u00e1ci\u00f3 \u00e9s a b\u0151r s\u0171r\u0171s\u00e9gveszt\u00e9se elleni k\u00fczdelemre \u00f6sszpontos\u00edt.<\/p>\n<p>Az innovat\u00edv, szinergikus boostereken \u00e9s a nem invaz\u00edv fesz\u00edt\u0151sz\u00e1l-technol\u00f3gi\u00e1n alapul\u00f3 formula,\u00a0 l\u00e1thatatlan melltart\u00f3 form\u00e1j\u00fa emel\u0151 mikroh\u00e1l\u00f3t hoz l\u00e9tre, amely gyors \u201epush-up\u201d hat\u00e1st biztos\u00edt.<br \/>\nKoncentr\u00e1lt akt\u00edv \u00f6sszetev\u0151k: BEE-TOX LIFT<sup>TM <\/sup>, nem invaz\u00edv fesz\u00edt\u0151sz\u00e1l-technol\u00f3gia,<br \/>\nak\u00e1c kollag\u00e9n.<\/p>\n","protected":false},"excerpt":{"rendered":"<p>200ml ( 12495 Ft\/l )<\/p>\n<p>m\u00e1r az els\u0151 alkalmaz\u00e1sa ut\u00e1n l\u00e1tv\u00e1nyos melln\u00f6vel\u0151 \u00e9s feszes\u00edt\u0151 eredm\u00e9nyeket garant\u00e1l&#8230;<\/p>\n","protected":false},"featured_media":24892,"comment_status":"open","ping_status":"closed","template":"","meta":[],"product_cat":[127,104],"product_tag":[],"yoast_head":"<!-- This site is optimized with the Yoast SEO plugin v22.2 - https:\/\/yoast.com\/wordpress\/plugins\/seo\/ -->\n<title>SLIM EXTREME 4D Duo-Sz\u00e9rum Intenz\u00edv mellb\u0151s\u00e9g n\u00f6vel\u0151 \u00e9s lifting hat\u00e1s 200ml - Eveline Cosmetics Magyarorsz\u00e1g<\/title>\n<meta name=\"robots\" content=\"index, follow, max-snippet:-1, max-image-preview:large, max-video-preview:-1\" \/>\n<link rel=\"canonical\" href=\"https:\/\/www.eveline.hu\/2016\/eveline-kozmetikumok-szepsegapolas\/szepsegapolas\/testapolas\/mezo-push-intenziv-mellnagyobbito-es-struktura-javito-szerum-200ml\/\" \/>\n<meta property=\"og:locale\" content=\"hu_HU\" \/>\n<meta property=\"og:type\" content=\"article\" \/>\n<meta property=\"og:title\" content=\"SLIM EXTREME 4D Duo-Sz\u00e9rum Intenz\u00edv mellb\u0151s\u00e9g n\u00f6vel\u0151 \u00e9s lifting hat\u00e1s 200ml - Eveline Cosmetics Magyarorsz\u00e1g\" \/>\n<meta property=\"og:description\" content=\"200ml ( 12495 Ft\/l )  m\u00e1r az els\u0151 alkalmaz\u00e1sa ut\u00e1n l\u00e1tv\u00e1nyos melln\u00f6vel\u0151 \u00e9s feszes\u00edt\u0151 eredm\u00e9nyeket garant\u00e1l...\" \/>\n<meta property=\"og:url\" content=\"https:\/\/www.eveline.hu\/2016\/eveline-kozmetikumok-szepsegapolas\/szepsegapolas\/testapolas\/mezo-push-intenziv-mellnagyobbito-es-struktura-javito-szerum-200ml\/\" \/>\n<meta property=\"og:site_name\" content=\"Eveline Cosmetics Magyarorsz\u00e1g\" \/>\n<meta property=\"article:modified_time\" content=\"2023-10-19T03:38:04+00:00\" \/>\n<meta property=\"og:image\" content=\"https:\/\/www.eveline.hu\/2016\/wp-content\/uploads\/2016\/05\/slim-mell-new-w.png\" \/>\n\t<meta property=\"og:image:width\" content=\"748\" \/>\n\t<meta property=\"og:image:height\" content=\"748\" \/>\n\t<meta property=\"og:image:type\" content=\"image\/png\" \/>\n<meta name=\"twitter:card\" content=\"summary_large_image\" \/>\n<script type=\"application\/ld+json\" class=\"yoast-schema-graph\">{\"@context\":\"https:\/\/schema.org\",\"@graph\":[{\"@type\":\"WebPage\",\"@id\":\"https:\/\/www.eveline.hu\/2016\/eveline-kozmetikumok-szepsegapolas\/szepsegapolas\/testapolas\/mezo-push-intenziv-mellnagyobbito-es-struktura-javito-szerum-200ml\/\",\"url\":\"https:\/\/www.eveline.hu\/2016\/eveline-kozmetikumok-szepsegapolas\/szepsegapolas\/testapolas\/mezo-push-intenziv-mellnagyobbito-es-struktura-javito-szerum-200ml\/\",\"name\":\"SLIM EXTREME 4D Duo-Sz\u00e9rum Intenz\u00edv mellb\u0151s\u00e9g n\u00f6vel\u0151 \u00e9s lifting hat\u00e1s 200ml - Eveline Cosmetics Magyarorsz\u00e1g\",\"isPartOf\":{\"@id\":\"https:\/\/www.eveline.hu\/2016\/#website\"},\"primaryImageOfPage\":{\"@id\":\"https:\/\/www.eveline.hu\/2016\/eveline-kozmetikumok-szepsegapolas\/szepsegapolas\/testapolas\/mezo-push-intenziv-mellnagyobbito-es-struktura-javito-szerum-200ml\/#primaryimage\"},\"image\":{\"@id\":\"https:\/\/www.eveline.hu\/2016\/eveline-kozmetikumok-szepsegapolas\/szepsegapolas\/testapolas\/mezo-push-intenziv-mellnagyobbito-es-struktura-javito-szerum-200ml\/#primaryimage\"},\"thumbnailUrl\":\"https:\/\/www.eveline.hu\/2016\/wp-content\/uploads\/2016\/05\/slim-mell-new-w.png\",\"datePublished\":\"2016-05-24T03:47:14+00:00\",\"dateModified\":\"2023-10-19T03:38:04+00:00\",\"breadcrumb\":{\"@id\":\"https:\/\/www.eveline.hu\/2016\/eveline-kozmetikumok-szepsegapolas\/szepsegapolas\/testapolas\/mezo-push-intenziv-mellnagyobbito-es-struktura-javito-szerum-200ml\/#breadcrumb\"},\"inLanguage\":\"hu\",\"potentialAction\":[{\"@type\":\"ReadAction\",\"target\":[\"https:\/\/www.eveline.hu\/2016\/eveline-kozmetikumok-szepsegapolas\/szepsegapolas\/testapolas\/mezo-push-intenziv-mellnagyobbito-es-struktura-javito-szerum-200ml\/\"]}]},{\"@type\":\"ImageObject\",\"inLanguage\":\"hu\",\"@id\":\"https:\/\/www.eveline.hu\/2016\/eveline-kozmetikumok-szepsegapolas\/szepsegapolas\/testapolas\/mezo-push-intenziv-mellnagyobbito-es-struktura-javito-szerum-200ml\/#primaryimage\",\"url\":\"https:\/\/www.eveline.hu\/2016\/wp-content\/uploads\/2016\/05\/slim-mell-new-w.png\",\"contentUrl\":\"https:\/\/www.eveline.hu\/2016\/wp-content\/uploads\/2016\/05\/slim-mell-new-w.png\",\"width\":748,\"height\":748},{\"@type\":\"BreadcrumbList\",\"@id\":\"https:\/\/www.eveline.hu\/2016\/eveline-kozmetikumok-szepsegapolas\/szepsegapolas\/testapolas\/mezo-push-intenziv-mellnagyobbito-es-struktura-javito-szerum-200ml\/#breadcrumb\",\"itemListElement\":[{\"@type\":\"ListItem\",\"position\":1,\"name\":\"Home\",\"item\":\"https:\/\/www.eveline.hu\/2016\/\"},{\"@type\":\"ListItem\",\"position\":2,\"name\":\"Term\u00e9kek\",\"item\":\"https:\/\/www.eveline.hu\/2016\/shop\/\"},{\"@type\":\"ListItem\",\"position\":3,\"name\":\"SLIM EXTREME 4D Duo-Sz\u00e9rum Intenz\u00edv mellb\u0151s\u00e9g n\u00f6vel\u0151 \u00e9s lifting hat\u00e1s 200ml\"}]},{\"@type\":\"WebSite\",\"@id\":\"https:\/\/www.eveline.hu\/2016\/#website\",\"url\":\"https:\/\/www.eveline.hu\/2016\/\",\"name\":\"Eveline Cosmetics Magyarorsz\u00e1g\",\"description\":\"Min\u0151s\u00e9gi kozmetikumok Lengyelorsz\u00e1gb\u00f3l\",\"potentialAction\":[{\"@type\":\"SearchAction\",\"target\":{\"@type\":\"EntryPoint\",\"urlTemplate\":\"https:\/\/www.eveline.hu\/2016\/?s={search_term_string}\"},\"query-input\":\"required name=search_term_string\"}],\"inLanguage\":\"hu\"}]}<\/script>\n<!-- \/ Yoast SEO plugin. -->","yoast_head_json":{"title":"SLIM EXTREME 4D Duo-Sz\u00e9rum Intenz\u00edv mellb\u0151s\u00e9g n\u00f6vel\u0151 \u00e9s lifting hat\u00e1s 200ml - Eveline Cosmetics Magyarorsz\u00e1g","robots":{"index":"index","follow":"follow","max-snippet":"max-snippet:-1","max-image-preview":"max-image-preview:large","max-video-preview":"max-video-preview:-1"},"canonical":"https:\/\/www.eveline.hu\/2016\/eveline-kozmetikumok-szepsegapolas\/szepsegapolas\/testapolas\/mezo-push-intenziv-mellnagyobbito-es-struktura-javito-szerum-200ml\/","og_locale":"hu_HU","og_type":"article","og_title":"SLIM EXTREME 4D Duo-Sz\u00e9rum Intenz\u00edv mellb\u0151s\u00e9g n\u00f6vel\u0151 \u00e9s lifting hat\u00e1s 200ml - Eveline Cosmetics Magyarorsz\u00e1g","og_description":"200ml ( 12495 Ft\/l )  m\u00e1r az els\u0151 alkalmaz\u00e1sa ut\u00e1n l\u00e1tv\u00e1nyos melln\u00f6vel\u0151 \u00e9s feszes\u00edt\u0151 eredm\u00e9nyeket garant\u00e1l...","og_url":"https:\/\/www.eveline.hu\/2016\/eveline-kozmetikumok-szepsegapolas\/szepsegapolas\/testapolas\/mezo-push-intenziv-mellnagyobbito-es-struktura-javito-szerum-200ml\/","og_site_name":"Eveline Cosmetics Magyarorsz\u00e1g","article_modified_time":"2023-10-19T03:38:04+00:00","og_image":[{"width":748,"height":748,"url":"https:\/\/www.eveline.hu\/2016\/wp-content\/uploads\/2016\/05\/slim-mell-new-w.png","type":"image\/png"}],"twitter_card":"summary_large_image","schema":{"@context":"https:\/\/schema.org","@graph":[{"@type":"WebPage","@id":"https:\/\/www.eveline.hu\/2016\/eveline-kozmetikumok-szepsegapolas\/szepsegapolas\/testapolas\/mezo-push-intenziv-mellnagyobbito-es-struktura-javito-szerum-200ml\/","url":"https:\/\/www.eveline.hu\/2016\/eveline-kozmetikumok-szepsegapolas\/szepsegapolas\/testapolas\/mezo-push-intenziv-mellnagyobbito-es-struktura-javito-szerum-200ml\/","name":"SLIM EXTREME 4D Duo-Sz\u00e9rum Intenz\u00edv mellb\u0151s\u00e9g n\u00f6vel\u0151 \u00e9s lifting hat\u00e1s 200ml - Eveline Cosmetics Magyarorsz\u00e1g","isPartOf":{"@id":"https:\/\/www.eveline.hu\/2016\/#website"},"primaryImageOfPage":{"@id":"https:\/\/www.eveline.hu\/2016\/eveline-kozmetikumok-szepsegapolas\/szepsegapolas\/testapolas\/mezo-push-intenziv-mellnagyobbito-es-struktura-javito-szerum-200ml\/#primaryimage"},"image":{"@id":"https:\/\/www.eveline.hu\/2016\/eveline-kozmetikumok-szepsegapolas\/szepsegapolas\/testapolas\/mezo-push-intenziv-mellnagyobbito-es-struktura-javito-szerum-200ml\/#primaryimage"},"thumbnailUrl":"https:\/\/www.eveline.hu\/2016\/wp-content\/uploads\/2016\/05\/slim-mell-new-w.png","datePublished":"2016-05-24T03:47:14+00:00","dateModified":"2023-10-19T03:38:04+00:00","breadcrumb":{"@id":"https:\/\/www.eveline.hu\/2016\/eveline-kozmetikumok-szepsegapolas\/szepsegapolas\/testapolas\/mezo-push-intenziv-mellnagyobbito-es-struktura-javito-szerum-200ml\/#breadcrumb"},"inLanguage":"hu","potentialAction":[{"@type":"ReadAction","target":["https:\/\/www.eveline.hu\/2016\/eveline-kozmetikumok-szepsegapolas\/szepsegapolas\/testapolas\/mezo-push-intenziv-mellnagyobbito-es-struktura-javito-szerum-200ml\/"]}]},{"@type":"ImageObject","inLanguage":"hu","@id":"https:\/\/www.eveline.hu\/2016\/eveline-kozmetikumok-szepsegapolas\/szepsegapolas\/testapolas\/mezo-push-intenziv-mellnagyobbito-es-struktura-javito-szerum-200ml\/#primaryimage","url":"https:\/\/www.eveline.hu\/2016\/wp-content\/uploads\/2016\/05\/slim-mell-new-w.png","contentUrl":"https:\/\/www.eveline.hu\/2016\/wp-content\/uploads\/2016\/05\/slim-mell-new-w.png","width":748,"height":748},{"@type":"BreadcrumbList","@id":"https:\/\/www.eveline.hu\/2016\/eveline-kozmetikumok-szepsegapolas\/szepsegapolas\/testapolas\/mezo-push-intenziv-mellnagyobbito-es-struktura-javito-szerum-200ml\/#breadcrumb","itemListElement":[{"@type":"ListItem","position":1,"name":"Home","item":"https:\/\/www.eveline.hu\/2016\/"},{"@type":"ListItem","position":2,"name":"Term\u00e9kek","item":"https:\/\/www.eveline.hu\/2016\/shop\/"},{"@type":"ListItem","position":3,"name":"SLIM EXTREME 4D Duo-Sz\u00e9rum Intenz\u00edv mellb\u0151s\u00e9g n\u00f6vel\u0151 \u00e9s lifting hat\u00e1s 200ml"}]},{"@type":"WebSite","@id":"https:\/\/www.eveline.hu\/2016\/#website","url":"https:\/\/www.eveline.hu\/2016\/","name":"Eveline Cosmetics Magyarorsz\u00e1g","description":"Min\u0151s\u00e9gi kozmetikumok Lengyelorsz\u00e1gb\u00f3l","potentialAction":[{"@type":"SearchAction","target":{"@type":"EntryPoint","urlTemplate":"https:\/\/www.eveline.hu\/2016\/?s={search_term_string}"},"query-input":"required name=search_term_string"}],"inLanguage":"hu"}]}},"_links":{"self":[{"href":"https:\/\/www.eveline.hu\/2016\/wp-json\/wp\/v2\/product\/21664"}],"collection":[{"href":"https:\/\/www.eveline.hu\/2016\/wp-json\/wp\/v2\/product"}],"about":[{"href":"https:\/\/www.eveline.hu\/2016\/wp-json\/wp\/v2\/types\/product"}],"replies":[{"embeddable":true,"href":"https:\/\/www.eveline.hu\/2016\/wp-json\/wp\/v2\/comments?post=21664"}],"wp:featuredmedia":[{"embeddable":true,"href":"https:\/\/www.eveline.hu\/2016\/wp-json\/wp\/v2\/media\/24892"}],"wp:attachment":[{"href":"https:\/\/www.eveline.hu\/2016\/wp-json\/wp\/v2\/media?parent=21664"}],"wp:term":[{"taxonomy":"product_cat","embeddable":true,"href":"https:\/\/www.eveline.hu\/2016\/wp-json\/wp\/v2\/product_cat?post=21664"},{"taxonomy":"product_tag","embeddable":true,"href":"https:\/\/www.eveline.hu\/2016\/wp-json\/wp\/v2\/product_tag?post=21664"}],"curies":[{"name":"wp","href":"https:\/\/api.w.org\/{rel}","templated":true}]}}