{"id":20861,"date":"2016-01-28T18:00:36","date_gmt":"2016-01-28T17:00:36","guid":{"rendered":"http:\/\/www.eveline.hu\/2016\/eveline-kozmetikumok-szepsegapolas\/nem-kategorizalt\/argan-keratin-exkluziv-hajbalzsam-200ml\/"},"modified":"2023-05-19T12:46:54","modified_gmt":"2023-05-19T10:46:54","slug":"argan-keratin-exkluziv-hajbalzsam-200ml","status":"publish","type":"product","link":"https:\/\/www.eveline.hu\/2016\/eveline-kozmetikumok-szepsegapolas\/szepsegapolas\/hajapolas\/argan-keratin-exkluziv-hajbalzsam-200ml\/","title":{"rendered":"Arg\u00e1n+Keratin exkluz\u00edv hajbalzsam 8in1 200ml"},"content":{"rendered":"<p>200ml ( 8995 Ft\/L )<\/p>\n<p><strong>Arg\u00e1n+Keratin Exkluz\u00edv hajbalzsam 8in1<\/strong><br \/>\n<em>Komplex helyre\u00e1ll\u00edt\u00e1s + sz\u00ednv\u00e9delem<\/em><br \/>\n<em>festett, mel\u00edrozott \u00e9s s\u00e9r\u00fclt hajra<\/em><br \/>\nA hajbalzsam 8az1-ben alaposan \u00e9s gyeng\u00e9den regener\u00e1lja \u00e9s helyre\u00e1ll\u00edtja a festett, mel\u00edrozott \u00e9s s\u00e9r\u00fclt hajat. Az innovat\u00edv formula, amely gazdag, az arg\u00e1n olajjal \u00e9s foly\u00e9kony keratinnal szinergi\u00e1ban m\u0171k\u00f6d\u0151 akt\u00edv \u00f6sszetev\u0151kben, hat\u00e9konyan v\u00e9di a haj sz\u00edn\u00e9t valamint f\u00e9nyt ad neki. Intenz\u00edven hidrat\u00e1l, t\u00e1pl\u00e1l \u00e9s m\u00e9lyen regener\u00e1lja a haj rostokat. Haszn\u00e1lata ut\u00e1n, a haj azonnal t\u00e1pl\u00e1lt \u00e9s f\u00e9nyes lesz. K\u00f6nnyed formul\u00e1ja nem nehez\u00edti \u00e9s nem hagy lerak\u00f3d\u00e1st a hajban.<br \/>\n<strong>Innovat\u00edv formula:<\/strong> Arg\u00e1n olaj, Keratin, Shea vaj, Bojtorj\u00e1n olaj, Zsurl\u00f3 \u00e9s csal\u00e1n kivonatok, Selyem proteinek, D-panthenol, A,E,F vitaminok.<\/p>\n","protected":false},"excerpt":{"rendered":"<p>200ml ( 7995 Ft\/l )<\/p>\n<p>Alaposan \u00e9s gyeng\u00e9den regener\u00e1lja \u00e9s helyre\u00e1ll\u00edtja a festett, mel\u00edrozott \u00e9s s\u00e9r\u00fclt hajat&#8230;<\/p>\n","protected":false},"featured_media":21258,"comment_status":"open","ping_status":"closed","template":"","meta":[],"product_cat":[125,136,108],"product_tag":[],"yoast_head":"<!-- This site is optimized with the Yoast SEO plugin v22.2 - https:\/\/yoast.com\/wordpress\/plugins\/seo\/ -->\n<title>Arg\u00e1n+Keratin exkluz\u00edv hajbalzsam 8in1 200ml<\/title>\n<meta name=\"description\" content=\"Alaposan \u00e9s gyeng\u00e9den regener\u00e1lja \u00e9s helyre\u00e1ll\u00edtja a festett, mel\u00edrozott \u00e9s s\u00e9r\u00fclt hajat...\" \/>\n<meta name=\"robots\" content=\"index, follow, max-snippet:-1, max-image-preview:large, max-video-preview:-1\" \/>\n<link rel=\"canonical\" href=\"https:\/\/www.eveline.hu\/2016\/eveline-kozmetikumok-szepsegapolas\/szepsegapolas\/hajapolas\/argan-keratin-exkluziv-hajbalzsam-200ml\/\" \/>\n<meta property=\"og:locale\" content=\"hu_HU\" \/>\n<meta property=\"og:type\" content=\"article\" \/>\n<meta property=\"og:title\" content=\"Eveline kozmetikumok - Arg\u00e1n+Keratin exkluz\u00edv hajbalzsam 8in1 200ml\" \/>\n<meta property=\"og:description\" content=\"Alaposan \u00e9s gyeng\u00e9den regener\u00e1lja \u00e9s helyre\u00e1ll\u00edtja a festett, mel\u00edrozott \u00e9s s\u00e9r\u00fclt hajat...\" \/>\n<meta property=\"og:url\" content=\"https:\/\/www.eveline.hu\/2016\/eveline-kozmetikumok-szepsegapolas\/szepsegapolas\/hajapolas\/argan-keratin-exkluziv-hajbalzsam-200ml\/\" \/>\n<meta property=\"og:site_name\" content=\"Eveline Cosmetics Magyarorsz\u00e1g\" \/>\n<meta property=\"article:modified_time\" content=\"2023-05-19T10:46:54+00:00\" \/>\n<meta property=\"og:image\" content=\"https:\/\/www.eveline.hu\/2016\/wp-content\/uploads\/2016\/01\/untitled-12345.png\" \/>\n\t<meta property=\"og:image:width\" content=\"750\" \/>\n\t<meta property=\"og:image:height\" content=\"750\" \/>\n\t<meta property=\"og:image:type\" content=\"image\/png\" \/>\n<meta name=\"twitter:card\" content=\"summary_large_image\" \/>\n<meta name=\"twitter:title\" content=\"Eveline kozmetikumok - Arg\u00e1n+Keratin exkluz\u00edv hajbalzsam 8in1 200ml\" \/>\n<meta name=\"twitter:label1\" content=\"Becs\u00fclt olvas\u00e1si id\u0151\" \/>\n\t<meta name=\"twitter:data1\" content=\"1 perc\" \/>\n<script type=\"application\/ld+json\" class=\"yoast-schema-graph\">{\"@context\":\"https:\/\/schema.org\",\"@graph\":[{\"@type\":\"WebPage\",\"@id\":\"https:\/\/www.eveline.hu\/2016\/eveline-kozmetikumok-szepsegapolas\/szepsegapolas\/hajapolas\/argan-keratin-exkluziv-hajbalzsam-200ml\/\",\"url\":\"https:\/\/www.eveline.hu\/2016\/eveline-kozmetikumok-szepsegapolas\/szepsegapolas\/hajapolas\/argan-keratin-exkluziv-hajbalzsam-200ml\/\",\"name\":\"Arg\u00e1n+Keratin exkluz\u00edv hajbalzsam 8in1 200ml\",\"isPartOf\":{\"@id\":\"https:\/\/www.eveline.hu\/2016\/#website\"},\"primaryImageOfPage\":{\"@id\":\"https:\/\/www.eveline.hu\/2016\/eveline-kozmetikumok-szepsegapolas\/szepsegapolas\/hajapolas\/argan-keratin-exkluziv-hajbalzsam-200ml\/#primaryimage\"},\"image\":{\"@id\":\"https:\/\/www.eveline.hu\/2016\/eveline-kozmetikumok-szepsegapolas\/szepsegapolas\/hajapolas\/argan-keratin-exkluziv-hajbalzsam-200ml\/#primaryimage\"},\"thumbnailUrl\":\"https:\/\/www.eveline.hu\/2016\/wp-content\/uploads\/2016\/01\/untitled-12345.png\",\"datePublished\":\"2016-01-28T17:00:36+00:00\",\"dateModified\":\"2023-05-19T10:46:54+00:00\",\"description\":\"Alaposan \u00e9s gyeng\u00e9den regener\u00e1lja \u00e9s helyre\u00e1ll\u00edtja a festett, mel\u00edrozott \u00e9s s\u00e9r\u00fclt hajat...\",\"breadcrumb\":{\"@id\":\"https:\/\/www.eveline.hu\/2016\/eveline-kozmetikumok-szepsegapolas\/szepsegapolas\/hajapolas\/argan-keratin-exkluziv-hajbalzsam-200ml\/#breadcrumb\"},\"inLanguage\":\"hu\",\"potentialAction\":[{\"@type\":\"ReadAction\",\"target\":[\"https:\/\/www.eveline.hu\/2016\/eveline-kozmetikumok-szepsegapolas\/szepsegapolas\/hajapolas\/argan-keratin-exkluziv-hajbalzsam-200ml\/\"]}]},{\"@type\":\"ImageObject\",\"inLanguage\":\"hu\",\"@id\":\"https:\/\/www.eveline.hu\/2016\/eveline-kozmetikumok-szepsegapolas\/szepsegapolas\/hajapolas\/argan-keratin-exkluziv-hajbalzsam-200ml\/#primaryimage\",\"url\":\"https:\/\/www.eveline.hu\/2016\/wp-content\/uploads\/2016\/01\/untitled-12345.png\",\"contentUrl\":\"https:\/\/www.eveline.hu\/2016\/wp-content\/uploads\/2016\/01\/untitled-12345.png\",\"width\":750,\"height\":750},{\"@type\":\"BreadcrumbList\",\"@id\":\"https:\/\/www.eveline.hu\/2016\/eveline-kozmetikumok-szepsegapolas\/szepsegapolas\/hajapolas\/argan-keratin-exkluziv-hajbalzsam-200ml\/#breadcrumb\",\"itemListElement\":[{\"@type\":\"ListItem\",\"position\":1,\"name\":\"Home\",\"item\":\"https:\/\/www.eveline.hu\/2016\/\"},{\"@type\":\"ListItem\",\"position\":2,\"name\":\"Term\u00e9kek\",\"item\":\"https:\/\/www.eveline.hu\/2016\/shop\/\"},{\"@type\":\"ListItem\",\"position\":3,\"name\":\"Arg\u00e1n+Keratin exkluz\u00edv hajbalzsam 8in1 200ml\"}]},{\"@type\":\"WebSite\",\"@id\":\"https:\/\/www.eveline.hu\/2016\/#website\",\"url\":\"https:\/\/www.eveline.hu\/2016\/\",\"name\":\"Eveline Cosmetics Magyarorsz\u00e1g\",\"description\":\"Min\u0151s\u00e9gi kozmetikumok Lengyelorsz\u00e1gb\u00f3l\",\"potentialAction\":[{\"@type\":\"SearchAction\",\"target\":{\"@type\":\"EntryPoint\",\"urlTemplate\":\"https:\/\/www.eveline.hu\/2016\/?s={search_term_string}\"},\"query-input\":\"required name=search_term_string\"}],\"inLanguage\":\"hu\"}]}<\/script>\n<!-- \/ Yoast SEO plugin. -->","yoast_head_json":{"title":"Arg\u00e1n+Keratin exkluz\u00edv hajbalzsam 8in1 200ml","description":"Alaposan \u00e9s gyeng\u00e9den regener\u00e1lja \u00e9s helyre\u00e1ll\u00edtja a festett, mel\u00edrozott \u00e9s s\u00e9r\u00fclt hajat...","robots":{"index":"index","follow":"follow","max-snippet":"max-snippet:-1","max-image-preview":"max-image-preview:large","max-video-preview":"max-video-preview:-1"},"canonical":"https:\/\/www.eveline.hu\/2016\/eveline-kozmetikumok-szepsegapolas\/szepsegapolas\/hajapolas\/argan-keratin-exkluziv-hajbalzsam-200ml\/","og_locale":"hu_HU","og_type":"article","og_title":"Eveline kozmetikumok - Arg\u00e1n+Keratin exkluz\u00edv hajbalzsam 8in1 200ml","og_description":"Alaposan \u00e9s gyeng\u00e9den regener\u00e1lja \u00e9s helyre\u00e1ll\u00edtja a festett, mel\u00edrozott \u00e9s s\u00e9r\u00fclt hajat...","og_url":"https:\/\/www.eveline.hu\/2016\/eveline-kozmetikumok-szepsegapolas\/szepsegapolas\/hajapolas\/argan-keratin-exkluziv-hajbalzsam-200ml\/","og_site_name":"Eveline Cosmetics Magyarorsz\u00e1g","article_modified_time":"2023-05-19T10:46:54+00:00","og_image":[{"width":750,"height":750,"url":"https:\/\/www.eveline.hu\/2016\/wp-content\/uploads\/2016\/01\/untitled-12345.png","type":"image\/png"}],"twitter_card":"summary_large_image","twitter_title":"Eveline kozmetikumok - Arg\u00e1n+Keratin exkluz\u00edv hajbalzsam 8in1 200ml","twitter_misc":{"Becs\u00fclt olvas\u00e1si id\u0151":"1 perc"},"schema":{"@context":"https:\/\/schema.org","@graph":[{"@type":"WebPage","@id":"https:\/\/www.eveline.hu\/2016\/eveline-kozmetikumok-szepsegapolas\/szepsegapolas\/hajapolas\/argan-keratin-exkluziv-hajbalzsam-200ml\/","url":"https:\/\/www.eveline.hu\/2016\/eveline-kozmetikumok-szepsegapolas\/szepsegapolas\/hajapolas\/argan-keratin-exkluziv-hajbalzsam-200ml\/","name":"Arg\u00e1n+Keratin exkluz\u00edv hajbalzsam 8in1 200ml","isPartOf":{"@id":"https:\/\/www.eveline.hu\/2016\/#website"},"primaryImageOfPage":{"@id":"https:\/\/www.eveline.hu\/2016\/eveline-kozmetikumok-szepsegapolas\/szepsegapolas\/hajapolas\/argan-keratin-exkluziv-hajbalzsam-200ml\/#primaryimage"},"image":{"@id":"https:\/\/www.eveline.hu\/2016\/eveline-kozmetikumok-szepsegapolas\/szepsegapolas\/hajapolas\/argan-keratin-exkluziv-hajbalzsam-200ml\/#primaryimage"},"thumbnailUrl":"https:\/\/www.eveline.hu\/2016\/wp-content\/uploads\/2016\/01\/untitled-12345.png","datePublished":"2016-01-28T17:00:36+00:00","dateModified":"2023-05-19T10:46:54+00:00","description":"Alaposan \u00e9s gyeng\u00e9den regener\u00e1lja \u00e9s helyre\u00e1ll\u00edtja a festett, mel\u00edrozott \u00e9s s\u00e9r\u00fclt hajat...","breadcrumb":{"@id":"https:\/\/www.eveline.hu\/2016\/eveline-kozmetikumok-szepsegapolas\/szepsegapolas\/hajapolas\/argan-keratin-exkluziv-hajbalzsam-200ml\/#breadcrumb"},"inLanguage":"hu","potentialAction":[{"@type":"ReadAction","target":["https:\/\/www.eveline.hu\/2016\/eveline-kozmetikumok-szepsegapolas\/szepsegapolas\/hajapolas\/argan-keratin-exkluziv-hajbalzsam-200ml\/"]}]},{"@type":"ImageObject","inLanguage":"hu","@id":"https:\/\/www.eveline.hu\/2016\/eveline-kozmetikumok-szepsegapolas\/szepsegapolas\/hajapolas\/argan-keratin-exkluziv-hajbalzsam-200ml\/#primaryimage","url":"https:\/\/www.eveline.hu\/2016\/wp-content\/uploads\/2016\/01\/untitled-12345.png","contentUrl":"https:\/\/www.eveline.hu\/2016\/wp-content\/uploads\/2016\/01\/untitled-12345.png","width":750,"height":750},{"@type":"BreadcrumbList","@id":"https:\/\/www.eveline.hu\/2016\/eveline-kozmetikumok-szepsegapolas\/szepsegapolas\/hajapolas\/argan-keratin-exkluziv-hajbalzsam-200ml\/#breadcrumb","itemListElement":[{"@type":"ListItem","position":1,"name":"Home","item":"https:\/\/www.eveline.hu\/2016\/"},{"@type":"ListItem","position":2,"name":"Term\u00e9kek","item":"https:\/\/www.eveline.hu\/2016\/shop\/"},{"@type":"ListItem","position":3,"name":"Arg\u00e1n+Keratin exkluz\u00edv hajbalzsam 8in1 200ml"}]},{"@type":"WebSite","@id":"https:\/\/www.eveline.hu\/2016\/#website","url":"https:\/\/www.eveline.hu\/2016\/","name":"Eveline Cosmetics Magyarorsz\u00e1g","description":"Min\u0151s\u00e9gi kozmetikumok Lengyelorsz\u00e1gb\u00f3l","potentialAction":[{"@type":"SearchAction","target":{"@type":"EntryPoint","urlTemplate":"https:\/\/www.eveline.hu\/2016\/?s={search_term_string}"},"query-input":"required name=search_term_string"}],"inLanguage":"hu"}]}},"_links":{"self":[{"href":"https:\/\/www.eveline.hu\/2016\/wp-json\/wp\/v2\/product\/20861"}],"collection":[{"href":"https:\/\/www.eveline.hu\/2016\/wp-json\/wp\/v2\/product"}],"about":[{"href":"https:\/\/www.eveline.hu\/2016\/wp-json\/wp\/v2\/types\/product"}],"replies":[{"embeddable":true,"href":"https:\/\/www.eveline.hu\/2016\/wp-json\/wp\/v2\/comments?post=20861"}],"wp:featuredmedia":[{"embeddable":true,"href":"https:\/\/www.eveline.hu\/2016\/wp-json\/wp\/v2\/media\/21258"}],"wp:attachment":[{"href":"https:\/\/www.eveline.hu\/2016\/wp-json\/wp\/v2\/media?parent=20861"}],"wp:term":[{"taxonomy":"product_cat","embeddable":true,"href":"https:\/\/www.eveline.hu\/2016\/wp-json\/wp\/v2\/product_cat?post=20861"},{"taxonomy":"product_tag","embeddable":true,"href":"https:\/\/www.eveline.hu\/2016\/wp-json\/wp\/v2\/product_tag?post=20861"}],"curies":[{"name":"wp","href":"https:\/\/api.w.org\/{rel}","templated":true}]}}