{"id":20734,"date":"2016-01-28T17:58:18","date_gmt":"2016-01-28T16:58:18","guid":{"rendered":"http:\/\/www.eveline.hu\/2016\/eveline-kozmetikumok-szepsegapolas\/nem-kategorizalt\/beauty-line-szemceruza\/"},"modified":"2025-04-13T21:17:42","modified_gmt":"2025-04-13T19:17:42","slug":"beauty-line-szemceruza","status":"publish","type":"product","link":"https:\/\/www.eveline.hu\/2016\/eveline-kozmetikumok-szepsegapolas\/smink\/szem\/szemceruzak\/beauty-line-szemceruza\/","title":{"rendered":"BEAUTY LINE szemceruza fekete \u00e9s barna"},"content":{"rendered":"<p>A ceruza haszn\u00e1lata komfortos, k\u00f6nnyen felvihet\u0151 \u00e9s nem ken\u0151dik sz\u00e9t, mivel ide\u00e1lis \u00f6sszet\u00e9tellel rendelkezik. A ceruza v\u00e9g\u00e9re be\u00e9p\u00edtve lett egy n\u00e9lk\u00fcl\u00f6zhetetlen hegyez\u0151. T\u00f6k\u00e9letesen hegyez, ami \u00e1ltal meg\u0151rzi a hegy optim\u00e1lis \u00e9less\u00e9g\u00e9t, aminek k\u00f6sz\u00f6nhet\u0151en a haszn\u00e1lata k\u00f6nny\u0171, a ceruza vonalai t\u00f6k\u00e9letesek.<\/p>\n<p>&nbsp;<\/p>\n<p>\u00f6sszetev\u0151k: Ricinus Communis Seed Oil, Microcrystalline Wax, Petrolatum, Paraffin, Lanolin, Ethylhexyl Palmitate, Copernicia Cerifera Cera, Cera Alba, Propylparaben, BHT.May contain (+\/-): CI 77499, CI 77891, CI 77492, CI 77491.<\/p>\n","protected":false},"excerpt":{"rendered":"<p>A ceruza haszn\u00e1lata komfortos, k\u00f6nnyen felvihet\u0151 \u00e9s nem ken\u0151dik sz\u00e9t, mivel ide\u00e1lis \u00f6sszet\u00e9tellel rendelkezik. A ceruza v\u00e9g\u00e9re be\u00e9p\u00edtve lett egy n\u00e9lk\u00fcl\u00f6zhetetlen hegyez\u0151.<\/p>\n","protected":false},"featured_media":21389,"comment_status":"open","ping_status":"closed","template":"","meta":[],"product_cat":[130,132,150],"product_tag":[],"yoast_head":"<!-- This site is optimized with the Yoast SEO plugin v22.2 - https:\/\/yoast.com\/wordpress\/plugins\/seo\/ -->\n<title>BEAUTY LINE szemceruza<\/title>\n<meta name=\"description\" content=\"A ceruza haszn\u00e1lata komfortos, k\u00f6nnyen felvihet\u00f5 \u00e9s nem ken\u00f5dik sz\u00e9t, mivel ide\u00e1lis \u00f6sszet\u00e9tellel rendelkezik. A ceruza v\u00e9g\u00e9re be\u00e9p\u00edtve lett egy n\u00e9lk\u00fcl\u00f6zhetetlen hegyez\u00f5. Fekete \u00e9s barna sz\u00ednekben.\" \/>\n<meta name=\"robots\" content=\"index, follow, max-snippet:-1, max-image-preview:large, max-video-preview:-1\" \/>\n<link rel=\"canonical\" href=\"https:\/\/www.eveline.hu\/2016\/eveline-kozmetikumok-szepsegapolas\/smink\/szem\/szemceruzak\/beauty-line-szemceruza\/\" \/>\n<meta property=\"og:locale\" content=\"hu_HU\" \/>\n<meta property=\"og:type\" content=\"article\" \/>\n<meta property=\"og:title\" content=\"Eveline kozmetikumok - BEAUTY LINE szemceruza\" \/>\n<meta property=\"og:description\" content=\"A ceruza haszn\u00e1lata komfortos, k\u00f6nnyen felvihet\u00f5 \u00e9s nem ken\u00f5dik sz\u00e9t, mivel ide\u00e1lis \u00f6sszet\u00e9tellel rendelkezik. A ceruza v\u00e9g\u00e9re be\u00e9p\u00edtve lett egy n\u00e9lk\u00fcl\u00f6zhetetlen hegyez\u00f5. Fekete \u00e9s barna sz\u00ednekben.\" \/>\n<meta property=\"og:url\" content=\"https:\/\/www.eveline.hu\/2016\/eveline-kozmetikumok-szepsegapolas\/smink\/szem\/szemceruzak\/beauty-line-szemceruza\/\" \/>\n<meta property=\"og:site_name\" content=\"Eveline Cosmetics Magyarorsz\u00e1g\" \/>\n<meta property=\"article:modified_time\" content=\"2025-04-13T19:17:42+00:00\" \/>\n<meta property=\"og:image\" content=\"https:\/\/www.eveline.hu\/2016\/wp-content\/uploads\/2016\/01\/501_5901964015145_p_mak_oczy_beauty-_line_eyeliner_l.png\" \/>\n\t<meta property=\"og:image:width\" content=\"750\" \/>\n\t<meta property=\"og:image:height\" content=\"750\" \/>\n\t<meta property=\"og:image:type\" content=\"image\/png\" \/>\n<meta name=\"twitter:card\" content=\"summary_large_image\" \/>\n<meta name=\"twitter:title\" content=\"Eveline kozmetikumok - BEAUTY LINE szemceruza\" \/>\n<meta name=\"twitter:label1\" content=\"Becs\u00fclt olvas\u00e1si id\u0151\" \/>\n\t<meta name=\"twitter:data1\" content=\"1 perc\" \/>\n<script type=\"application\/ld+json\" class=\"yoast-schema-graph\">{\"@context\":\"https:\/\/schema.org\",\"@graph\":[{\"@type\":\"WebPage\",\"@id\":\"https:\/\/www.eveline.hu\/2016\/eveline-kozmetikumok-szepsegapolas\/smink\/szem\/szemceruzak\/beauty-line-szemceruza\/\",\"url\":\"https:\/\/www.eveline.hu\/2016\/eveline-kozmetikumok-szepsegapolas\/smink\/szem\/szemceruzak\/beauty-line-szemceruza\/\",\"name\":\"BEAUTY LINE szemceruza\",\"isPartOf\":{\"@id\":\"https:\/\/www.eveline.hu\/2016\/#website\"},\"primaryImageOfPage\":{\"@id\":\"https:\/\/www.eveline.hu\/2016\/eveline-kozmetikumok-szepsegapolas\/smink\/szem\/szemceruzak\/beauty-line-szemceruza\/#primaryimage\"},\"image\":{\"@id\":\"https:\/\/www.eveline.hu\/2016\/eveline-kozmetikumok-szepsegapolas\/smink\/szem\/szemceruzak\/beauty-line-szemceruza\/#primaryimage\"},\"thumbnailUrl\":\"https:\/\/www.eveline.hu\/2016\/wp-content\/uploads\/2016\/01\/501_5901964015145_p_mak_oczy_beauty-_line_eyeliner_l.png\",\"datePublished\":\"2016-01-28T16:58:18+00:00\",\"dateModified\":\"2025-04-13T19:17:42+00:00\",\"description\":\"A ceruza haszn\u00e1lata komfortos, k\u00f6nnyen felvihet\u00f5 \u00e9s nem ken\u00f5dik sz\u00e9t, mivel ide\u00e1lis \u00f6sszet\u00e9tellel rendelkezik. A ceruza v\u00e9g\u00e9re be\u00e9p\u00edtve lett egy n\u00e9lk\u00fcl\u00f6zhetetlen hegyez\u00f5. Fekete \u00e9s barna sz\u00ednekben.\",\"breadcrumb\":{\"@id\":\"https:\/\/www.eveline.hu\/2016\/eveline-kozmetikumok-szepsegapolas\/smink\/szem\/szemceruzak\/beauty-line-szemceruza\/#breadcrumb\"},\"inLanguage\":\"hu\",\"potentialAction\":[{\"@type\":\"ReadAction\",\"target\":[\"https:\/\/www.eveline.hu\/2016\/eveline-kozmetikumok-szepsegapolas\/smink\/szem\/szemceruzak\/beauty-line-szemceruza\/\"]}]},{\"@type\":\"ImageObject\",\"inLanguage\":\"hu\",\"@id\":\"https:\/\/www.eveline.hu\/2016\/eveline-kozmetikumok-szepsegapolas\/smink\/szem\/szemceruzak\/beauty-line-szemceruza\/#primaryimage\",\"url\":\"https:\/\/www.eveline.hu\/2016\/wp-content\/uploads\/2016\/01\/501_5901964015145_p_mak_oczy_beauty-_line_eyeliner_l.png\",\"contentUrl\":\"https:\/\/www.eveline.hu\/2016\/wp-content\/uploads\/2016\/01\/501_5901964015145_p_mak_oczy_beauty-_line_eyeliner_l.png\",\"width\":750,\"height\":750},{\"@type\":\"BreadcrumbList\",\"@id\":\"https:\/\/www.eveline.hu\/2016\/eveline-kozmetikumok-szepsegapolas\/smink\/szem\/szemceruzak\/beauty-line-szemceruza\/#breadcrumb\",\"itemListElement\":[{\"@type\":\"ListItem\",\"position\":1,\"name\":\"Home\",\"item\":\"https:\/\/www.eveline.hu\/2016\/\"},{\"@type\":\"ListItem\",\"position\":2,\"name\":\"Term\u00e9kek\",\"item\":\"https:\/\/www.eveline.hu\/2016\/shop\/\"},{\"@type\":\"ListItem\",\"position\":3,\"name\":\"BEAUTY LINE szemceruza fekete \u00e9s barna\"}]},{\"@type\":\"WebSite\",\"@id\":\"https:\/\/www.eveline.hu\/2016\/#website\",\"url\":\"https:\/\/www.eveline.hu\/2016\/\",\"name\":\"Eveline Cosmetics Magyarorsz\u00e1g\",\"description\":\"Min\u0151s\u00e9gi kozmetikumok Lengyelorsz\u00e1gb\u00f3l\",\"potentialAction\":[{\"@type\":\"SearchAction\",\"target\":{\"@type\":\"EntryPoint\",\"urlTemplate\":\"https:\/\/www.eveline.hu\/2016\/?s={search_term_string}\"},\"query-input\":\"required name=search_term_string\"}],\"inLanguage\":\"hu\"}]}<\/script>\n<!-- \/ Yoast SEO plugin. -->","yoast_head_json":{"title":"BEAUTY LINE szemceruza","description":"A ceruza haszn\u00e1lata komfortos, k\u00f6nnyen felvihet\u00f5 \u00e9s nem ken\u00f5dik sz\u00e9t, mivel ide\u00e1lis \u00f6sszet\u00e9tellel rendelkezik. A ceruza v\u00e9g\u00e9re be\u00e9p\u00edtve lett egy n\u00e9lk\u00fcl\u00f6zhetetlen hegyez\u00f5. Fekete \u00e9s barna sz\u00ednekben.","robots":{"index":"index","follow":"follow","max-snippet":"max-snippet:-1","max-image-preview":"max-image-preview:large","max-video-preview":"max-video-preview:-1"},"canonical":"https:\/\/www.eveline.hu\/2016\/eveline-kozmetikumok-szepsegapolas\/smink\/szem\/szemceruzak\/beauty-line-szemceruza\/","og_locale":"hu_HU","og_type":"article","og_title":"Eveline kozmetikumok - BEAUTY LINE szemceruza","og_description":"A ceruza haszn\u00e1lata komfortos, k\u00f6nnyen felvihet\u00f5 \u00e9s nem ken\u00f5dik sz\u00e9t, mivel ide\u00e1lis \u00f6sszet\u00e9tellel rendelkezik. A ceruza v\u00e9g\u00e9re be\u00e9p\u00edtve lett egy n\u00e9lk\u00fcl\u00f6zhetetlen hegyez\u00f5. Fekete \u00e9s barna sz\u00ednekben.","og_url":"https:\/\/www.eveline.hu\/2016\/eveline-kozmetikumok-szepsegapolas\/smink\/szem\/szemceruzak\/beauty-line-szemceruza\/","og_site_name":"Eveline Cosmetics Magyarorsz\u00e1g","article_modified_time":"2025-04-13T19:17:42+00:00","og_image":[{"width":750,"height":750,"url":"https:\/\/www.eveline.hu\/2016\/wp-content\/uploads\/2016\/01\/501_5901964015145_p_mak_oczy_beauty-_line_eyeliner_l.png","type":"image\/png"}],"twitter_card":"summary_large_image","twitter_title":"Eveline kozmetikumok - BEAUTY LINE szemceruza","twitter_misc":{"Becs\u00fclt olvas\u00e1si id\u0151":"1 perc"},"schema":{"@context":"https:\/\/schema.org","@graph":[{"@type":"WebPage","@id":"https:\/\/www.eveline.hu\/2016\/eveline-kozmetikumok-szepsegapolas\/smink\/szem\/szemceruzak\/beauty-line-szemceruza\/","url":"https:\/\/www.eveline.hu\/2016\/eveline-kozmetikumok-szepsegapolas\/smink\/szem\/szemceruzak\/beauty-line-szemceruza\/","name":"BEAUTY LINE szemceruza","isPartOf":{"@id":"https:\/\/www.eveline.hu\/2016\/#website"},"primaryImageOfPage":{"@id":"https:\/\/www.eveline.hu\/2016\/eveline-kozmetikumok-szepsegapolas\/smink\/szem\/szemceruzak\/beauty-line-szemceruza\/#primaryimage"},"image":{"@id":"https:\/\/www.eveline.hu\/2016\/eveline-kozmetikumok-szepsegapolas\/smink\/szem\/szemceruzak\/beauty-line-szemceruza\/#primaryimage"},"thumbnailUrl":"https:\/\/www.eveline.hu\/2016\/wp-content\/uploads\/2016\/01\/501_5901964015145_p_mak_oczy_beauty-_line_eyeliner_l.png","datePublished":"2016-01-28T16:58:18+00:00","dateModified":"2025-04-13T19:17:42+00:00","description":"A ceruza haszn\u00e1lata komfortos, k\u00f6nnyen felvihet\u00f5 \u00e9s nem ken\u00f5dik sz\u00e9t, mivel ide\u00e1lis \u00f6sszet\u00e9tellel rendelkezik. A ceruza v\u00e9g\u00e9re be\u00e9p\u00edtve lett egy n\u00e9lk\u00fcl\u00f6zhetetlen hegyez\u00f5. Fekete \u00e9s barna sz\u00ednekben.","breadcrumb":{"@id":"https:\/\/www.eveline.hu\/2016\/eveline-kozmetikumok-szepsegapolas\/smink\/szem\/szemceruzak\/beauty-line-szemceruza\/#breadcrumb"},"inLanguage":"hu","potentialAction":[{"@type":"ReadAction","target":["https:\/\/www.eveline.hu\/2016\/eveline-kozmetikumok-szepsegapolas\/smink\/szem\/szemceruzak\/beauty-line-szemceruza\/"]}]},{"@type":"ImageObject","inLanguage":"hu","@id":"https:\/\/www.eveline.hu\/2016\/eveline-kozmetikumok-szepsegapolas\/smink\/szem\/szemceruzak\/beauty-line-szemceruza\/#primaryimage","url":"https:\/\/www.eveline.hu\/2016\/wp-content\/uploads\/2016\/01\/501_5901964015145_p_mak_oczy_beauty-_line_eyeliner_l.png","contentUrl":"https:\/\/www.eveline.hu\/2016\/wp-content\/uploads\/2016\/01\/501_5901964015145_p_mak_oczy_beauty-_line_eyeliner_l.png","width":750,"height":750},{"@type":"BreadcrumbList","@id":"https:\/\/www.eveline.hu\/2016\/eveline-kozmetikumok-szepsegapolas\/smink\/szem\/szemceruzak\/beauty-line-szemceruza\/#breadcrumb","itemListElement":[{"@type":"ListItem","position":1,"name":"Home","item":"https:\/\/www.eveline.hu\/2016\/"},{"@type":"ListItem","position":2,"name":"Term\u00e9kek","item":"https:\/\/www.eveline.hu\/2016\/shop\/"},{"@type":"ListItem","position":3,"name":"BEAUTY LINE szemceruza fekete \u00e9s barna"}]},{"@type":"WebSite","@id":"https:\/\/www.eveline.hu\/2016\/#website","url":"https:\/\/www.eveline.hu\/2016\/","name":"Eveline Cosmetics Magyarorsz\u00e1g","description":"Min\u0151s\u00e9gi kozmetikumok Lengyelorsz\u00e1gb\u00f3l","potentialAction":[{"@type":"SearchAction","target":{"@type":"EntryPoint","urlTemplate":"https:\/\/www.eveline.hu\/2016\/?s={search_term_string}"},"query-input":"required name=search_term_string"}],"inLanguage":"hu"}]}},"_links":{"self":[{"href":"https:\/\/www.eveline.hu\/2016\/wp-json\/wp\/v2\/product\/20734"}],"collection":[{"href":"https:\/\/www.eveline.hu\/2016\/wp-json\/wp\/v2\/product"}],"about":[{"href":"https:\/\/www.eveline.hu\/2016\/wp-json\/wp\/v2\/types\/product"}],"replies":[{"embeddable":true,"href":"https:\/\/www.eveline.hu\/2016\/wp-json\/wp\/v2\/comments?post=20734"}],"wp:featuredmedia":[{"embeddable":true,"href":"https:\/\/www.eveline.hu\/2016\/wp-json\/wp\/v2\/media\/21389"}],"wp:attachment":[{"href":"https:\/\/www.eveline.hu\/2016\/wp-json\/wp\/v2\/media?parent=20734"}],"wp:term":[{"taxonomy":"product_cat","embeddable":true,"href":"https:\/\/www.eveline.hu\/2016\/wp-json\/wp\/v2\/product_cat?post=20734"},{"taxonomy":"product_tag","embeddable":true,"href":"https:\/\/www.eveline.hu\/2016\/wp-json\/wp\/v2\/product_tag?post=20734"}],"curies":[{"name":"wp","href":"https:\/\/api.w.org\/{rel}","templated":true}]}}

BEAUTY LINE szemceruza fekete és barna

<p>A ceruza használata komfortos, könnyen felvihető és nem kenődik szét, mivel ideális összetétellel rendelkezik. A ceruza végére beépítve lett egy nélkülözhetetlen hegyező. Tökéletesen hegyez, ami által megőrzi a hegy optimális élességét, aminek köszönhetően a használata könnyű, a ceruza vonalai tökéletesek.</p>
<p>&nbsp;</p>
<p>összetevők: Ricinus Communis Seed Oil, Microcrystalline Wax, Petrolatum, Paraffin, Lanolin, Ethylhexyl Palmitate, Copernicia Cerifera Cera, Cera Alba, Propylparaben, BHT.May contain (+/-): CI 77499, CI 77891, CI 77492, CI 77491.</p>

<p>A ceruza használata komfortos, könnyen felvihető és nem kenődik szét, mivel ideális összetétellel rendelkezik. A ceruza végére beépítve lett egy nélkülözhetetlen hegyező.</p>

<!-- This site is optimized with the Yoast SEO plugin v22.2 - https://yoast.com/wordpress/plugins/seo/ -->
<title>BEAUTY LINE szemceruza</title>
<meta name="description" content="A ceruza használata komfortos, könnyen felvihetõ és nem kenõdik szét, mivel ideális összetétellel rendelkezik. A ceruza végére beépítve lett egy nélkülözhetetlen hegyezõ. Fekete és barna színekben." />
<meta name="robots" content="index, follow, max-snippet:-1, max-image-preview:large, max-video-preview:-1" />
<link rel="canonical" href="https://www.eveline.hu/2016/eveline-kozmetikumok-szepsegapolas/smink/szem/szemceruzak/beauty-line-szemceruza/" />
<meta property="og:locale" content="hu_HU" />
<meta property="og:type" content="article" />
<meta property="og:title" content="Eveline kozmetikumok - BEAUTY LINE szemceruza" />
<meta property="og:description" content="A ceruza használata komfortos, könnyen felvihetõ és nem kenõdik szét, mivel ideális összetétellel rendelkezik. A ceruza végére beépítve lett egy nélkülözhetetlen hegyezõ. Fekete és barna színekben." />
<meta property="og:url" content="https://www.eveline.hu/2016/eveline-kozmetikumok-szepsegapolas/smink/szem/szemceruzak/beauty-line-szemceruza/" />
<meta property="og:site_name" content="Eveline Cosmetics Magyarország" />
<meta property="article:modified_time" content="2025-04-13T19:17:42+00:00" />
<meta property="og:image" content="https://www.eveline.hu/2016/wp-content/uploads/2016/01/501_5901964015145_p_mak_oczy_beauty-_line_eyeliner_l.png" />
	<meta property="og:image:width" content="750" />
	<meta property="og:image:height" content="750" />
	<meta property="og:image:type" content="image/png" />
<meta name="twitter:card" content="summary_large_image" />
<meta name="twitter:title" content="Eveline kozmetikumok - BEAUTY LINE szemceruza" />
<meta name="twitter:label1" content="Becsült olvasási idő" />
	<meta name="twitter:data1" content="1 perc" />
<script type="application/ld+json" class="yoast-schema-graph">{"@context":"https://schema.org","@graph":[{"@type":"WebPage","@id":"https://www.eveline.hu/2016/eveline-kozmetikumok-szepsegapolas/smink/szem/szemceruzak/beauty-line-szemceruza/","url":"https://www.eveline.hu/2016/eveline-kozmetikumok-szepsegapolas/smink/szem/szemceruzak/beauty-line-szemceruza/","name":"BEAUTY LINE szemceruza","isPartOf":{"@id":"https://www.eveline.hu/2016/#website"},"primaryImageOfPage":{"@id":"https://www.eveline.hu/2016/eveline-kozmetikumok-szepsegapolas/smink/szem/szemceruzak/beauty-line-szemceruza/#primaryimage"},"image":{"@id":"https://www.eveline.hu/2016/eveline-kozmetikumok-szepsegapolas/smink/szem/szemceruzak/beauty-line-szemceruza/#primaryimage"},"thumbnailUrl":"https://www.eveline.hu/2016/wp-content/uploads/2016/01/501_5901964015145_p_mak_oczy_beauty-_line_eyeliner_l.png","datePublished":"2016-01-28T16:58:18+00:00","dateModified":"2025-04-13T19:17:42+00:00","description":"A ceruza használata komfortos, könnyen felvihetõ és nem kenõdik szét, mivel ideális összetétellel rendelkezik. A ceruza végére beépítve lett egy nélkülözhetetlen hegyezõ. Fekete és barna színekben.","breadcrumb":{"@id":"https://www.eveline.hu/2016/eveline-kozmetikumok-szepsegapolas/smink/szem/szemceruzak/beauty-line-szemceruza/#breadcrumb"},"inLanguage":"hu","potentialAction":[{"@type":"ReadAction","target":["https://www.eveline.hu/2016/eveline-kozmetikumok-szepsegapolas/smink/szem/szemceruzak/beauty-line-szemceruza/"]}]},{"@type":"ImageObject","inLanguage":"hu","@id":"https://www.eveline.hu/2016/eveline-kozmetikumok-szepsegapolas/smink/szem/szemceruzak/beauty-line-szemceruza/#primaryimage","url":"https://www.eveline.hu/2016/wp-content/uploads/2016/01/501_5901964015145_p_mak_oczy_beauty-_line_eyeliner_l.png","contentUrl":"https://www.eveline.hu/2016/wp-content/uploads/2016/01/501_5901964015145_p_mak_oczy_beauty-_line_eyeliner_l.png","width":750,"height":750},{"@type":"BreadcrumbList","@id":"https://www.eveline.hu/2016/eveline-kozmetikumok-szepsegapolas/smink/szem/szemceruzak/beauty-line-szemceruza/#breadcrumb","itemListElement":[{"@type":"ListItem","position":1,"name":"Home","item":"https://www.eveline.hu/2016/"},{"@type":"ListItem","position":2,"name":"Termékek","item":"https://www.eveline.hu/2016/shop/"},{"@type":"ListItem","position":3,"name":"BEAUTY LINE szemceruza fekete és barna"}]},{"@type":"WebSite","@id":"https://www.eveline.hu/2016/#website","url":"https://www.eveline.hu/2016/","name":"Eveline Cosmetics Magyarország","description":"Minőségi kozmetikumok Lengyelországból","potentialAction":[{"@type":"SearchAction","target":{"@type":"EntryPoint","urlTemplate":"https://www.eveline.hu/2016/?s={search_term_string}"},"query-input":"required name=search_term_string"}],"inLanguage":"hu"}]}</script>
<!-- / Yoast SEO plugin. -->

A ceruza használata komfortos, könnyen felvihetõ és nem kenõdik szét, mivel ideális összetétellel rendelkezik. A ceruza végére beépítve lett egy nélkülözhetetlen hegyezõ. Fekete és barna színekben.

Eveline Cosmetics Magyarország

Termékek

Minőségi kozmetikumok Lengyelországból
